000
CDUS42 KMFL 210821
CLIFLL


CLIMATE REPORT
NATIONAL WEATHER SERVICE MIAMI, FL
420 AM EDT SUN APR 21 2019


...................................

...THE FORT LAUDERDALE CLIMATE SUMMARY FOR APRIL 20 2019...

CLIMATE NORMAL PERIOD 1981 TO 2010
CLIMATE RECORD PERIOD 1912 TO 2019


WEATHER ITEM   OBSERVED TIME   RECORD YEAR NORMAL DEPARTURE LAST
                VALUE   (LST)  VALUE       VALUE  FROM      YEAR
                                                  NORMAL
..................................................................
TEMPERATURE (F)
 YESTERDAY
  MAXIMUM         83    417 PM  90    2006  83      0       85
  MINIMUM         67   1159 PM  55    1983  70     -3       67
  AVERAGE         75                        77     -2       76

PRECIPITATION (IN)
  YESTERDAY        0.00          1.54 1992   0.11  -0.11     0.00
  MONTH TO DATE    1.14                      2.08  -0.94     0.97
  SINCE NOV 1     14.34                     17.73  -3.39    11.72
  SINCE JAN 1      9.97                     12.03  -2.06     5.09

SNOWFALL (IN)
  YESTERDAY        0.0
  MONTH TO DATE    0.0
  SINCE MAR 1      0.0
  SINCE JUL 1      0.0
  SNOW DEPTH       0

DEGREE DAYS
 HEATING
  YESTERDAY        0                         0      0        0
  MONTH TO DATE    0                         0      0        0
  SINCE MAR 1      4                         9     -5       15
  SINCE JUL 1     72                       111    -39      141

 COOLING
  YESTERDAY       10                        12     -2       11
  MONTH TO DATE  270                       213     57      237
  SINCE MAR 1    555                       467     88      423
  SINCE JAN 1    990                       823    167      847
..................................................................


WIND (MPH)
  HIGHEST WIND SPEED    20   HIGHEST WIND DIRECTION     W (270)
  HIGHEST GUST SPEED    26   HIGHEST GUST DIRECTION     W (270)
  AVERAGE WIND SPEED     9.0


SKY COVER
  AVERAGE SKY COVER 0.6


WEATHER CONDITIONS
 THE FOLLOWING WEATHER WAS RECORDED YESTERDAY.
  NO SIGNIFICANT WEATHER WAS OBSERVED.


RELATIVE HUMIDITY (PERCENT)
 HIGHEST    84
 LOWEST     37
 AVERAGE    61

..........................................................


THE FORT LAUDERDALE CLIMATE NORMALS FOR TODAY
                         NORMAL    RECORD    YEAR
 MAXIMUM TEMPERATURE (F)   83        89      1959
                                             1922
 MINIMUM TEMPERATURE (F)   70        49      1953


SUNRISE AND SUNSET
APRIL 21 2019.........SUNRISE   652 AM EDT   SUNSET   747 PM EDT
APRIL 22 2019.........SUNRISE   651 AM EDT   SUNSET   747 PM EDT


-  INDICATES NEGATIVE NUMBERS.
R  INDICATES RECORD WAS SET OR TIED.
MM INDICATES DATA IS MISSING.
T  INDICATES TRACE AMOUNT.




$$
