000
CDUS42 KILM 200847
CLIFLO


CLIMATE REPORT
NATIONAL WEATHER SERVICE WILMINGTON NC
447 AM EDT SAT APR 20 2019


...................................

...THE FLORENCE SOUTH  CAROLINA CLIMATE SUMMARY FOR APRIL 19 2019...

CLIMATE NORMAL PERIOD 1981 TO 2010
CLIMATE RECORD PERIOD 1948 TO 2019


WEATHER ITEM   OBSERVED TIME   RECORD YEAR NORMAL DEPARTURE LAST
                VALUE   (LST)  VALUE       VALUE  FROM      YEAR
                                                  NORMAL
..................................................................
TEMPERATURE (F)
 YESTERDAY
  MAXIMUM         81   1257 PM  92    1995  77      4       83
  MINIMUM         62   1159 PM  32    1983  52     10       51
  AVERAGE         72                        64      8       67

PRECIPITATION (IN)
  YESTERDAY        0.79          1.14 2014   0.08   0.71     0.00
  MONTH TO DATE    3.87                      1.63   2.24     3.48
  SINCE MAR 1      6.40                      4.96   1.44     6.38
  SINCE JAN 1     10.91                     11.11  -0.20     9.42

SNOWFALL (IN)
  YESTERDAY       MM            MM      MM   0.0
  MONTH TO DATE   MM                         0.0
  SINCE MAR 1     MM                         0.1
  SINCE JUL 1     MM                         1.5
  SNOW DEPTH      MM

DEGREE DAYS
 HEATING
  YESTERDAY        0                         3     -3        0
  MONTH TO DATE   65                        95    -30      111
  SINCE MAR 1    379                       405    -26      494
  SINCE JUL 1   2125                      2471   -346     2388

 COOLING
  YESTERDAY        7                         2      5        2
  MONTH TO DATE   66                        35     31       35
  SINCE MAR 1     78                        53     25       42
  SINCE JAN 1     92                        59     33       94
..................................................................


WIND (MPH)
  RESULTANT WIND SPEED  11   RESULTANT WIND DIRECTION   S (170)
  HIGHEST WIND SPEED    29   HIGHEST WIND DIRECTION     S (180)
  HIGHEST GUST SPEED    37   HIGHEST GUST DIRECTION     S (180)
  AVERAGE WIND SPEED    13.6


SKY COVER
  POSSIBLE SUNSHINE  MM
  AVERAGE SKY COVER 0.9


WEATHER CONDITIONS
 THE FOLLOWING WEATHER WAS RECORDED YESTERDAY.
  THUNDERSTORM
  HEAVY RAIN
  RAIN
  LIGHT RAIN
  FOG


RELATIVE HUMIDITY (PERCENT)
 HIGHEST    97           300 AM
 LOWEST     87          1200 AM
 AVERAGE    92

..........................................................


THE FLORENCE SOUTH  CAROLINA CLIMATE NORMALS FOR TODAY
                         NORMAL    RECORD    YEAR
 MAXIMUM TEMPERATURE (F)   77        93      2002
 MINIMUM TEMPERATURE (F)   52        27      1983


SUNRISE AND SUNSET
APRIL 20 2019.........SUNRISE   642 AM EDT   SUNSET   754 PM EDT
APRIL 21 2019.........SUNRISE   641 AM EDT   SUNSET   755 PM EDT


-  INDICATES NEGATIVE NUMBERS.
R  INDICATES RECORD WAS SET OR TIED.
MM INDICATES DATA IS MISSING.
T  INDICATES TRACE AMOUNT.




$$
