000
CDUS42 KILM 160840
CLIFLO


CLIMATE REPORT
NATIONAL WEATHER SERVICE WILMINGTON NC
440 AM EDT SUN JUN 16 2019


...................................

...THE FLORENCE SOUTH  CAROLINA CLIMATE SUMMARY FOR JUNE 15 2019...

CLIMATE NORMAL PERIOD 1981 TO 2010
CLIMATE RECORD PERIOD 1948 TO 2019


WEATHER ITEM   OBSERVED TIME   RECORD YEAR NORMAL DEPARTURE LAST
                VALUE   (LST)  VALUE       VALUE  FROM      YEAR
                                                  NORMAL
..................................................................
TEMPERATURE (F)
 YESTERDAY
  MAXIMUM         87    513 PM 104    1981  88     -1       94
  MINIMUM         57    513 AM  55    1959  68    -11       72
  AVERAGE         72                        78     -6       83

PRECIPITATION (IN)
  YESTERDAY        0.00          3.90 1965   0.16  -0.16     0.00
  MONTH TO DATE    2.73                      2.34   0.39     2.21
  SINCE JUN 1      2.73                      2.34   0.39     2.21
  SINCE JAN 1     16.07                     17.70  -1.63    18.24

DEGREE DAYS
 HEATING
  YESTERDAY        0                         0      0        0
  MONTH TO DATE    0                         0      0        0
  SINCE JUN 1      0                         0      0        0
  SINCE JUL 1   2154                      2523   -369     2426

 COOLING
  YESTERDAY        7                        13     -6       18
  MONTH TO DATE  187                       178      9      226
  SINCE JUN 1    187                       178      9      226
  SINCE JAN 1    711                       485    226      685
..................................................................


WIND (MPH)
  RESULTANT WIND SPEED   3   RESULTANT WIND DIRECTION   S (160)
  HIGHEST WIND SPEED    13   HIGHEST WIND DIRECTION     S (160)
  HIGHEST GUST SPEED    15   HIGHEST GUST DIRECTION    SE (130)
  AVERAGE WIND SPEED     4.3


SKY COVER
  POSSIBLE SUNSHINE  MM
  AVERAGE SKY COVER 0.0


WEATHER CONDITIONS
 THE FOLLOWING WEATHER WAS RECORDED YESTERDAY.
  NO SIGNIFICANT WEATHER WAS OBSERVED.


RELATIVE HUMIDITY (PERCENT)
 HIGHEST    87           600 AM
 LOWEST     30           300 PM
 AVERAGE    59

..........................................................


THE FLORENCE SOUTH  CAROLINA CLIMATE NORMALS FOR TODAY
                         NORMAL    RECORD    YEAR
 MAXIMUM TEMPERATURE (F)   89       105      1981
 MINIMUM TEMPERATURE (F)   68        54      1961


SUNRISE AND SUNSET
JUNE 16 2019..........SUNRISE   607 AM EDT   SUNSET   832 PM EDT
JUNE 17 2019..........SUNRISE   607 AM EDT   SUNSET   833 PM EDT


-  INDICATES NEGATIVE NUMBERS.
R  INDICATES RECORD WAS SET OR TIED.
MM INDICATES DATA IS MISSING.
T  INDICATES TRACE AMOUNT.




$$
