000
CDUS42 KTBW 162116
CLIFMY


CLIMATE REPORT
NATIONAL WEATHER SERVICE TAMPA BAY FL
515 PM EDT TUE JUL 16 2019


...................................

...THE FORT MYERS CLIMATE SUMMARY FOR JULY 16 2019...
VALID TODAY AS OF 0500 PM LOCAL TIME.

CLIMATE NORMAL PERIOD 1981 TO 2010
CLIMATE RECORD PERIOD 1902 TO 2019


WEATHER ITEM   OBSERVED TIME   RECORD YEAR NORMAL DEPARTURE LAST
                VALUE   (LST)  VALUE       VALUE  FROM      YEAR
                                                  NORMAL
..................................................................
TEMPERATURE (F)
 TODAY
  MAXIMUM         95    135 PM 100    1998  92      3       93
  MINIMUM         77    359 PM  69    1928  75      2       76
                                      1904
  AVERAGE         86                        83      3       85

PRECIPITATION (IN)
  TODAY            1.56          1.58 1932   0.27   1.29     0.01
  MONTH TO DATE    7.18                      4.72   2.46     6.02
  SINCE JUN 1     13.30                     14.81  -1.51    13.54
  SINCE JAN 1     29.60                     26.61   2.99    29.84

DEGREE DAYS
 HEATING
  TODAY            0                         0      0        0
  MONTH TO DATE    0                         0      0        0
  SINCE JUN 1      0                         0      0        0
  SINCE JUL 1      0                         0      0        0

 COOLING
  TODAY           21                        18      3       20
  MONTH TO DATE  303                       288     15      288
  SINCE JUN 1    760                       813    -53      737
  SINCE JAN 1   2070                      1879    191     2056
..................................................................


WIND (MPH)
  RESULTANT WIND SPEED   4   RESULTANT WIND DIRECTION   E (110)
  HIGHEST WIND SPEED    23   HIGHEST WIND DIRECTION     W (290)
  HIGHEST GUST SPEED    28   HIGHEST GUST DIRECTION     W (280)
  AVERAGE WIND SPEED     5.0


SKY COVER
  POSSIBLE SUNSHINE  MM
  AVERAGE SKY COVER 0.2


WEATHER CONDITIONS
 THE FOLLOWING WEATHER WAS RECORDED TODAY.
  THUNDERSTORM
  HEAVY RAIN
  LIGHT RAIN
  FOG


RELATIVE HUMIDITY (PERCENT)
 HIGHEST    94           500 AM
 LOWEST     52           200 PM

..........................................................


THE FORT MYERS CLIMATE NORMALS FOR TOMORROW
                         NORMAL    RECORD    YEAR
 MAXIMUM TEMPERATURE (F)   92        96      1992
                                             1986
 MINIMUM TEMPERATURE (F)   75        69      1920
                                             1904


SUNRISE AND SUNSET
JULY 16 2019..........SUNRISE   644 AM EDT   SUNSET   823 PM EDT
JULY 17 2019..........SUNRISE   645 AM EDT   SUNSET   822 PM EDT


-  INDICATES NEGATIVE NUMBERS.
R  INDICATES RECORD WAS SET OR TIED.
MM INDICATES DATA IS MISSING.
T  INDICATES TRACE AMOUNT.




$$


&&
------------------------------------------------------------------
******************** SUPPLEMENTAL DATA ***************************

...GULF WATER TEMPERATURE AT FORT MYERS BEACH 88 DEGREES
