000
CDUS42 KTBW 240830
CLIFMY


CLIMATE REPORT
NATIONAL WEATHER SERVICE TAMPA BAY FL
428 AM EDT WED APR 24 2019


...................................

...THE FORT MYERS CLIMATE SUMMARY FOR APRIL 23 2019...

CLIMATE NORMAL PERIOD 1981 TO 2010
CLIMATE RECORD PERIOD 1902 TO 2019


WEATHER ITEM   OBSERVED TIME   RECORD YEAR NORMAL DEPARTURE LAST
                VALUE   (LST)  VALUE       VALUE  FROM      YEAR
                                                  NORMAL
..................................................................
TEMPERATURE (F)
 YESTERDAY
  MAXIMUM         85    328 PM  94    1944  86     -1       87
  MINIMUM         60    550 AM  50    1993  64     -4       70
  AVERAGE         73                        75     -2       79

PRECIPITATION (IN)
  YESTERDAY        0.00          2.10 2017   0.06  -0.06     0.00
  MONTH TO DATE    2.28                      1.69   0.59     0.98
  SINCE MAR 1      3.17                      4.57  -1.40     1.49
  SINCE JAN 1     10.73                      8.66   2.07     3.53

DEGREE DAYS
 HEATING
  YESTERDAY        0                         0      0        0
  MONTH TO DATE    0                         0      0        0
  SINCE MAR 1     16                        24     -8       22
  SINCE JUL 1    196                       284    -88      208

 COOLING
  YESTERDAY        8                        10     -2       14
  MONTH TO DATE  231                       194     37      278
  SINCE MAR 1    435                       370     65      424
  SINCE JAN 1    736                       555    181      788
..................................................................


WIND (MPH)
  RESULTANT WIND SPEED   5   RESULTANT WIND DIRECTION   E (70)
  HIGHEST WIND SPEED    15   HIGHEST WIND DIRECTION    SE (150)
  HIGHEST GUST SPEED    20   HIGHEST GUST DIRECTION    SE (150)
  AVERAGE WIND SPEED     6.1


SKY COVER
  POSSIBLE SUNSHINE  MM
  AVERAGE SKY COVER 0.2


WEATHER CONDITIONS
 THE FOLLOWING WEATHER WAS RECORDED YESTERDAY.
  NO SIGNIFICANT WEATHER WAS OBSERVED.


RELATIVE HUMIDITY (PERCENT)
 HIGHEST    97           600 AM
 LOWEST     40           200 PM

..........................................................


THE FORT MYERS CLIMATE NORMALS FOR TODAY
                         NORMAL    RECORD    YEAR
 MAXIMUM TEMPERATURE (F)   86        92      2002
                                             1975
                                             1963
 MINIMUM TEMPERATURE (F)   64        51      1986


SUNRISE AND SUNSET
APRIL 24 2019.........SUNRISE   656 AM EDT   SUNSET   756 PM EDT
APRIL 25 2019.........SUNRISE   655 AM EDT   SUNSET   757 PM EDT


-  INDICATES NEGATIVE NUMBERS.
R  INDICATES RECORD WAS SET OR TIED.
MM INDICATES DATA IS MISSING.
T  INDICATES TRACE AMOUNT.




$$


&&
------------------------------------------------------------------
******************** SUPPLEMENTAL DATA ***************************

...GULF WATER TEMPERATURE AT FORT MYERS BEACH 75 DEGREES
