000
CDUS43 KDTX 190555
CLIFNT


CLIMATE REPORT
NATIONAL WEATHER SERVICE DETROIT/PONTIAC MI
155 AM EDT FRI APR 19 2019


...................................

...THE FLINT MI CLIMATE SUMMARY FOR APRIL 18 2019...

CLIMATE NORMAL PERIOD 1981 TO 2010
CLIMATE RECORD PERIOD 1921 TO 2019


WEATHER ITEM   OBSERVED TIME   RECORD YEAR NORMAL DEPARTURE LAST
                VALUE   (LST)  VALUE       VALUE  FROM      YEAR
                                                  NORMAL
..................................................................
TEMPERATURE (F)
 YESTERDAY
  MAXIMUM         66    316 PM  87    2004  59      7       41
  MINIMUM         43   1159 PM  22    1990  36      7       30
                                      1921
  AVERAGE         55                        48      7       36

PRECIPITATION (IN)
  YESTERDAY        0.50          2.69 1975   0.10   0.40     0.09
  MONTH TO DATE    1.74                      1.75  -0.01     3.06
  SINCE MAR 1      4.08                      3.66   0.42     4.17
  SINCE JAN 1      8.38                      6.77   1.61    10.05

SNOWFALL (IN)
  YESTERDAY       MM             1.6  2011   0.1   MM        0.4
  MONTH TO DATE    2.1                       1.9    0.2      7.9
  SINCE MAR 1      4.6                       8.4   -3.8     19.6
  SINCE JUL 1     52.4                      47.0    5.4     85.3
  SNOW DEPTH       0

DEGREE DAYS
 HEATING
  YESTERDAY       10                        18     -8       29
  MONTH TO DATE  353                       377    -24      547
  SINCE MAR 1   1385                      1334     51     1578
  SINCE JUL 1   6484                      6422     62     6528

 COOLING
  YESTERDAY        0                         0      0        0
  MONTH TO DATE    0                         0      0        0
  SINCE MAR 1      0                         0      0        0
  SINCE JAN 1      0                         0      0        0
..................................................................


WIND (MPH)
  HIGHEST WIND SPEED    23   HIGHEST WIND DIRECTION     W (290)
  HIGHEST GUST SPEED    29   HIGHEST GUST DIRECTION    NW (300)
  AVERAGE WIND SPEED    12.5


SKY COVER
  POSSIBLE SUNSHINE  MM
  AVERAGE SKY COVER 0.8


WEATHER CONDITIONS
 THE FOLLOWING WEATHER WAS RECORDED YESTERDAY.
  HEAVY RAIN
  RAIN
  LIGHT RAIN
  FOG


RELATIVE HUMIDITY (PERCENT)
 HIGHEST    93           500 PM
 LOWEST     64           100 AM
 AVERAGE    79

..........................................................


THE FLINT MI CLIMATE NORMALS FOR TODAY
                         NORMAL    RECORD    YEAR
 MAXIMUM TEMPERATURE (F)   59        83      2005
 MINIMUM TEMPERATURE (F)   37        22      1926


SUNRISE AND SUNSET
APRIL 19 2019.........SUNRISE   647 AM EDT   SUNSET   822 PM EDT
APRIL 20 2019.........SUNRISE   646 AM EDT   SUNSET   823 PM EDT


-  INDICATES NEGATIVE NUMBERS.
R  INDICATES RECORD WAS SET OR TIED.
MM INDICATES DATA IS MISSING.
T  INDICATES TRACE AMOUNT.




$$
