000
CDUS43 KDTX 240536
CLIFNT


CLIMATE REPORT
NATIONAL WEATHER SERVICE DETROIT/PONTIAC MI
136 AM EDT MON JUN 24 2019


...................................

...THE FLINT MI CLIMATE SUMMARY FOR JUNE 23 2019...

CLIMATE NORMAL PERIOD 1981 TO 2010
CLIMATE RECORD PERIOD 1921 TO 2019


WEATHER ITEM   OBSERVED TIME   RECORD YEAR NORMAL DEPARTURE LAST
                VALUE   (LST)  VALUE       VALUE  FROM      YEAR
                                                  NORMAL
..................................................................
TEMPERATURE (F)
 YESTERDAY
  MAXIMUM         81    351 PM  98    1923  80      1       78
  MINIMUM         51    529 AM  44    1963  57     -6       63
  AVERAGE         66                        69     -3       71

PRECIPITATION (IN)
  YESTERDAY        T             0.99 1994   0.10  -0.10     0.00
  MONTH TO DATE    5.23                      2.38   2.85     2.40
  SINCE JUN 1      5.23                      2.38   2.85     2.40
  SINCE JAN 1     18.48                     13.37   5.11    15.46

SNOWFALL (IN)
  YESTERDAY        0.0           0.0    MM   0.0    0.0      0.0
  MONTH TO DATE    0.0                       0.0    0.0      0.0
  SINCE JUN 1      0.0                       0.0    0.0      0.0
  SINCE JUL 1     52.4                      47.4    5.0     85.3
  SNOW DEPTH       0

DEGREE DAYS
 HEATING
  YESTERDAY        0                         1     -1        0
  MONTH TO DATE   52                        59     -7       28
  SINCE JUN 1     52                        59     -7       28
  SINCE JUL 1   7000                      6946     54     6905

 COOLING
  YESTERDAY        1                         5     -4        6
  MONTH TO DATE   32                        74    -42       79
  SINCE JUN 1     32                        74    -42       79
  SINCE JAN 1     41                       106    -65      165
..................................................................


WIND (MPH)
  HIGHEST WIND SPEED    14   HIGHEST WIND DIRECTION    SE (140)
  HIGHEST GUST SPEED    20   HIGHEST GUST DIRECTION    SE (140)
  AVERAGE WIND SPEED     6.1


SKY COVER
  POSSIBLE SUNSHINE  MM
  AVERAGE SKY COVER 0.1


WEATHER CONDITIONS
 THE FOLLOWING WEATHER WAS RECORDED YESTERDAY.
  LIGHT RAIN


RELATIVE HUMIDITY (PERCENT)
 HIGHEST    89           400 AM
 LOWEST     36          1200 PM
 AVERAGE    63

..........................................................


THE FLINT MI CLIMATE NORMALS FOR TODAY
                         NORMAL    RECORD    YEAR
 MAXIMUM TEMPERATURE (F)   80        95      1934
                                             1923
 MINIMUM TEMPERATURE (F)   58        42      1979


SUNRISE AND SUNSET
JUNE 24 2019..........SUNRISE   557 AM EDT   SUNSET   918 PM EDT
JUNE 25 2019..........SUNRISE   557 AM EDT   SUNSET   918 PM EDT


-  INDICATES NEGATIVE NUMBERS.
R  INDICATES RECORD WAS SET OR TIED.
MM INDICATES DATA IS MISSING.
T  INDICATES TRACE AMOUNT.




$$
