000
CDUS42 KMLB 240627
CLIFPR


CLIMATE REPORT
NATIONAL WEATHER SERVICE MELBOURNE FL
227 AM EDT MON JUN 24 2019


...................................

...THE FORT PIERCE CLIMATE SUMMARY FOR JUNE 23 2019...

CLIMATE NORMAL PERIOD 1981 TO 2010
CLIMATE RECORD PERIOD 1901 TO 2019


WEATHER ITEM   OBSERVED TIME   RECORD YEAR NORMAL DEPARTURE LAST
                VALUE   (LST)  VALUE       VALUE  FROM      YEAR
                                                  NORMAL
..................................................................
TEMPERATURE (F)
 YESTERDAY
  MAXIMUM         94   1156 AM  95    2009  89      5       91
                                      2008
  MINIMUM         74    603 AM  65    1995  73      1       75
  AVERAGE         84                        81      3       83

PRECIPITATION (IN)
  YESTERDAY        0.00          2.19 1978   0.23  -0.23     0.19
  MONTH TO DATE    6.11                      5.62   0.49     5.08
  SINCE JUN 1      6.11                      5.62   0.49     5.08
  SINCE JAN 1     19.22                     21.17  -1.95    22.75

SNOWFALL (IN)
  YESTERDAY        0.0
  MONTH TO DATE    0.0
  SINCE JUL 1      0.0

DEGREE DAYS
 HEATING
  YESTERDAY        0                         0      0        0
  MONTH TO DATE    0                         0      0        0
  SINCE JUN 1      0                         0      0        0
  SINCE JUL 1    292                       441   -149      387

 COOLING
  YESTERDAY       19                        16      3       18
  MONTH TO DATE  386                       346     40      359
  SINCE JUN 1    386                       346     40      359
  SINCE JAN 1   1347                      1132    215     1271
..................................................................


WIND (MPH)
  HIGHEST WIND SPEED    12   HIGHEST WIND DIRECTION     E (80)
  HIGHEST GUST SPEED    14   HIGHEST GUST DIRECTION     E (80)
  AVERAGE WIND SPEED     4.2


SKY COVER
  AVERAGE SKY COVER 0.0


WEATHER CONDITIONS
 THE FOLLOWING WEATHER WAS RECORDED YESTERDAY.
  FOG


RELATIVE HUMIDITY (PERCENT)
 HIGHEST    94           400 AM
 LOWEST     49          1200 PM
 AVERAGE    72

..........................................................


THE FORT PIERCE CLIMATE NORMALS FOR TODAY
                         NORMAL    RECORD    YEAR
 MAXIMUM TEMPERATURE (F)   89        98      1918
 MINIMUM TEMPERATURE (F)   73        64      1993


SUNRISE AND SUNSET
JUNE 24 2019..........SUNRISE   628 AM EDT   SUNSET   820 PM EDT
JUNE 25 2019..........SUNRISE   628 AM EDT   SUNSET   820 PM EDT


-  INDICATES NEGATIVE NUMBERS.
R  INDICATES RECORD WAS SET OR TIED.
MM INDICATES DATA IS MISSING.
T  INDICATES TRACE AMOUNT.




$$
