000
CDUS42 KMLB 190628
CLIFPR


CLIMATE REPORT
NATIONAL WEATHER SERVICE MELBOURNE FL
227 AM EDT FRI APR 19 2019


...................................

...THE FORT PIERCE CLIMATE SUMMARY FOR APRIL 18 2019...

CLIMATE NORMAL PERIOD 1981 TO 2010
CLIMATE RECORD PERIOD 1901 TO 2019


WEATHER ITEM   OBSERVED TIME   RECORD YEAR NORMAL DEPARTURE LAST
                VALUE   (LST)  VALUE       VALUE  FROM      YEAR
                                                  NORMAL
..................................................................
TEMPERATURE (F)
 YESTERDAY
  MAXIMUM         86    141 PM  94    2015  82      4       81
  MINIMUM         60    557 AM  46    2007  61     -1       47
  AVERAGE         73                        72      1       64

PRECIPITATION (IN)
  YESTERDAY        0.00          1.42 1934   0.08  -0.08     0.00
  MONTH TO DATE    0.94                      1.56  -0.62     2.06
  SINCE MAR 1      2.45                      5.30  -2.85     3.45
  SINCE JAN 1      7.57                     10.62  -3.05     6.15

SNOWFALL (IN)
  YESTERDAY        0.0
  MONTH TO DATE    0.0
  SINCE JUL 1      0.0

DEGREE DAYS
 HEATING
  YESTERDAY        0                         0      0        1
  MONTH TO DATE    0                        13    -13        4
  SINCE MAR 1     36                        63    -27      110
  SINCE JUL 1    292                       441   -149      387

 COOLING
  YESTERDAY        8                         7      1        0
  MONTH TO DATE  166                       106     60      126
  SINCE MAR 1    300                       224     76      206
  SINCE JAN 1    507                       351    156      473
..................................................................


WIND (MPH)
  HIGHEST WIND SPEED    28   HIGHEST WIND DIRECTION    SE (130)
  HIGHEST GUST SPEED    34   HIGHEST GUST DIRECTION    SE (130)
  AVERAGE WIND SPEED    14.6


SKY COVER
  AVERAGE SKY COVER 0.3


WEATHER CONDITIONS
 THE FOLLOWING WEATHER WAS RECORDED YESTERDAY.
  NO SIGNIFICANT WEATHER WAS OBSERVED.


RELATIVE HUMIDITY (PERCENT)
 HIGHEST    90           600 AM
 LOWEST     61          1100 AM
 AVERAGE    76

..........................................................


THE FORT PIERCE CLIMATE NORMALS FOR TODAY
                         NORMAL    RECORD    YEAR
 MAXIMUM TEMPERATURE (F)   82        92      1988
                                             1907
 MINIMUM TEMPERATURE (F)   61        43      1997


SUNRISE AND SUNSET
APRIL 19 2019.........SUNRISE   653 AM EDT   SUNSET   748 PM EDT
APRIL 20 2019.........SUNRISE   652 AM EDT   SUNSET   749 PM EDT


-  INDICATES NEGATIVE NUMBERS.
R  INDICATES RECORD WAS SET OR TIED.
MM INDICATES DATA IS MISSING.
T  INDICATES TRACE AMOUNT.




$$
