007
CDUS44 KTSA 200855
CLIFSM

CLIMATE REPORT
NATIONAL WEATHER SERVICE TULSA OK
355 AM CDT SAT JUL 20 2019


...................................

...THE FORT SMITH ARKANSAS CLIMATE SUMMARY FOR JULY 19 2019...

CLIMATE NORMAL PERIOD 1981 TO 2010
CLIMATE RECORD PERIOD 1882 TO 2019


WEATHER ITEM   OBSERVED TIME   RECORD YEAR NORMAL DEPARTURE LAST
                VALUE   (LST)  VALUE       VALUE  FROM      YEAR
                                                  NORMAL
..................................................................
TEMPERATURE (F)
 YESTERDAY
  MAXIMUM         97    349 PM 106    2012  93      4      103
                                      1936
                                      1934
  MINIMUM         75    519 AM  62    2014  72      3       76
                                      1984
  AVERAGE         86                        83      3       90

PRECIPITATION (IN)
  YESTERDAY        0.00          2.84 1908   0.10  -0.10     0.00
  MONTH TO DATE    3.05                      2.08   0.97     0.39
  SINCE JUN 1     11.52                      6.36   5.16     5.13
  SINCE JAN 1     38.09                     25.55  12.54    23.09

DEGREE DAYS
 COOLING
  YESTERDAY       21                        18      3       25
  MONTH TO DATE  334                       322     12      400
  SINCE JUN 1    729                       707     22      927
  SINCE JAN 1   1021                       951     70     1318
..................................................................


WIND (MPH)
  HIGHEST WIND SPEED    16   HIGHEST WIND DIRECTION    SW (210)
  HIGHEST GUST SPEED    22   HIGHEST GUST DIRECTION    SW (210)
  AVERAGE WIND SPEED     6.2


SKY COVER
  POSSIBLE SUNSHINE  MM
  AVERAGE SKY COVER 0.0


WEATHER CONDITIONS
 THE FOLLOWING WEATHER WAS RECORDED YESTERDAY.
  NO SIGNIFICANT WEATHER WAS OBSERVED.


RELATIVE HUMIDITY (PERCENT)
 HIGHEST    94           300 AM
 LOWEST     48           100 PM
 AVERAGE    71

..........................................................


THE FORT SMITH ARKANSAS CLIMATE NORMALS FOR TODAY
                         NORMAL    RECORD    YEAR
 MAXIMUM TEMPERATURE (F)   93       108      2018
                                             2012
 MINIMUM TEMPERATURE (F)   72        59      1947


SUNRISE AND SUNSET
JULY 20 2019..........SUNRISE   617 AM CDT   SUNSET   830 PM CDT
JULY 21 2019..........SUNRISE   618 AM CDT   SUNSET   829 PM CDT


-  INDICATES NEGATIVE NUMBERS.
R  INDICATES RECORD WAS SET OR TIED.
MM INDICATES DATA IS MISSING.
T  INDICATES TRACE AMOUNT.




$$

&&
...........................................................

THE ARKANSAS RIVER AT VAN BUREN

                   OBSERVED      24 HOUR     24 HOUR
                    VALUE        CHANGE      FORECAST

 STAGE (FEET)
  THIS MORNING       20.8         -0.3

 MEAN FLOW (CFS)
  TODAY                                        14795
...........................................................
ALL DATA MEASURED AT THE FORT SMITH REGIONAL AIRPORT
