796
CDUS44 KTSA 202118
CLIFSM

CLIMATE REPORT
NATIONAL WEATHER SERVICE TULSA OK
418 PM CDT FRI APR 20 2018


...................................

...THE FORT SMITH ARKANSAS CLIMATE SUMMARY FOR APRIL 20 2018...
VALID TODAY AS OF 0400 PM LOCAL TIME.

CLIMATE NORMAL PERIOD 1981 TO 2010
CLIMATE RECORD PERIOD 1882 TO 2018


WEATHER ITEM   OBSERVED TIME   RECORD YEAR NORMAL DEPARTURE LAST
                VALUE   (LST)  VALUE       VALUE  FROM      YEAR
                                                  NORMAL
..................................................................
TEMPERATURE (F)
 TODAY
  MAXIMUM         68    259 PM  94    1987  75     -7       83
  MINIMUM         41    616 AM  35    1978  51    -10       63
                                      1953
  AVERAGE         55                        63     -8       73

PRECIPITATION (IN)
  TODAY            0.00          2.13 1928   0.15  -0.15      T
  MONTH TO DATE    2.42                      2.72  -0.30     2.03
  SINCE MAR 1      5.49                      6.57  -1.08     5.78
  SINCE JAN 1     14.75                     12.14   2.61    10.60

SNOWFALL (IN)
  TODAY            0.0                                       0.0
  MONTH TO DATE    0.0                                       0.0
  SINCE MAR 1      0.0                                       0.0
  SINCE JUL 1      T                                         2.0

DEGREE DAYS
 HEATING
  TODAY           10                         4      6        0
  MONTH TO DATE  221                       124     97       32
  SINCE MAR 1    533                       510     23      293
  SINCE JUL 1   3008                      3183   -175     2202

 COOLING
  TODAY            0                         2     -2        8
  MONTH TO DATE    7                        30    -23       70
  SINCE MAR 1     13                        41    -28      104
  SINCE JAN 1     15                        42    -27      120
..................................................................


WIND (MPH)
  HIGHEST WIND SPEED    20   HIGHEST WIND DIRECTION     E (70)
  HIGHEST GUST SPEED    24   HIGHEST GUST DIRECTION     E (110)
  AVERAGE WIND SPEED     8.9


SKY COVER
  POSSIBLE SUNSHINE  MM
  AVERAGE SKY COVER 0.0


WEATHER CONDITIONS
 THE FOLLOWING WEATHER WAS RECORDED TODAY.
  NO SIGNIFICANT WEATHER WAS OBSERVED.


RELATIVE HUMIDITY (PERCENT)
 HIGHEST    82           300 AM
 LOWEST     29           200 PM
 AVERAGE    56

..........................................................


THE FORT SMITH ARKANSAS CLIMATE NORMALS FOR TOMORROW
                         NORMAL    RECORD    YEAR
 MAXIMUM TEMPERATURE (F)   75        91      1965
 MINIMUM TEMPERATURE (F)   51        34      1978


SUNRISE AND SUNSET
APRIL 20 2018.........SUNRISE   639 AM CDT   SUNSET   754 PM CDT
APRIL 21 2018.........SUNRISE   638 AM CDT   SUNSET   755 PM CDT


-  INDICATES NEGATIVE NUMBERS.
R  INDICATES RECORD WAS SET OR TIED.
MM INDICATES DATA IS MISSING.
T  INDICATES TRACE AMOUNT.




$$

&&
...........................................................

THE ARKANSAS RIVER AT VAN BUREN

                   OBSERVED      24 HOUR     24 HOUR
                    VALUE        CHANGE      FORECAST

 STAGE (FEET)
  THIS AFTERNOON     19.6         +0.2

 MEAN FLOW (CFS)
  TODAY                                        1884
...........................................................
ALL DATA MEASURED AT THE FORT SMITH REGIONAL AIRPORT
