000
CDUS44 KTSA 222134
CLIFSM

CLIMATE REPORT
NATIONAL WEATHER SERVICE TULSA OK
417 PM CDT MON APR 22 2019


...................................

...THE FORT SMITH ARKANSAS CLIMATE SUMMARY FOR APRIL 22 2019...
VALID TODAY AS OF 0400 PM LOCAL TIME.

CLIMATE NORMAL PERIOD 1981 TO 2010
CLIMATE RECORD PERIOD 1882 TO 2019


WEATHER ITEM   OBSERVED TIME   RECORD YEAR NORMAL DEPARTURE LAST
                VALUE   (LST)  VALUE       VALUE  FROM      YEAR
                                                  NORMAL
..................................................................
TEMPERATURE (F)
 TODAY
  MAXIMUM         82    259 PM  92    1989  75      7       57
                                      1965
                                      1955
  MINIMUM         58    506 AM  33    1982  52      6       51
  AVERAGE         70                        64      6       54

PRECIPITATION (IN)
  TODAY            0.00          4.30 1885   0.15  -0.15     0.62
  MONTH TO DATE    4.10                      3.02   1.08     3.36
  SINCE MAR 1      6.96                      6.87   0.09     6.43
  SINCE JAN 1     15.95                     12.44   3.51    15.69

SNOWFALL (IN)
  TODAY            0.0                                       0.0
  MONTH TO DATE    0.0                                       0.0
  SINCE MAR 1      T                                         0.0
  SINCE JUL 1      1.0                                        T

DEGREE DAYS
 HEATING
  TODAY            0                         4     -4       11
  MONTH TO DATE  108                       132    -24      238
  SINCE MAR 1    556                       518     38      550
  SINCE JUL 1   3191                      3191      0     3025

 COOLING
  TODAY            5                         2      3        0
  MONTH TO DATE   38                        34      4        7
  SINCE MAR 1     41                        45     -4       13
  SINCE JAN 1     41                        46     -5       15
..................................................................


WIND (MPH)
  HIGHEST WIND SPEED    17   HIGHEST WIND DIRECTION    SW (210)
  HIGHEST GUST SPEED    22   HIGHEST GUST DIRECTION     S (190)
  AVERAGE WIND SPEED     6.9


SKY COVER
  POSSIBLE SUNSHINE  MM
  AVERAGE SKY COVER 0.1


WEATHER CONDITIONS
 THE FOLLOWING WEATHER WAS RECORDED TODAY.
  NO SIGNIFICANT WEATHER WAS OBSERVED.


RELATIVE HUMIDITY (PERCENT)
 HIGHEST    72           400 AM
 LOWEST     37           300 PM
 AVERAGE    55

..........................................................


THE FORT SMITH ARKANSAS CLIMATE NORMALS FOR TOMORROW
                         NORMAL    RECORD    YEAR
 MAXIMUM TEMPERATURE (F)   76        91      1965
                                             1964
 MINIMUM TEMPERATURE (F)   52        36      1893
                                             1884


SUNRISE AND SUNSET
APRIL 22 2019.........SUNRISE   637 AM CDT   SUNSET   756 PM CDT
APRIL 23 2019.........SUNRISE   635 AM CDT   SUNSET   757 PM CDT


-  INDICATES NEGATIVE NUMBERS.
R  INDICATES RECORD WAS SET OR TIED.
MM INDICATES DATA IS MISSING.
T  INDICATES TRACE AMOUNT.




$$

&&
...........................................................

THE ARKANSAS RIVER AT VAN BUREN

                   OBSERVED      24 HOUR     24 HOUR
                    VALUE        CHANGE      FORECAST

 STAGE (FEET)
  THIS AFTERNOON     19.7         +0.3

 MEAN FLOW (CFS)
  TODAY                                        5987
...........................................................
ALL DATA MEASURED AT THE FORT SMITH REGIONAL AIRPORT
