000
CDUS42 KFFC 190818
CLIFTY


CLIMATE REPORT
NATIONAL WEATHER SERVICE PEACHTREE CITY GA
418 AM EDT FRI APR 19 2019


...................................

...THE FULTON COUNTY AIRPORT CLIMATE SUMMARY FOR APRIL 18 2019...

CLIMATE NORMAL PERIOD 1981 TO 2010
CLIMATE RECORD PERIOD 9999 TO 9999


WEATHER ITEM   OBSERVED TIME   RECORD YEAR NORMAL DEPARTURE LAST
                VALUE   (LST)  VALUE       VALUE  FROM      YEAR
                                                  NORMAL
..................................................................
TEMPERATURE (F)
 YESTERDAY
  MAXIMUM         80    448 PM  MM      MM  74      6       85
  MINIMUM         60    712 AM  MM      MM  50     10       45
  AVERAGE         70                        62      8       65

PRECIPITATION (IN)
  YESTERDAY        0.30         MM      MM   0.10   0.20     0.00
  MONTH TO DATE    3.23                      2.17   1.06     1.52
  SINCE MAR 1      6.05                      6.98  -0.93     5.94
  SINCE JAN 1     17.00                     16.15   0.85    13.32

SNOWFALL (IN)
  YESTERDAY        0.0          MM      MM  MM     MM        0.0
  MONTH TO DATE    0.0                      MM     MM        0.0
  SINCE MAR 1      0.0                      MM     MM        0.0
  SINCE JUL 1      0.0                      MM     MM        0.0
  SNOW DEPTH       0

DEGREE DAYS
 HEATING
  YESTERDAY        0                         5     -5        0
  MONTH TO DATE   67                       113    -46      130
  SINCE MAR 1    416                       472    -56      516
  SINCE JUL 1   2549                      2812   -263     2634

 COOLING
  YESTERDAY        5                         1      4        0
  MONTH TO DATE   34                        16     18       11
  SINCE MAR 1     36                        22     14       15
  SINCE JAN 1     43                        22     21       35
..................................................................


WIND (MPH)
  RESULTANT WIND SPEED   9   RESULTANT WIND DIRECTION   S (160)
  HIGHEST WIND SPEED    22   HIGHEST WIND DIRECTION     W (250)
  HIGHEST GUST SPEED    35   HIGHEST GUST DIRECTION    SW (220)
  AVERAGE WIND SPEED     9.6


SKY COVER
  AVERAGE SKY COVER 0.4


WEATHER CONDITIONS
 THE FOLLOWING WEATHER WAS RECORDED YESTERDAY.
  THUNDERSTORM
  HEAVY RAIN
  RAIN
  FOG
  HAZE


RELATIVE HUMIDITY (PERCENT)
 HIGHEST    90           700 AM
 LOWEST     45           300 PM
 AVERAGE    68

..........................................................


THE FULTON COUNTY AIRPORT CLIMATE NORMALS FOR TODAY
                         NORMAL    RECORD    YEAR
 MAXIMUM TEMPERATURE (F)   74        MM        MM
 MINIMUM TEMPERATURE (F)   50        MM        MM


SUNRISE AND SUNSET
APRIL 19 2019.........SUNRISE   703 AM EDT   SUNSET   812 PM EDT
APRIL 20 2019.........SUNRISE   702 AM EDT   SUNSET   813 PM EDT


-  INDICATES NEGATIVE NUMBERS.
R  INDICATES RECORD WAS SET OR TIED.
MM INDICATES DATA IS MISSING.
T  INDICATES TRACE AMOUNT.




$$
