000
CDUS46 KSGX 261222
CLIFUL


CLIMATE REPORT
NATIONAL WEATHER SERVICE SAN DIEGO, CA
522 AM PDT FRI APR 26 2019


...................................

...THE FULLERTON AIRPORT CA CLIMATE SUMMARY FOR APRIL 25 2019...

CLIMATE NORMAL PERIOD 1981 TO 2010
CLIMATE RECORD PERIOD 1998 TO 2019


WEATHER ITEM   OBSERVED TIME   RECORD YEAR NORMAL DEPARTURE LAST
                VALUE   (LST)  VALUE       VALUE  FROM      YEAR
                                                  NORMAL
..................................................................
TEMPERATURE (F)
 YESTERDAY
  MAXIMUM         78   1144 AM  93    2004  74      4       77
  MINIMUM         59   1159 PM  50    2009  54      5       56
  AVERAGE         69                        64      5       67

PRECIPITATION (IN)
  YESTERDAY        0.00          0.20 2014   0.03  -0.03     0.00
  MONTH TO DATE    0.04                      0.74  -0.70     0.02
  SINCE OCT 1     15.87                     13.08   2.79     3.07
  SINCE JAN 1     12.54                      9.18   3.36     2.99

DEGREE DAYS
 HEATING
  YESTERDAY        0                         3     -3        0
  MONTH TO DATE   21                        92    -71       29
  SINCE MAR 1    154                       262   -108      161
  SINCE JUL 1    930                      1184   -254      611

 COOLING
  YESTERDAY        4                         2      2        2
  MONTH TO DATE   51                        23     28       52
  SINCE MAR 1     60                        36     24       55
  SINCE JAN 1     62                        45     17       92
..................................................................


WIND (MPH)
  RESULTANT WIND SPEED   3   RESULTANT WIND DIRECTION  SE (140)
  HIGHEST WIND SPEED    10   HIGHEST WIND DIRECTION    SW (210)
  HIGHEST GUST SPEED    15   HIGHEST GUST DIRECTION     S (170)
  AVERAGE WIND SPEED     4.2


SKY COVER
  POSSIBLE SUNSHINE  MM
  AVERAGE SKY COVER 0.3


WEATHER CONDITIONS
 THE FOLLOWING WEATHER WAS RECORDED YESTERDAY.
  FOG
  HAZE


RELATIVE HUMIDITY (PERCENT)
 HIGHEST    87           100 AM
 LOWEST     46          1200 PM
 AVERAGE    67

..........................................................


THE FULLERTON AIRPORT CA CLIMATE NORMALS FOR TODAY
                         NORMAL    RECORD    YEAR
 MAXIMUM TEMPERATURE (F)   74       101      2004
 MINIMUM TEMPERATURE (F)   54        49      2009


SUNRISE AND SUNSET
APRIL 26 2019.........SUNRISE   608 AM PDT   SUNSET   731 PM PDT
APRIL 27 2019.........SUNRISE   607 AM PDT   SUNSET   732 PM PDT


-  INDICATES NEGATIVE NUMBERS.
R  INDICATES RECORD WAS SET OR TIED.
MM INDICATES DATA IS MISSING.
T  INDICATES TRACE AMOUNT.




$$
