000
CDUS43 KIWX 200537
CLIFWA


CLIMATE REPORT
NATIONAL WEATHER SERVICE NORTHERN INDIANA
136 AM EDT FRI APR 20 2018


...................................

...THE FORT WAYNE CLIMATE SUMMARY FOR APRIL 19 2018...

CLIMATE NORMAL PERIOD 1981 TO 2010
CLIMATE RECORD PERIOD 1897 TO 2018


WEATHER ITEM   OBSERVED TIME   RECORD YEAR NORMAL DEPARTURE LAST
                VALUE   (LST)  VALUE       VALUE  FROM      YEAR
                                                  NORMAL
..................................................................
TEMPERATURE (F)
 YESTERDAY
  MAXIMUM         55    351 PM  86    1985  63     -8       78
  MINIMUM         33    641 AM  21    1983  40     -7       60
  AVERAGE         44                        51     -7       69

PRECIPITATION (IN)
  YESTERDAY        0.11          1.54 1970   0.13  -0.02     0.05
  MONTH TO DATE    2.12                      2.29  -0.17     2.18
  SINCE MAR 1      4.96                      5.00  -0.04     5.99
  SINCE JAN 1     10.58                      9.30   1.28    12.46

SNOWFALL (IN)
  YESTERDAY        0.8 R         0.3  1969   0.0    0.8      0.0
  MONTH TO DATE    2.4                       0.9    1.5      0.4
  SINCE MAR 1      4.5                       5.0   -0.5      3.4
  SINCE JUL 1     32.7                      33.4   -0.7     18.5
  SNOW DEPTH       T

DEGREE DAYS
 HEATING
  YESTERDAY       21                        14      7        0
  MONTH TO DATE  464                       327    137      212
  SINCE MAR 1   1346                      1153    193      996
  SINCE JUL 1   5674                      5751    -77     4690

 COOLING
  YESTERDAY        0                         0      0        4
  MONTH TO DATE    1                         0      1       10
  SINCE MAR 1      1                         0      1       10
  SINCE JAN 1      1                         0      1       10
..................................................................


WIND (MPH)
  HIGHEST WIND SPEED    21   HIGHEST WIND DIRECTION     N (340)
  HIGHEST GUST SPEED    26   HIGHEST GUST DIRECTION     N (340)
  AVERAGE WIND SPEED    12.2


SKY COVER
  AVERAGE SKY COVER 0.3


WEATHER CONDITIONS
 THE FOLLOWING WEATHER WAS RECORDED YESTERDAY.
  LIGHT RAIN
  SNOW
  LIGHT SNOW
  FOG


RELATIVE HUMIDITY (PERCENT)
 HIGHEST    96           300 AM
 LOWEST     41           300 PM
 AVERAGE    69

..........................................................


THE FORT WAYNE CLIMATE NORMALS FOR TODAY
                         NORMAL    RECORD    YEAR
 MAXIMUM TEMPERATURE (F)   63        84      1985
 MINIMUM TEMPERATURE (F)   40        20      1904


SUNRISE AND SUNSET
APRIL 20 2018.........SUNRISE   654 AM EDT   SUNSET   826 PM EDT
APRIL 21 2018.........SUNRISE   653 AM EDT   SUNSET   827 PM EDT


-  INDICATES NEGATIVE NUMBERS.
R  INDICATES RECORD WAS SET OR TIED.
MM INDICATES DATA IS MISSING.
T  INDICATES TRACE AMOUNT.




$$
