000
CDUS43 KIWX 180529
CLIFWA


CLIMATE REPORT
NATIONAL WEATHER SERVICE NORTHERN INDIANA
128 AM EDT TUE JUN 18 2019


...................................

...THE FORT WAYNE CLIMATE SUMMARY FOR JUNE 17 2019...

CLIMATE NORMAL PERIOD 1981 TO 2010
CLIMATE RECORD PERIOD 1897 TO 2019


WEATHER ITEM   OBSERVED TIME   RECORD YEAR NORMAL DEPARTURE LAST
                VALUE   (LST)  VALUE       VALUE  FROM      YEAR
                                                  NORMAL
..................................................................
TEMPERATURE (F)
 YESTERDAY
  MAXIMUM         76    309 PM  98    1994  82     -6       95
  MINIMUM         62    715 AM  43    1899  60      2       71
  AVERAGE         69                        71     -2       83

PRECIPITATION (IN)
  YESTERDAY        T             1.86 1992   0.13  -0.13     0.00
  MONTH TO DATE    1.00                      2.50  -1.50     1.32
  SINCE JUN 1      1.00                      2.50  -1.50     1.32
  SINCE JAN 1     18.87                     17.30   1.57    15.34

DEGREE DAYS
 HEATING
  YESTERDAY        0                         1     -1        0
  MONTH TO DATE   18                        26     -8        1
  SINCE JUN 1     18                        26     -8        1
  SINCE JUL 1   5865                      6098   -233     5870

 COOLING
  YESTERDAY        4                         6     -2       18
  MONTH TO DATE   60                        81    -21      127
  SINCE JUN 1     60                        81    -21      127
  SINCE JAN 1    128                       138    -10      271
..................................................................


WIND (MPH)
  HIGHEST WIND SPEED    10   HIGHEST WIND DIRECTION    NE (60)
  HIGHEST GUST SPEED    13   HIGHEST GUST DIRECTION    NE (60)
  AVERAGE WIND SPEED     6.0


SKY COVER
  AVERAGE SKY COVER 1.0


WEATHER CONDITIONS
 THE FOLLOWING WEATHER WAS RECORDED YESTERDAY.
  LIGHT RAIN
  FOG
  HAZE


RELATIVE HUMIDITY (PERCENT)
 HIGHEST    93          1200 AM
 LOWEST     69           200 PM
 AVERAGE    81

..........................................................


THE FORT WAYNE CLIMATE NORMALS FOR TODAY
                         NORMAL    RECORD    YEAR
 MAXIMUM TEMPERATURE (F)   82        98      1994
 MINIMUM TEMPERATURE (F)   60        45      1899


SUNRISE AND SUNSET
JUNE 18 2019..........SUNRISE   608 AM EDT   SUNSET   916 PM EDT
JUNE 19 2019..........SUNRISE   608 AM EDT   SUNSET   916 PM EDT


-  INDICATES NEGATIVE NUMBERS.
R  INDICATES RECORD WAS SET OR TIED.
MM INDICATES DATA IS MISSING.
T  INDICATES TRACE AMOUNT.




$$
