000
CDUS43 KIWX 190021
CLIFWA


CLIMATE REPORT
NATIONAL WEATHER SERVICE NORTHERN INDIANA
820 PM EDT THU APR 18 2019


...................................

...THE FORT WAYNE CLIMATE SUMMARY FOR APRIL 18 2019...
VALID AS OF 0800 PM LOCAL TIME.

CLIMATE NORMAL PERIOD 1981 TO 2010
CLIMATE RECORD PERIOD 1897 TO 2019


WEATHER ITEM   OBSERVED TIME   RECORD YEAR NORMAL DEPARTURE LAST
                VALUE   (LST)  VALUE       VALUE  FROM      YEAR
                                                  NORMAL
..................................................................
TEMPERATURE (F)
 TODAY
  MAXIMUM         66    115 PM  87    2002  62      4       44
  MINIMUM         53    659 PM  23    1990  40     13       24
  AVERAGE         60                        51      9       34

PRECIPITATION (IN)
  TODAY            0.38          2.32 2013   0.12   0.26     0.03
  MONTH TO DATE    1.28                      2.16  -0.88     2.01
  SINCE MAR 1      5.23                      4.87   0.36     4.85
  SINCE JAN 1      9.78                      9.17   0.61    10.47

SNOWFALL (IN)
  TODAY            0.0           0.3  1956   0.1   -0.1      0.0
  MONTH TO DATE    0.1                       0.9   -0.8      1.6
  SINCE MAR 1      2.8                       5.0   -2.2      3.7
  SINCE JUL 1     24.7                      33.4   -8.7     31.9
  SNOW DEPTH       0

DEGREE DAYS
 HEATING
  TODAY            5                        14     -9       31
  MONTH TO DATE  247                       313    -66      443
  SINCE MAR 1   1136                      1139     -3     1325
  SINCE JUL 1   5502                      5737   -235     5653

 COOLING
  TODAY            0                         0      0        0
  MONTH TO DATE    0                         0      0        1
  SINCE MAR 1      0                         0      0        1
  SINCE JAN 1      0                         0      0        1
..................................................................


WIND (MPH)
  RESULTANT WIND SPEED  14   RESULTANT WIND DIRECTION  SW (210)
  HIGHEST WIND SPEED    31   HIGHEST WIND DIRECTION    SW (220)
  HIGHEST GUST SPEED    41   HIGHEST GUST DIRECTION    SW (220)
  AVERAGE WIND SPEED    15.4


SKY COVER
  POSSIBLE SUNSHINE  MM
  AVERAGE SKY COVER 0.9


WEATHER CONDITIONS
 THE FOLLOWING WEATHER WAS RECORDED TODAY.
  RAIN
  LIGHT RAIN
  FOG


RELATIVE HUMIDITY (PERCENT)
 HIGHEST   100           600 PM
 LOWEST     67           100 AM
 AVERAGE    84

..........................................................


THE FORT WAYNE CLIMATE NORMALS FOR TOMORROW
                         NORMAL    RECORD    YEAR
 MAXIMUM TEMPERATURE (F)   63        86      1985
 MINIMUM TEMPERATURE (F)   40        21      1983


SUNRISE AND SUNSET
APRIL 18 2019.........SUNRISE   657 AM EDT   SUNSET   824 PM EDT
APRIL 19 2019.........SUNRISE   656 AM EDT   SUNSET   825 PM EDT


-  INDICATES NEGATIVE NUMBERS.
R  INDICATES RECORD WAS SET OR TIED.
MM INDICATES DATA IS MISSING.
T  INDICATES TRACE AMOUNT.




$$
