000
CDUS44 KTSA 251414
CLIFYV

CLIMATE REPORT
NATIONAL WEATHER SERVICE TULSA OK
914 AM CDT TUE JUN 25 2019


...................................

...THE FAYETTEVILLE ARKANSAS CLIMATE SUMMARY FOR JUNE 25 2019...
VALID AS OF 0900 AM LOCAL TIME.

CLIMATE NORMAL PERIOD 1981 TO 2010
CLIMATE RECORD PERIOD 1905 TO 2019


WEATHER ITEM   OBSERVED RECORD YEAR NORMAL DEPARTURE LAST
                VALUE   VALUE       VALUE  FROM      YEAR
                                           NORMAL
...........................................................
TEMPERATURE (F)
 TODAY
  MAXIMUM         69    101    2012  86
  MINIMUM         58     44    1974  65
  AVERAGE         64

PRECIPITATION (IN)
  TODAY            0.00   2.07 1958   0.14  -0.14      T
  MONTH TO DATE    8.93               4.23   4.70     1.90
  SINCE JUN 1      8.93               4.23   4.70     1.90
  SINCE JAN 1     31.45              24.44   7.01    24.28

DEGREE DAYS
 COOLING
  TODAY            0
...........................................................


WIND (MPH)
  RESULTANT WIND SPEED   0   RESULTANT WIND DIRECTION  MM
  HIGHEST WIND SPEED     5   HIGHEST WIND DIRECTION     S (180)
  HIGHEST GUST SPEED     5   HIGHEST GUST DIRECTION     S (180)


SKY COVER
  POSSIBLE SUNSHINE  MM
  AVERAGE SKY COVER 0.4


WEATHER CONDITIONS
 THE FOLLOWING WEATHER WAS RECORDED TODAY.
  FOG
  FOG W/VISIBILITY <= 1/4 MILE


RELATIVE HUMIDITY (PERCENT)
 HIGHEST   100
 LOWEST     90
 AVERAGE    95

..........................................................


THE FAYETTEVILLE ARKANSAS CLIMATE NORMALS FOR TOMORROW
                         NORMAL    RECORD    YEAR
 MAXIMUM TEMPERATURE (F)   86       100      2012
 MINIMUM TEMPERATURE (F)   65        44      1974


SUNRISE AND SUNSET
JUNE 25 2019..........SUNRISE   601 AM CDT   SUNSET   837 PM CDT
JUNE 26 2019..........SUNRISE   602 AM CDT   SUNSET   837 PM CDT


-  INDICATES NEGATIVE NUMBERS.
R  INDICATES RECORD WAS SET OR TIED.
MM INDICATES DATA IS MISSING.
T  INDICATES TRACE AMOUNT.




$$
