000
CDUS44 KTSA 200814
CLIFYV

CLIMATE REPORT
NATIONAL WEATHER SERVICE TULSA OK
146 AM CDT SAT APR 20 2019


...................................

...THE FAYETTEVILLE ARKANSAS CLIMATE SUMMARY FOR APRIL 19 2019...

CLIMATE NORMAL PERIOD 1981 TO 2010
CLIMATE RECORD PERIOD 1905 TO 2019


WEATHER ITEM   OBSERVED TIME   RECORD YEAR NORMAL DEPARTURE LAST
                VALUE   (LST)  VALUE       VALUE  FROM      YEAR
                                                  NORMAL
..................................................................
TEMPERATURE (F)
 YESTERDAY
  MAXIMUM         62    326 PM  92    1987  70     -8       58
  MINIMUM         39   1159 PM  26    1953  46     -7       36
  AVERAGE         51                        58     -7       47

PRECIPITATION (IN)
  YESTERDAY        0.00                      0.16  -0.16     0.00
  MONTH TO DATE    2.25                      2.73  -0.48     0.40
  SINCE MAR 1      6.57                      6.68  -0.11     5.80
  SINCE JAN 1     13.10                     12.33   0.77    15.42

SNOWFALL (IN)
  YESTERDAY        0.0                                       0.0
  MONTH TO DATE    T                                          T
  SINCE MAR 1      0.8                                        T
  SINCE JUL 1      2.0                                       0.4

DEGREE DAYS
 HEATING
  YESTERDAY       14                         8      6       18
  MONTH TO DATE  177                       197    -20      307
  SINCE MAR 1    792                       723     69      775
  SINCE JUL 1   4090                      4026     64     3904

 COOLING
  YESTERDAY        0                         1     -1        0
  MONTH TO DATE   10                        16     -6        8
  SINCE MAR 1     10                        20    -10        8
  SINCE JAN 1     10                        20    -10       11
..................................................................


WIND (MPH)
  HIGHEST WIND SPEED    25   HIGHEST WIND DIRECTION    NW (330)
  HIGHEST GUST SPEED    35   HIGHEST GUST DIRECTION    NW (320)
  AVERAGE WIND SPEED    10.8


SKY COVER
  POSSIBLE SUNSHINE  MM
  AVERAGE SKY COVER 0.4


WEATHER CONDITIONS
 THE FOLLOWING WEATHER WAS RECORDED YESTERDAY.
  NO SIGNIFICANT WEATHER WAS OBSERVED.


RELATIVE HUMIDITY (PERCENT)
 HIGHEST    93          1200 AM
 LOWEST     36           300 PM
 AVERAGE    65

..........................................................


THE FAYETTEVILLE ARKANSAS CLIMATE NORMALS FOR TODAY
                         NORMAL    RECORD    YEAR
 MAXIMUM TEMPERATURE (F)   70        89      1987
 MINIMUM TEMPERATURE (F)   46        26      1953


SUNRISE AND SUNSET
APRIL 20 2019.........SUNRISE   637 AM CDT   SUNSET   754 PM CDT
APRIL 21 2019.........SUNRISE   636 AM CDT   SUNSET   755 PM CDT


-  INDICATES NEGATIVE NUMBERS.
R  INDICATES RECORD WAS SET OR TIED.
MM INDICATES DATA IS MISSING.
T  INDICATES TRACE AMOUNT.




$$
