000
CDUS43 KUNR 220833
CLIGCC


CLIMATE REPORT
NATIONAL WEATHER SERVICE RAPID CITY SD
231 AM MDT SUN APR 22 2018


...................................

...THE GILLETTE AIRPORT WY CLIMATE SUMMARY FOR APRIL 21 2018...

CLIMATE NORMAL PERIOD 1981 TO 2010
CLIMATE RECORD PERIOD 9999 TO 9999


WEATHER ITEM   OBSERVED TIME   NORMAL DEPARTURE LAST
                VALUE   (LST)  VALUE  FROM      YEAR
                                      NORMAL
......................................................
TEMPERATURE (F)
 YESTERDAY
  MAXIMUM         59    429 PM  57      2       54
  MINIMUM         38    534 AM  31      7       42
  AVERAGE         49            44      5       48

PRECIPITATION (IN)
  YESTERDAY        0.00          0.05  -0.05     0.01
  MONTH TO DATE    0.70          0.85  -0.15     1.84
  SINCE MAR 1      2.56          1.81   0.75     2.63
  SINCE JAN 1      4.35          2.59   1.76     3.47

DEGREE DAYS
 HEATING
  YESTERDAY       16            21     -5       17
  MONTH TO DATE  567           499     68      422
  SINCE MAR 1   1471          1438     33     1127
  SINCE JUL 1   6955          6846    109     5884

 COOLING
  YESTERDAY        0             0      0        0
  MONTH TO DATE    0             0      0        0
  SINCE MAR 1      0             0      0        0
  SINCE JAN 1      0             0      0        0
......................................................


WIND (MPH)
  HIGHEST WIND SPEED    21   HIGHEST WIND DIRECTION     S (170)
  HIGHEST GUST SPEED    28   HIGHEST GUST DIRECTION    SE (140)
  AVERAGE WIND SPEED    14.4


SKY COVER
  AVERAGE SKY COVER 0.3


WEATHER CONDITIONS
 THE FOLLOWING WEATHER WAS RECORDED YESTERDAY.
  NO SIGNIFICANT WEATHER WAS OBSERVED.


RELATIVE HUMIDITY (PERCENT)
 HIGHEST    92           200 AM
 LOWEST     47           300 PM
 AVERAGE    70

..........................................................




SUNRISE AND SUNSET
APRIL 22 2018.........SUNRISE   607 AM MDT   SUNSET   755 PM MDT
APRIL 23 2018.........SUNRISE   605 AM MDT   SUNSET   757 PM MDT


-  INDICATES NEGATIVE NUMBERS.
R  INDICATES RECORD WAS SET OR TIED.
MM INDICATES DATA IS MISSING.
T  INDICATES TRACE AMOUNT.




$$
