465
CDUS43 KUNR 220832
CLIGCC


CLIMATE REPORT
NATIONAL WEATHER SERVICE RAPID CITY SD
231 AM MDT MON APR 22 2019


...................................

...THE GILLETTE AIRPORT WY CLIMATE SUMMARY FOR APRIL 21 2019...

CLIMATE NORMAL PERIOD 1981 TO 2010
CLIMATE RECORD PERIOD 9999 TO 9999


WEATHER ITEM   OBSERVED TIME   NORMAL DEPARTURE LAST
                VALUE   (LST)  VALUE  FROM      YEAR
                                      NORMAL
......................................................
TEMPERATURE (F)
 YESTERDAY
  MAXIMUM         53   1215 AM  57     -4       59
  MINIMUM         40   1159 PM  31      9       38
  AVERAGE         47            44      3       49

PRECIPITATION (IN)
  YESTERDAY        0.16          0.05   0.11     0.00
  MONTH TO DATE    2.01          0.85   1.16     0.70
  SINCE MAR 1      2.48          1.81   0.67     2.56
  SINCE JAN 1      3.10          2.59   0.51     4.35

DEGREE DAYS
 HEATING
  YESTERDAY       18            21     -3       16
  MONTH TO DATE  405           499    -94      567
  SINCE MAR 1   1512          1438     74     1471
  SINCE JUL 1   7244          6846    398     6955

 COOLING
  YESTERDAY        0             0      0        0
  MONTH TO DATE    0             0      0        0
  SINCE MAR 1      0             0      0        0
  SINCE JAN 1      0             0      0        0
......................................................


WIND (MPH)
  HIGHEST WIND SPEED    23   HIGHEST WIND DIRECTION     N (340)
  HIGHEST GUST SPEED    28   HIGHEST GUST DIRECTION     N (360)
  AVERAGE WIND SPEED    13.2


SKY COVER
  AVERAGE SKY COVER 1.0


WEATHER CONDITIONS
 THE FOLLOWING WEATHER WAS RECORDED YESTERDAY.
  THUNDERSTORM
  LIGHT RAIN
  FOG


RELATIVE HUMIDITY (PERCENT)
 HIGHEST   100           400 AM
 LOWEST     77          1200 AM
 AVERAGE    89

..........................................................




SUNRISE AND SUNSET
APRIL 22 2019.........SUNRISE   607 AM MDT   SUNSET   755 PM MDT
APRIL 23 2019.........SUNRISE   605 AM MDT   SUNSET   756 PM MDT


-  INDICATES NEGATIVE NUMBERS.
R  INDICATES RECORD WAS SET OR TIED.
MM INDICATES DATA IS MISSING.
T  INDICATES TRACE AMOUNT.




$$
