000
CDUS43 KUNR 200833
CLIGCC


CLIMATE REPORT
NATIONAL WEATHER SERVICE RAPID CITY SD
233 AM MDT SAT JUL 20 2019


...................................

...THE GILLETTE AIRPORT WY CLIMATE SUMMARY FOR JULY 19 2019...

CLIMATE NORMAL PERIOD 1981 TO 2010
CLIMATE RECORD PERIOD 9999 TO 9999


WEATHER ITEM   OBSERVED TIME   NORMAL DEPARTURE LAST
                VALUE   (LST)  VALUE  FROM      YEAR
                                      NORMAL
......................................................
TEMPERATURE (F)
 YESTERDAY
  MAXIMUM         84    340 PM  88     -4       89
  MINIMUM         56    332 AM  57     -1       55
  AVERAGE         70            72     -2       72

PRECIPITATION (IN)
  YESTERDAY        0.00          0.06  -0.06     0.00
  MONTH TO DATE    1.41          1.06   0.35     0.32
  SINCE JUN 1      3.57          3.27   0.30     5.09
  SINCE JAN 1     12.04          8.93   3.11    11.70

DEGREE DAYS
 HEATING
  YESTERDAY        0             0      0        0
  MONTH TO DATE   19            14      5        4
  SINCE JUN 1    189           156     33       88
  SINCE JUL 1     19            14      5        4

 COOLING
  YESTERDAY        5             8     -3        7
  MONTH TO DATE   74           120    -46      176
  SINCE JUN 1     88           180    -92      254
  SINCE JAN 1     88           188   -100      271
......................................................


WIND (MPH)
  HIGHEST WIND SPEED    17   HIGHEST WIND DIRECTION     N (20)
  HIGHEST GUST SPEED    22   HIGHEST GUST DIRECTION    NE (40)
  AVERAGE WIND SPEED     8.9


SKY COVER
  AVERAGE SKY COVER 0.3


WEATHER CONDITIONS
 THE FOLLOWING WEATHER WAS RECORDED YESTERDAY.
  NO SIGNIFICANT WEATHER WAS OBSERVED.


RELATIVE HUMIDITY (PERCENT)
 HIGHEST    93          1200 AM
 LOWEST     42           100 PM
 AVERAGE    68

..........................................................




SUNRISE AND SUNSET
JULY 20 2019..........SUNRISE   537 AM MDT   SUNSET   840 PM MDT
JULY 21 2019..........SUNRISE   538 AM MDT   SUNSET   839 PM MDT


-  INDICATES NEGATIVE NUMBERS.
R  INDICATES RECORD WAS SET OR TIED.
MM INDICATES DATA IS MISSING.
T  INDICATES TRACE AMOUNT.




$$
