000
CDUS43 KDDC 201426
CLIGCK


CLIMATE REPORT
NATIONAL WEATHER SERVICE DODGE CITY KS
925 AM CDT SAT JUL 20 2019


...................................

...THE GARDEN CITY REGIONAL ARPT KS CLIMATE SUMMARY FOR JULY 20 2019...
VALID AS OF 0900 AM LOCAL TIME.

CLIMATE NORMAL PERIOD 1981 TO 2010
CLIMATE RECORD PERIOD 1948 TO 2019


WEATHER ITEM   OBSERVED TIME   RECORD YEAR NORMAL DEPARTURE LAST
                VALUE   (LST)  VALUE       VALUE  FROM      YEAR
                                                  NORMAL
..................................................................
TEMPERATURE (F)
 TODAY
  MAXIMUM         81    759 AM 108    2011  92    -11      102
  MINIMUM         72    607 AM  56    1989  65      7       67
  AVERAGE         77                        79     -2       85

PRECIPITATION (IN)
  TODAY            0.00          1.30 1961   0.08  -0.08     0.09
  MONTH TO DATE    0.42                      1.81  -1.39     1.22
  SINCE JUN 1      2.10                      5.29  -3.19     5.42
  SINCE JAN 1     10.01                     12.23  -2.22     8.79

..................................................................


WIND (MPH)
  HIGHEST WIND SPEED    15   HIGHEST WIND DIRECTION     S (190)
  HIGHEST GUST SPEED    25   HIGHEST GUST DIRECTION     S (160)



WEATHER CONDITIONS
 THE FOLLOWING WEATHER WAS RECORDED TODAY.
  NO SIGNIFICANT WEATHER WAS OBSERVED.


RELATIVE HUMIDITY (PERCENT)
 HIGHEST    73           400 AM
 LOWEST     51           800 AM

..........................................................


THE GARDEN CITY REGIONAL ARPT KS CLIMATE NORMALS FOR TOMORROW
                         NORMAL    RECORD    YEAR
 MAXIMUM TEMPERATURE (F)   92       105      1974
 MINIMUM TEMPERATURE (F)   65        51      1989


SUNRISE AND SUNSET
JULY 20 2019..........SUNRISE   636 AM CDT   SUNSET   902 PM CDT
JULY 21 2019..........SUNRISE   637 AM CDT   SUNSET   901 PM CDT


-  INDICATES NEGATIVE NUMBERS.
R  INDICATES RECORD WAS SET OR TIED.
MM INDICATES DATA IS MISSING.
T  INDICATES TRACE AMOUNT.




$$
