000
CDUS41 KPHI 240709
CLIGED


CLIMATE REPORT
NATIONAL WEATHER SERVICE MOUNT HOLLY NJ
309 AM EDT TUE APR 24 2018


...................................

...THE GEORGETOWN DE CLIMATE SUMMARY FOR APRIL 23 2018...

CLIMATE NORMAL PERIOD 1981 TO 2010
CLIMATE RECORD PERIOD 1948 TO 2018


WEATHER ITEM   OBSERVED TIME   RECORD YEAR NORMAL DEPARTURE LAST
                VALUE   (LST)  VALUE       VALUE  FROM      YEAR
                                                  NORMAL
..................................................................
TEMPERATURE (F)
 YESTERDAY
  MAXIMUM         68    154 PM  92    1985  67      1       60
  MINIMUM         38    507 AM  31    1989  46     -8       49
  AVERAGE         53                        56     -3       55

PRECIPITATION (IN)
  YESTERDAY        0.00          1.16 1972   0.11  -0.11     0.00
  MONTH TO DATE    2.59                      2.93  -0.34     0.91
  SINCE MAR 1      5.64                      6.98  -1.34     5.28
  SINCE JAN 1     12.46                     12.69  -0.23     9.52

DEGREE DAYS
 HEATING
  YESTERDAY       12                        10      2       10
  MONTH TO DATE  325                       289     36      146
  SINCE MAR 1   1032                       921    111      762
  SINCE JUL 1   3990                      4201   -211     3447

 COOLING
  YESTERDAY        0                         1     -1        0
  MONTH TO DATE   14                        13      1       28
  SINCE MAR 1     14                        15     -1       31
  SINCE JAN 1     21                        15      6       31
..................................................................


WIND (MPH)
  HIGHEST WIND SPEED    17   HIGHEST WIND DIRECTION     S (160)
  HIGHEST GUST SPEED    22   HIGHEST GUST DIRECTION    SE (140)
  AVERAGE WIND SPEED     6.6


SKY COVER
  POSSIBLE SUNSHINE  MM
  AVERAGE SKY COVER 0.1


WEATHER CONDITIONS
 THE FOLLOWING WEATHER WAS RECORDED YESTERDAY.
  NO SIGNIFICANT WEATHER WAS OBSERVED.


RELATIVE HUMIDITY (PERCENT)
 HIGHEST    92           500 AM
 LOWEST     20           400 PM
 AVERAGE    56

..........................................................


THE GEORGETOWN DE CLIMATE NORMALS FOR TODAY
                         NORMAL    RECORD    YEAR
 MAXIMUM TEMPERATURE (F)   67        90      1960
 MINIMUM TEMPERATURE (F)   46        29      1956


SUNRISE AND SUNSET
APRIL 24 2018.........SUNRISE   613 AM EDT   SUNSET   747 PM EDT
APRIL 25 2018.........SUNRISE   612 AM EDT   SUNSET   748 PM EDT


-  INDICATES NEGATIVE NUMBERS.
R  INDICATES RECORD WAS SET OR TIED.
MM INDICATES DATA IS MISSING.
T  INDICATES TRACE AMOUNT.




$$
