000
CDUS41 KPHI 260600
CLIGED


CLIMATE REPORT
NATIONAL WEATHER SERVICE MOUNT HOLLY NJ
200 AM EDT FRI APR 26 2019


...................................

...THE GEORGETOWN DE CLIMATE SUMMARY FOR APRIL 25 2019...

CLIMATE NORMAL PERIOD 1981 TO 2010
CLIMATE RECORD PERIOD 1948 TO 2019


WEATHER ITEM   OBSERVED TIME   RECORD YEAR NORMAL DEPARTURE LAST
                VALUE   (LST)  VALUE       VALUE  FROM      YEAR
                                                  NORMAL
..................................................................
TEMPERATURE (F)
 YESTERDAY
  MAXIMUM         67    932 AM  93    2009  67      0       76
  MINIMUM         53    143 AM  27    1956  46      7       56
  AVERAGE         60                        57      3       66

PRECIPITATION (IN)
  YESTERDAY        0.00          1.23 2017   0.11  -0.11     0.92
  MONTH TO DATE    2.53                      3.15  -0.62     3.75
  SINCE MAR 1      5.68                      7.20  -1.52     6.80
  SINCE JAN 1     12.31                     12.91  -0.60    13.62

DEGREE DAYS
 HEATING
  YESTERDAY        5                         9     -4        0
  MONTH TO DATE  146                       307   -161      335
  SINCE MAR 1    745                       939   -194     1042
  SINCE JUL 1   3582                      4219   -637     4000

 COOLING
  YESTERDAY        0                         1     -1        1
  MONTH TO DATE   33                        15     18       15
  SINCE MAR 1     38                        17     21       15
  SINCE JAN 1     38                        17     21       22
..................................................................


WIND (MPH)
  HIGHEST WIND SPEED    14   HIGHEST WIND DIRECTION     E (70)
  HIGHEST GUST SPEED    17   HIGHEST GUST DIRECTION     E (70)
  AVERAGE WIND SPEED     5.7


SKY COVER
  POSSIBLE SUNSHINE  MM
  AVERAGE SKY COVER 0.7


WEATHER CONDITIONS
 THE FOLLOWING WEATHER WAS RECORDED YESTERDAY.
  NO SIGNIFICANT WEATHER WAS OBSERVED.


RELATIVE HUMIDITY (PERCENT)
 HIGHEST    86           400 AM
 LOWEST     60           200 PM
 AVERAGE    73

..........................................................


THE GEORGETOWN DE CLIMATE NORMALS FOR TODAY
                         NORMAL    RECORD    YEAR
 MAXIMUM TEMPERATURE (F)   68        94      2009
 MINIMUM TEMPERATURE (F)   47        30      1964


SUNRISE AND SUNSET
APRIL 26 2019.........SUNRISE   611 AM EDT   SUNSET   749 PM EDT
APRIL 27 2019.........SUNRISE   609 AM EDT   SUNSET   750 PM EDT


-  INDICATES NEGATIVE NUMBERS.
R  INDICATES RECORD WAS SET OR TIED.
MM INDICATES DATA IS MISSING.
T  INDICATES TRACE AMOUNT.




$$
