000
CDUS41 KPHI 180556
CLIGED


CLIMATE REPORT
NATIONAL WEATHER SERVICE MOUNT HOLLY NJ
152 AM EDT THU JUL 18 2019


...................................

...THE GEORGETOWN DE CLIMATE SUMMARY FOR JULY 17 2019...

CLIMATE NORMAL PERIOD 1981 TO 2010
CLIMATE RECORD PERIOD 1948 TO 2019


WEATHER ITEM   OBSERVED TIME   RECORD YEAR NORMAL DEPARTURE LAST
                VALUE   (LST)  VALUE       VALUE  FROM      YEAR
                                                  NORMAL
..................................................................
TEMPERATURE (F)
 YESTERDAY
  MAXIMUM        100R   248 PM  98    1988  87     13       95
                                      1980
                                      1953
  MINIMUM         75   1004 PM  54    1957  68      7       73
  AVERAGE         88                        77     11       84

PRECIPITATION (IN)
  YESTERDAY        0.42          2.82 1989   0.13   0.29     0.27
  MONTH TO DATE    1.03                      2.41  -1.38     1.38
  SINCE JUN 1      5.51                      7.02  -1.51     5.80
  SINCE JAN 1     24.12                     23.96   0.16    26.82

DEGREE DAYS
 HEATING
  YESTERDAY        0                         0      0        0
  MONTH TO DATE    0                         0      0        0
  SINCE JUN 1      3                        13    -10        7
  SINCE JUL 1      0                         0      0        0

 COOLING
  YESTERDAY       23                        12     11       19
  MONTH TO DATE  268                       199     69      214
  SINCE JUN 1    572                       438    134      474
  SINCE JAN 1    757                       532    225      662
..................................................................


WIND (MPH)
  HIGHEST WIND SPEED    21   HIGHEST WIND DIRECTION    NW (300)
  HIGHEST GUST SPEED    40   HIGHEST GUST DIRECTION     W (280)
  AVERAGE WIND SPEED     8.2


SKY COVER
  POSSIBLE SUNSHINE  MM
  AVERAGE SKY COVER 0.1


WEATHER CONDITIONS
 THE FOLLOWING WEATHER WAS RECORDED YESTERDAY.
  THUNDERSTORM
  LIGHT RAIN
  FOG
  HAZE


RELATIVE HUMIDITY (PERCENT)
 HIGHEST    94           900 PM
 LOWEST     39           300 PM
 AVERAGE    67

..........................................................


THE GEORGETOWN DE CLIMATE NORMALS FOR TODAY
                         NORMAL    RECORD    YEAR
 MAXIMUM TEMPERATURE (F)   87       100      2012
                                             1953
 MINIMUM TEMPERATURE (F)   68        55      1987
                                             1966
                                             1962


SUNRISE AND SUNSET
JULY 18 2019..........SUNRISE   551 AM EDT   SUNSET   824 PM EDT
JULY 19 2019..........SUNRISE   552 AM EDT   SUNSET   823 PM EDT


-  INDICATES NEGATIVE NUMBERS.
R  INDICATES RECORD WAS SET OR TIED.
MM INDICATES DATA IS MISSING.
T  INDICATES TRACE AMOUNT.




$$
