000
CDUS46 KOTX 200830
CLIGEG


CLIMATE REPORT
NATIONAL WEATHER SERVICE SPOKANE, WA
128 AM PDT SAT JUL 20 2019


...................................

...THE SPOKANE WA AIRPORT CLIMATE SUMMARY FOR JULY 19 2019...

CLIMATE NORMAL PERIOD 1981 TO 2010
CLIMATE RECORD PERIOD 1881 TO 2019


WEATHER ITEM   OBSERVED TIME   RECORD YEAR NORMAL DEPARTURE LAST
                VALUE   (LST)  VALUE       VALUE  FROM      YEAR
                                                  NORMAL
..................................................................
TEMPERATURE (F)
 YESTERDAY
  MAXIMUM         74    338 PM 101    1979  85    -11       86
  MINIMUM         46    457 AM  45    1996  57    -11       58
  AVERAGE         60                        71    -11       72

PRECIPITATION (IN)
  YESTERDAY        0.00          0.62 1924   0.02  -0.02     0.00
  MONTH TO DATE    0.29                      0.44  -0.15     0.04
  SINCE OCT 1     14.63                     15.10  -0.47    16.68
  SINCE JAN 1      8.41                      9.32  -0.91     9.52

SNOWFALL (IN)
  YESTERDAY        0.0           0.0  2002   0.0    0.0      0.0
                                      2001
                                      2000
  MONTH TO DATE    0.0                       0.0    0.0      0.0
  SINCE JUN 1      0.0                       0.0    0.0      0.0
  SINCE JUL 1      0.0                       0.0    0.0      0.0
  SNOW DEPTH       0

DEGREE DAYS
 HEATING
  YESTERDAY        5                         1      4        0
  MONTH TO DATE    8                        26    -18       15
  SINCE JUN 1    104                       162    -58      118
  SINCE JUL 1      8                        26    -18       15

 COOLING
  YESTERDAY        0                         7     -7        7
  MONTH TO DATE   69                        94    -25      139
  SINCE JUN 1    156                       143     13      170
  SINCE JAN 1    170                       157     13      208
..................................................................


WIND (MPH)
  HIGHEST WIND SPEED    18   HIGHEST WIND DIRECTION     W (290)
  HIGHEST GUST SPEED    23   HIGHEST GUST DIRECTION    NW (300)
  AVERAGE WIND SPEED     8.2


SKY COVER
  POSSIBLE SUNSHINE  MM
  AVERAGE SKY COVER 0.3


WEATHER CONDITIONS
 THE FOLLOWING WEATHER WAS RECORDED YESTERDAY.
  NO SIGNIFICANT WEATHER WAS OBSERVED.


RELATIVE HUMIDITY (PERCENT)
 HIGHEST    61           600 AM
 LOWEST     20           500 PM
 AVERAGE    41

..........................................................


THE SPOKANE WA AIRPORT CLIMATE NORMALS FOR TODAY
                         NORMAL    RECORD    YEAR
 MAXIMUM TEMPERATURE (F)   85       106      1931
 MINIMUM TEMPERATURE (F)   57        46      1996


SUNRISE AND SUNSET
JULY 20 2019..........SUNRISE   513 AM PDT   SUNSET   839 PM PDT
JULY 21 2019..........SUNRISE   514 AM PDT   SUNSET   838 PM PDT


-  INDICATES NEGATIVE NUMBERS.
R  INDICATES RECORD WAS SET OR TIED.
MM INDICATES DATA IS MISSING.
T  INDICATES TRACE AMOUNT.




$$
