000
CDUS46 KOTX 222350
CLIGEG


CLIMATE REPORT
NATIONAL WEATHER SERVICE SPOKANE, WA
450 PM PDT MON APR 22 2019


...................................

...THE SPOKANE WA AIRPORT CLIMATE SUMMARY FOR APRIL 22 2019...
VALID AS OF 0400 PM LOCAL TIME.

CLIMATE NORMAL PERIOD 1981 TO 2010
CLIMATE RECORD PERIOD 1881 TO 2019


WEATHER ITEM   OBSERVED TIME   RECORD YEAR NORMAL DEPARTURE LAST
                VALUE   (LST)  VALUE       VALUE  FROM      YEAR
                                                  NORMAL
..................................................................
TEMPERATURE (F)
 TODAY
  MAXIMUM         65    258 PM  84    1934  59      6       56
  MINIMUM         41    509 AM  25    1972  38      3       32
  AVERAGE         53                        48      5       44

PRECIPITATION (IN)
  TODAY            0.00          1.04 1882   0.04  -0.04     0.00
  MONTH TO DATE    1.40                      0.97   0.43     1.96
  SINCE OCT 1     12.48                     11.48   1.00    14.57
  SINCE JAN 1      6.26                      5.70   0.56     7.41

SNOWFALL (IN)
  TODAY            0.0           3.4  1964   0.0    0.0      0.0
  MONTH TO DATE    0.0                       0.9   -0.9       T
  SINCE MAR 1      3.8                       4.4   -0.6      4.9
  SINCE JUL 1     53.6                      44.7    8.9     49.3
  SNOW DEPTH      MM

DEGREE DAYS
 HEATING
  TODAY           12                        17     -5       21
  MONTH TO DATE  378                       415    -37      462
  SINCE MAR 1   1316                      1182    134     1245
  SINCE JUL 1   6168                      6011    157     5892

 COOLING
  TODAY            0                         0      0        0
  MONTH TO DATE    0                         0      0        0
  SINCE MAR 1      0                         0      0        0
  SINCE JAN 1      0                         0      0        0
..................................................................


WIND (MPH)
  HIGHEST WIND SPEED    22   HIGHEST WIND DIRECTION    SW (220)
  HIGHEST GUST SPEED    28   HIGHEST GUST DIRECTION    SW (210)
  AVERAGE WIND SPEED    11.4


SKY COVER
  POSSIBLE SUNSHINE  MM
  AVERAGE SKY COVER 0.5


WEATHER CONDITIONS
 THE FOLLOWING WEATHER WAS RECORDED TODAY.
  NO SIGNIFICANT WEATHER WAS OBSERVED.


RELATIVE HUMIDITY (PERCENT)
 HIGHEST    73           500 AM
 LOWEST     31           300 PM
 AVERAGE    52

..........................................................


THE SPOKANE WA AIRPORT CLIMATE NORMALS FOR TOMORROW
                         NORMAL    RECORD    YEAR
 MAXIMUM TEMPERATURE (F)   59        87      1977
 MINIMUM TEMPERATURE (F)   38        25      2002


SUNRISE AND SUNSET
APRIL 22 2019.........SUNRISE   549 AM PDT   SUNSET   750 PM PDT
APRIL 23 2019.........SUNRISE   547 AM PDT   SUNSET   751 PM PDT


-  INDICATES NEGATIVE NUMBERS.
R  INDICATES RECORD WAS SET OR TIED.
MM INDICATES DATA IS MISSING.
T  INDICATES TRACE AMOUNT.




$$
