000
CDUS43 KIND 170532
CLIGEZ


CLIMATE REPORT
NATIONAL WEATHER SERVICE INDIANAPOLIS IN
132 AM EDT WED JUL 17 2019


...................................

...THE SHELBYVILLE IN CLIMATE SUMMARY FOR JULY 16 2019...

CLIMATE NORMAL PERIOD 1981 TO 2010
CLIMATE RECORD PERIOD 9999 TO 9999


WEATHER ITEM   OBSERVED TIME   NORMAL DEPARTURE LAST
                VALUE   (LST)  VALUE  FROM      YEAR
                                      NORMAL
......................................................
TEMPERATURE (F)
 YESTERDAY
  MAXIMUM         88    151 PM  85      3       88
  MINIMUM         73    247 PM  64      9       73
  AVERAGE         81            74      7       81

PRECIPITATION (IN)
  YESTERDAY        0.20          0.17   0.03     0.12
  MONTH TO DATE    1.40          2.43  -1.03     1.57
  SINCE JUN 1      4.07          6.83  -2.76     7.69
  SINCE JAN 1     25.35         24.61   0.74    26.16

DEGREE DAYS
 HEATING
  YESTERDAY        0             0      0        0
  MONTH TO DATE    0             0      0        0
  SINCE JUN 1      8            15     -7        0
  SINCE JUL 1      0             0      0        0

 COOLING
  YESTERDAY       16             9      7       16
  MONTH TO DATE  242           144     98      210
  SINCE JUN 1    478           353    125      538
  SINCE JAN 1    612           434    178      815
......................................................


WIND (MPH)
  HIGHEST WIND SPEED    33   HIGHEST WIND DIRECTION    SW (210)
  HIGHEST GUST SPEED    46   HIGHEST GUST DIRECTION    SW (210)
  AVERAGE WIND SPEED    11.5


SKY COVER
  AVERAGE SKY COVER 0.6


WEATHER CONDITIONS
 THE FOLLOWING WEATHER WAS RECORDED YESTERDAY.
  THUNDERSTORM
  RAIN
  LIGHT RAIN
  FOG
  HAZE


RELATIVE HUMIDITY (PERCENT)
 HIGHEST    87           200 AM
 LOWEST     55           100 PM
 AVERAGE    71

..........................................................


THE SHELBYVILLE IN CLIMATE NORMALS FOR TODAY
                         NORMAL
 MAXIMUM TEMPERATURE (F)   85
 MINIMUM TEMPERATURE (F)   64


SUNRISE AND SUNSET
JULY 17 2019..........SUNRISE   630 AM EDT   SUNSET   909 PM EDT
JULY 18 2019..........SUNRISE   630 AM EDT   SUNSET   908 PM EDT


-  INDICATES NEGATIVE NUMBERS.
R  INDICATES RECORD WAS SET OR TIED.
MM INDICATES DATA IS MISSING.
T  INDICATES TRACE AMOUNT.




$$
