000
CDUS43 KFGF 192149
CLIGFK


CLIMATE REPORT
NATIONAL WEATHER SERVICE EASTERN NORTH DAKOTA/GRAND FORKS
447 PM CDT FRI APR 19 2019


...................................

...THE GRAND FORKS INTL AP ND CLIMATE SUMMARY FOR APRIL 19 2019...
VALID TODAY AS OF 0400 PM LOCAL TIME.

CLIMATE NORMAL PERIOD 1981 TO 2010
CLIMATE RECORD PERIOD 1941 TO 2019


WEATHER ITEM   OBSERVED TIME   RECORD YEAR NORMAL DEPARTURE LAST
                VALUE   (LST)  VALUE       VALUE  FROM      YEAR
                                                  NORMAL
..................................................................
TEMPERATURE (F)
 TODAY
  MAXIMUM         63    217 PM  85    1985  57      6       55
                                      1952
  MINIMUM         31    603 AM  19    1991  32     -1       27
  AVERAGE         47                        44      3       41

PRECIPITATION (IN)
  TODAY            0.00          0.44 2015   0.03  -0.03     0.00
  MONTH TO DATE    0.80                      0.55   0.25     0.15
  SINCE MAR 1      2.01                      1.51   0.50     2.00
  SINCE JAN 1      3.58                      2.58   1.00     2.93

SNOWFALL (IN)
  TODAY            0.0           3.1  1970   0.1   -0.1      0.0
  MONTH TO DATE    6.6                       2.0    4.6      3.0
  SINCE MAR 1     21.0                       9.2   11.8     16.9
  SINCE JUL 1     69.6                      46.4   23.2     52.4
  SNOW DEPTH       0

DEGREE DAYS
 HEATING
  TODAY           18                        21     -3       24
  MONTH TO DATE  520                       493     27      757
  SINCE MAR 1   1988                      1728    260     2009
  SINCE JUL 1   9893                      8878   1015     8999

 COOLING
  TODAY            0                         0      0        0
  MONTH TO DATE    0                         0      0        0
  SINCE MAR 1      0                         0      0        0
  SINCE JAN 1      0                         0      0        0
..................................................................


WIND (MPH)
  HIGHEST WIND SPEED    26   HIGHEST WIND DIRECTION     S (190)
  HIGHEST GUST SPEED    36   HIGHEST GUST DIRECTION     S (200)
  AVERAGE WIND SPEED    10.8


SKY COVER
  POSSIBLE SUNSHINE  MM
  AVERAGE SKY COVER 0.4


WEATHER CONDITIONS
 THE FOLLOWING WEATHER WAS RECORDED TODAY.
  NO SIGNIFICANT WEATHER WAS OBSERVED.


RELATIVE HUMIDITY (PERCENT)
 HIGHEST    96           200 AM
 LOWEST     48           200 PM
 AVERAGE    72

..........................................................


THE GRAND FORKS INTL AP ND CLIMATE NORMALS FOR TOMORROW
                         NORMAL    RECORD    YEAR
 MAXIMUM TEMPERATURE (F)   57        90      1980
 MINIMUM TEMPERATURE (F)   32        17      1981


SUNRISE AND SUNSET
APRIL 19 2019.........SUNRISE   632 AM CDT   SUNSET   824 PM CDT
APRIL 20 2019.........SUNRISE   630 AM CDT   SUNSET   826 PM CDT


-  INDICATES NEGATIVE NUMBERS.
R  INDICATES RECORD WAS SET OR TIED.
MM INDICATES DATA IS MISSING.
T  INDICATES TRACE AMOUNT.




$$
