407
CDUS43 KFGF 230643
CLIGFK


CLIMATE REPORT
NATIONAL WEATHER SERVICE EASTERN NORTH DAKOTA/GRAND FORKS
142 AM CDT WED MAY 23 2018


...................................

...THE GRAND FORKS INTL AP ND CLIMATE SUMMARY FOR MAY 22 2018...

CLIMATE NORMAL PERIOD 1981 TO 2010
CLIMATE RECORD PERIOD 1948 TO 2018


WEATHER ITEM   OBSERVED TIME   RECORD YEAR NORMAL DEPARTURE LAST
                VALUE   (LST)  VALUE       VALUE  FROM      YEAR
                                                  NORMAL
..................................................................
TEMPERATURE (F)
 YESTERDAY
  MAXIMUM         82    529 PM  96    1980  70     12       56
  MINIMUM         50    455 AM  25    1963  44      6       46
  AVERAGE         66                        57      9       51

PRECIPITATION (IN)
  YESTERDAY        0.00          1.99 2010   0.09  -0.09     0.08
  MONTH TO DATE    1.19                      1.81  -0.62     0.95
  SINCE MAR 1      3.39                      3.78  -0.39     3.14
  SINCE JAN 1      4.32                      4.85  -0.53     3.99

SNOWFALL (IN)
  YESTERDAY        0.0           T    2010   0.0    0.0      0.0
  MONTH TO DATE    0.0                       0.1   -0.1      0.0
  SINCE MAR 1     16.9                      10.2    6.7      5.8
  SINCE JUL 1     52.4                      47.4    5.0     44.1
  SNOW DEPTH       0

DEGREE DAYS
 HEATING
  YESTERDAY        0                         9     -9       14
  MONTH TO DATE  221                       268    -47      206
  SINCE MAR 1   2423                      2196    227     1984
  SINCE JUL 1   9413                      9346     67     7953

 COOLING
  YESTERDAY        1                         1      0        0
  MONTH TO DATE    6                         7     -1        2
  SINCE MAR 1      6                         8     -2        2
  SINCE JAN 1      6                         8     -2        2
..................................................................


WIND (MPH)
  HIGHEST WIND SPEED    15   HIGHEST WIND DIRECTION     S (190)
  HIGHEST GUST SPEED    23   HIGHEST GUST DIRECTION     S (180)
  AVERAGE WIND SPEED     8.4


SKY COVER
  POSSIBLE SUNSHINE  MM
  AVERAGE SKY COVER 0.3


WEATHER CONDITIONS
 THE FOLLOWING WEATHER WAS RECORDED YESTERDAY.
  FOG


RELATIVE HUMIDITY (PERCENT)
 HIGHEST   100           100 AM
 LOWEST     39           600 PM
 AVERAGE    70

..........................................................


THE GRAND FORKS INTL AP ND CLIMATE NORMALS FOR TODAY
                         NORMAL    RECORD    YEAR
 MAXIMUM TEMPERATURE (F)   70        93      1980
 MINIMUM TEMPERATURE (F)   44        29      2002


SUNRISE AND SUNSET
MAY 23 2018...........SUNRISE   541 AM CDT   SUNSET   911 PM CDT
MAY 24 2018...........SUNRISE   540 AM CDT   SUNSET   912 PM CDT


-  INDICATES NEGATIVE NUMBERS.
R  INDICATES RECORD WAS SET OR TIED.
MM INDICATES DATA IS MISSING.
T  INDICATES TRACE AMOUNT.




$$
