000
CDUS44 KSHV 160754
CLIGGG


CLIMATE REPORT
NATIONAL WEATHER SERVICE SHREVEPORT, LA
252 AM CDT SUN JUN 16 2019


...................................

...THE LONGVIEW CLIMATE SUMMARY FOR JUNE 15 2019...

CLIMATE NORMAL PERIOD 1981 TO 2010
CLIMATE RECORD PERIOD 1902 TO 2019


WEATHER ITEM   OBSERVED TIME   RECORD YEAR NORMAL DEPARTURE LAST
                VALUE   (LST)  VALUE       VALUE  FROM      YEAR
                                                  NORMAL
..................................................................
TEMPERATURE (F)
 YESTERDAY
  MAXIMUM         94    516 PM 105    1911  90      4       95
  MINIMUM         70    514 AM  53    1933  69      1       74
  AVERAGE         82                        80      2       85

PRECIPITATION (IN)
  YESTERDAY        T             1.66 1973   0.17  -0.17     0.00
  MONTH TO DATE    0.76                      2.44  -1.68     0.92
  SINCE DEC 1     37.67                     26.66  11.01    30.15
  SINCE JAN 1     28.68                     22.17   6.51    24.82

SNOWFALL (IN)
  YESTERDAY        0.0
  MONTH TO DATE    0.0
  SINCE JUN 1      0.0
  SINCE JUL 1      T
  SNOW DEPTH       0

DEGREE DAYS
 HEATING
  YESTERDAY        0                         0      0        0
  MONTH TO DATE    0                         0      0        0
  SINCE JUN 1      0                         0      0        0
  SINCE JUL 1   2271                      2258     13     2077

 COOLING
  YESTERDAY       17                        15      2       20
  MONTH TO DATE  201                       198      3      279
  SINCE JUN 1    201                       198      3      279
  SINCE JAN 1    652                       577     75      843
..................................................................


WIND (MPH)
  HIGHEST WIND SPEED    23   HIGHEST WIND DIRECTION     S (180)
  HIGHEST GUST SPEED    30   HIGHEST GUST DIRECTION     S (180)
  AVERAGE WIND SPEED    12.7


SKY COVER
  POSSIBLE SUNSHINE  MM
  AVERAGE SKY COVER 0.3


WEATHER CONDITIONS
 THE FOLLOWING WEATHER WAS RECORDED YESTERDAY.
  LIGHT RAIN


RELATIVE HUMIDITY (PERCENT)
 HIGHEST   100           500 AM
 LOWEST     49           200 PM
 AVERAGE    75

..........................................................


THE LONGVIEW CLIMATE NORMALS FOR TODAY
                         NORMAL    RECORD    YEAR
 MAXIMUM TEMPERATURE (F)   90       102      2011
                                             1936
 MINIMUM TEMPERATURE (F)   70        59      1917


SUNRISE AND SUNSET
JUNE 16 2019..........SUNRISE   612 AM CDT   SUNSET   828 PM CDT
JUNE 17 2019..........SUNRISE   612 AM CDT   SUNSET   828 PM CDT


-  INDICATES NEGATIVE NUMBERS.
R  INDICATES RECORD WAS SET OR TIED.
MM INDICATES DATA IS MISSING.
T  INDICATES TRACE AMOUNT.




$$
