000
CDUS44 KSHV 200751
CLIGGG


CLIMATE REPORT
NATIONAL WEATHER SERVICE SHREVEPORT, LA
250 AM CDT SAT APR 20 2019


...................................

...THE LONGVIEW CLIMATE SUMMARY FOR APRIL 19 2019...

CLIMATE NORMAL PERIOD 1981 TO 2010
CLIMATE RECORD PERIOD 1902 TO 2019


WEATHER ITEM   OBSERVED TIME   RECORD YEAR NORMAL DEPARTURE LAST
                VALUE   (LST)  VALUE       VALUE  FROM      YEAR
                                                  NORMAL
..................................................................
TEMPERATURE (F)
 YESTERDAY
  MAXIMUM         68    307 PM  93    2011  77     -9       71
  MINIMUM         50    625 AM  36    1953  54     -4       49
  AVERAGE         59                        66     -7       60

PRECIPITATION (IN)
  YESTERDAY        0.01          2.44 1970   0.11  -0.10     0.00
  MONTH TO DATE    5.30                      2.00   3.30     2.56
  SINCE DEC 1     22.93                     18.20   4.73    26.21
  SINCE JAN 1     13.94                     13.71   0.23    20.88

SNOWFALL (IN)
  YESTERDAY        0.0
  MONTH TO DATE    0.0
  SINCE MAR 1      0.0
  SINCE JUL 1      T
  SNOW DEPTH       0

DEGREE DAYS
 HEATING
  YESTERDAY        6                         2      4        5
  MONTH TO DATE   75                        74      1      106
  SINCE MAR 1    366                       329     37      252
  SINCE JUL 1   2261                      2233     28     2046

 COOLING
  YESTERDAY        0                         3     -3        0
  MONTH TO DATE   34                        45    -11       36
  SINCE MAR 1     48                        72    -24       98
  SINCE JAN 1     72                        84    -12      134
..................................................................


WIND (MPH)
  HIGHEST WIND SPEED    26   HIGHEST WIND DIRECTION    NW (320)
  HIGHEST GUST SPEED    35   HIGHEST GUST DIRECTION    NW (320)
  AVERAGE WIND SPEED    11.6


SKY COVER
  POSSIBLE SUNSHINE  MM
  AVERAGE SKY COVER 0.4


WEATHER CONDITIONS
 THE FOLLOWING WEATHER WAS RECORDED YESTERDAY.
  LIGHT RAIN


RELATIVE HUMIDITY (PERCENT)
 HIGHEST    93           600 AM
 LOWEST     43           500 PM
 AVERAGE    68

..........................................................


THE LONGVIEW CLIMATE NORMALS FOR TODAY
                         NORMAL    RECORD    YEAR
 MAXIMUM TEMPERATURE (F)   77        92      1929
 MINIMUM TEMPERATURE (F)   55        38      2013


SUNRISE AND SUNSET
APRIL 20 2019.........SUNRISE   644 AM CDT   SUNSET   752 PM CDT
APRIL 21 2019.........SUNRISE   643 AM CDT   SUNSET   753 PM CDT


-  INDICATES NEGATIVE NUMBERS.
R  INDICATES RECORD WAS SET OR TIED.
MM INDICATES DATA IS MISSING.
T  INDICATES TRACE AMOUNT.




$$
