000
CDUS45 KGJT 192331
CLIGJT


CLIMATE REPORT
NATIONAL WEATHER SERVICE GRAND JUNCTION CO
528 PM MDT FRI APR 19 2019


...................................

...THE GRAND JUNCTION CO CLIMATE SUMMARY FOR APRIL 19 2019...
VALID TODAY AS OF 0500 PM LOCAL TIME.

CLIMATE NORMAL PERIOD 1981 TO 2010
CLIMATE RECORD PERIOD 1893 TO 2019


WEATHER ITEM   OBSERVED TIME   RECORD YEAR NORMAL DEPARTURE LAST
                VALUE   (LST)  VALUE       VALUE  FROM      YEAR
                                                  NORMAL
..................................................................
TEMPERATURE (F)
 TODAY
  MAXIMUM         76    356 PM  86    1962  66     10       75
  MINIMUM         42    600 AM  25    2013  39      3       37
  AVERAGE         59                        53      6       56

PRECIPITATION (IN)
  TODAY            0.00          0.49 1909   0.03  -0.03     0.00
  MONTH TO DATE    0.06                      0.60  -0.54     0.64
  SINCE MAR 1      2.35                      1.52   0.83     1.23
  SINCE JAN 1      3.79                      2.64   1.15     2.71

SNOWFALL (IN)
  TODAY            0.0           0.9  1941   0.0    0.0      0.0
  MONTH TO DATE    T                         0.8   -0.8      0.0
  SINCE MAR 1      T                         3.4   -3.4      0.2
  SINCE JUL 1     17.4                      18.9   -1.5      9.0
  SNOW DEPTH      MM

DEGREE DAYS
 HEATING
  TODAY            6                        12     -6        9
  MONTH TO DATE  226                       285    -59      245
  SINCE MAR 1    879                       938    -59      857
  SINCE JUL 1   5334                      5317     17     4827

 COOLING
  TODAY            0                         0      0        0
  MONTH TO DATE    0                         0      0        0
  SINCE MAR 1      0                         0      0        0
  SINCE JAN 1      0                         0      0        0
..................................................................


WIND (MPH)
  HIGHEST WIND SPEED    15   HIGHEST WIND DIRECTION    SE (120)
  HIGHEST GUST SPEED    18   HIGHEST GUST DIRECTION     W (270)
  AVERAGE WIND SPEED     7.1


SKY COVER
  POSSIBLE SUNSHINE  MM
  AVERAGE SKY COVER 0.0


WEATHER CONDITIONS
 THE FOLLOWING WEATHER WAS RECORDED TODAY.
  NO SIGNIFICANT WEATHER WAS OBSERVED.


RELATIVE HUMIDITY (PERCENT)
 HIGHEST    57           500 AM
 LOWEST     16           400 PM
 AVERAGE    37

..........................................................


THE GRAND JUNCTION CO CLIMATE NORMALS FOR TOMORROW
                         NORMAL    RECORD    YEAR
 MAXIMUM TEMPERATURE (F)   67        85      1989
 MINIMUM TEMPERATURE (F)   39        25      1967


SUNRISE AND SUNSET
APRIL 19 2019.........SUNRISE   632 AM MDT   SUNSET   755 PM MDT
APRIL 20 2019.........SUNRISE   630 AM MDT   SUNSET   756 PM MDT


-  INDICATES NEGATIVE NUMBERS.
R  INDICATES RECORD WAS SET OR TIED.
MM INDICATES DATA IS MISSING.
T  INDICATES TRACE AMOUNT.




$$
