000
CDUS45 KGJT 190742
CLIGJT


CLIMATE REPORT
NATIONAL WEATHER SERVICE GRAND JUNCTION CO
139 AM MDT WED JUN 19 2019


...................................

...THE GRAND JUNCTION CO CLIMATE SUMMARY FOR JUNE 18 2019...

CLIMATE NORMAL PERIOD 1981 TO 2010
CLIMATE RECORD PERIOD 1893 TO 2019


WEATHER ITEM   OBSERVED TIME   RECORD YEAR NORMAL DEPARTURE LAST
                VALUE   (LST)  VALUE       VALUE  FROM      YEAR
                                                  NORMAL
..................................................................
TEMPERATURE (F)
 YESTERDAY
  MAXIMUM         78    358 PM 102    1940  89    -11       89
                                      1936
  MINIMUM         54    405 AM  39    1895  57     -3       62
  AVERAGE         66                        73     -7       76

PRECIPITATION (IN)
  YESTERDAY        0.02          0.41 1911   0.02   0.00      T
  MONTH TO DATE    0.30                      0.30   0.00     0.09
  SINCE JUN 1      0.30                      0.30   0.00     0.09
  SINCE JAN 1      6.14                      4.13   2.01     3.04

SNOWFALL (IN)
  YESTERDAY        0.0           0.0  2018   0.0    0.0      0.0
  MONTH TO DATE    0.0                       0.0    0.0      0.0
  SINCE JUN 1      0.0                       0.0    0.0      0.0
  SINCE JUL 1     17.4                      19.1   -1.7      9.0
  SNOW DEPTH       0

DEGREE DAYS
 HEATING
  YESTERDAY        0                         0      0        0
  MONTH TO DATE    5                        20    -15        0
  SINCE JUN 1      5                        20    -15        0
  SINCE JUL 1   5661                      5609     52     4959

 COOLING
  YESTERDAY        1                         8     -7       11
  MONTH TO DATE   98                       108    -10      197
  SINCE JUN 1     98                       108    -10      197
  SINCE JAN 1    110                       159    -49      283
..................................................................


WIND (MPH)
  HIGHEST WIND SPEED    17   HIGHEST WIND DIRECTION    SE (150)
  HIGHEST GUST SPEED    22   HIGHEST GUST DIRECTION    SE (150)
  AVERAGE WIND SPEED     6.8


SKY COVER
  POSSIBLE SUNSHINE  MM
  AVERAGE SKY COVER 0.5


WEATHER CONDITIONS
 THE FOLLOWING WEATHER WAS RECORDED YESTERDAY.
  LIGHT RAIN


RELATIVE HUMIDITY (PERCENT)
 HIGHEST    86          1200 AM
 LOWEST     33           400 PM
 AVERAGE    60

..........................................................


THE GRAND JUNCTION CO CLIMATE NORMALS FOR TODAY
                         NORMAL    RECORD    YEAR
 MAXIMUM TEMPERATURE (F)   89       102      1936
 MINIMUM TEMPERATURE (F)   58        40      1973


SUNRISE AND SUNSET
JUNE 19 2019..........SUNRISE   548 AM MDT   SUNSET   843 PM MDT
JUNE 20 2019..........SUNRISE   548 AM MDT   SUNSET   843 PM MDT


-  INDICATES NEGATIVE NUMBERS.
R  INDICATES RECORD WAS SET OR TIED.
MM INDICATES DATA IS MISSING.
T  INDICATES TRACE AMOUNT.




$$
