000
CDUS43 KGLD 250759
CLIGLD

CLIMATE REPORT
NATIONAL WEATHER SERVICE GOODLAND
156 AM MDT TUE JUN 25 2019

...................................

...THE GOODLAND KS CLIMATE SUMMARY FOR JUNE 24 2019...

CLIMATE NORMAL PERIOD 1981 TO 2010
CLIMATE RECORD PERIOD 1895 TO 2019

WEATHER ITEM   OBSERVED TIME   RECORD YEAR NORMAL DEPARTURE LAST
                VALUE   (LST)  VALUE       VALUE  FROM      YEAR
                                                  NORMAL
..................................................................
TEMPERATURE (F)
 YESTERDAY
  MAXIMUM         85    254 PM 109    2012  87     -2       75
  MINIMUM         46    209 AM  42    1940  58    -12       52
  AVERAGE         66                        73     -7       64

PRECIPITATION (IN)
  YESTERDAY        0.00          1.92 1989   0.12  -0.12     1.57
  MONTH TO DATE    2.26                      2.63  -0.37     3.99
  SINCE JUN 1      2.26                      2.63  -0.37     3.99
  SINCE JAN 1      9.68                      9.11   0.57    13.27

SNOWFALL (IN)
  YESTERDAY        0.0                       0.0    0.0      0.0
  MONTH TO DATE    0.0                       0.0    0.0      0.0
  SINCE JUN 1      0.0                       0.0    0.0      0.0
  SINCE JUL 1     29.3                      35.5   -6.2     25.3
  SNOW DEPTH       0

DEGREE DAYS
 HEATING
  YESTERDAY        0                         0      0        1
  MONTH TO DATE   32                        36     -4        3
  SINCE JUN 1     32                        36     -4        3
  SINCE JUL 1   6206                      5902    304     5605

 COOLING
  YESTERDAY        1                         8     -7        0
  MONTH TO DATE   70                       127    -57      204
  SINCE JUN 1     70                       127    -57      204
  SINCE JAN 1     93                       168    -75      290
..................................................................

WIND (MPH)
  HIGHEST WIND SPEED    20   HIGHEST WIND DIRECTION     W (260)
  HIGHEST GUST SPEED    28   HIGHEST GUST DIRECTION     W (280)
  AVERAGE WIND SPEED    11.7


SKY COVER
  AVERAGE SKY COVER 0.1


WEATHER CONDITIONS
 THE FOLLOWING WEATHER WAS RECORDED YESTERDAY.
  NO SIGNIFICANT WEATHER WAS OBSERVED.


RELATIVE HUMIDITY (PERCENT)
 HIGHEST   100
 LOWEST     25
 AVERAGE    63

..........................................................


THE GOODLAND KS CLIMATE NORMALS FOR TODAY
                         NORMAL    RECORD    YEAR
 MAXIMUM TEMPERATURE (F)   88       107      2012
 MINIMUM TEMPERATURE (F)   58        42      1958


SUNRISE AND SUNSET
JUNE 25 2019..........SUNRISE   421 AM MST   SUNSET   718 PM MST
JUNE 26 2019..........SUNRISE   422 AM MST   SUNSET   718 PM MST


-  INDICATES NEGATIVE NUMBERS.
R  INDICATES RECORD WAS SET OR TIED.
MM INDICATES DATA IS MISSING.
T  INDICATES TRACE AMOUNT.

&&

THE AVERAGE SOIL TEMPERATURE AT THE FOUR INCH DEPTH... 61

$$
