000
CDUS43 KGLD 190746
CLIGLD

CLIMATE REPORT
NATIONAL WEATHER SERVICE GOODLAND
146 AM MDT FRI APR 19 2019

...................................

...THE GOODLAND KS CLIMATE SUMMARY FOR APRIL 18 2019...

CLIMATE NORMAL PERIOD 1981 TO 2010
CLIMATE RECORD PERIOD 1895 TO 2019

WEATHER ITEM   OBSERVED TIME   RECORD YEAR NORMAL DEPARTURE LAST
                VALUE   (LST)  VALUE       VALUE  FROM      YEAR
                                                  NORMAL
..................................................................
TEMPERATURE (F)
 YESTERDAY
  MAXIMUM         61    209 PM  91    1987  64     -3       60
  MINIMUM         32   1113 PM  14    1944  35     -3       29
  AVERAGE         47                        50     -3       45

PRECIPITATION (IN)
  YESTERDAY        T             2.95 1942   0.05  -0.05     0.00
  MONTH TO DATE    0.33                      0.84  -0.51     0.44
  SINCE MAR 1      1.50                      1.91  -0.41     0.85
  SINCE JAN 1      2.27                      2.78  -0.51     2.14

SNOWFALL (IN)
  YESTERDAY        0.0                       0.1   -0.1      0.0
  MONTH TO DATE    2.3                       3.1   -0.8      3.8
  SINCE MAR 1      6.9                       9.9   -3.0      4.7
  SINCE JUL 1     29.3                      33.9   -4.6     25.2
  SNOW DEPTH       0

DEGREE DAYS
 HEATING
  YESTERDAY       18                        15      3       20
  MONTH TO DATE  270                       321    -51      386
  SINCE MAR 1   1174                      1079     95     1081
  SINCE JUL 1   5721                      5496    225     5326

 COOLING
  YESTERDAY        0                         0      0        0
  MONTH TO DATE    0                         0      0        0
  SINCE MAR 1      0                         0      0        0
  SINCE JAN 1      0                         0      0        0
..................................................................

WIND (MPH)
  HIGHEST WIND SPEED    44   HIGHEST WIND DIRECTION     N (360)
  HIGHEST GUST SPEED    59   HIGHEST GUST DIRECTION     N (350)
  AVERAGE WIND SPEED    17.3


SKY COVER
  AVERAGE SKY COVER 0.5


WEATHER CONDITIONS
 THE FOLLOWING WEATHER WAS RECORDED YESTERDAY.
  LIGHT RAIN


RELATIVE HUMIDITY (PERCENT)
 HIGHEST    85
 LOWEST     35
 AVERAGE    60

..........................................................


THE GOODLAND KS CLIMATE NORMALS FOR TODAY
                         NORMAL    RECORD    YEAR
 MAXIMUM TEMPERATURE (F)   65        87      2001
                                             1987
                                             1961
 MINIMUM TEMPERATURE (F)   36        18      1953


SUNRISE AND SUNSET
APRIL 19 2019.........SUNRISE   604 AM MDT   SUNSET   728 PM MDT
APRIL 20 2019.........SUNRISE   603 AM MDT   SUNSET   729 PM MDT


-  INDICATES NEGATIVE NUMBERS.
R  INDICATES RECORD WAS SET OR TIED.
MM INDICATES DATA IS MISSING.
T  INDICATES TRACE AMOUNT.

&&

THE AVERAGE SOIL TEMPERATURE AT THE FOUR INCH DEPTH... 54

$$
