000
CDUS43 KGLD 270102
CLIGLD

CLIMATE REPORT
NATIONAL WEATHER SERVICE GOODLAND
656 PM MDT THU APR 26 2018

...................................

...THE GOODLAND KS CLIMATE SUMMARY FOR APRIL 26 2018...
VALID TODAY AS OF 0600 PM LOCAL TIME.

CLIMATE NORMAL PERIOD 1981 TO 2010
CLIMATE RECORD PERIOD 1895 TO 2018

WEATHER ITEM   OBSERVED TIME   RECORD YEAR NORMAL DEPARTURE LAST
                VALUE   (LST)  VALUE       VALUE  FROM      YEAR
                                                  NORMAL
..................................................................
TEMPERATURE (F)
 TODAY
  MAXIMUM         64    226 PM  89    1927  67     -3       59
  MINIMUM         38    308 AM  23    2006  38      0       30
                                      1953
                                      1924
  AVERAGE         51                        53     -2       45

PRECIPITATION (IN)
  TODAY            0.00          0.74 1923   0.06  -0.06     0.00
                                      1922
  MONTH TO DATE    1.48                      1.34   0.14     1.15
  SINCE MAR 1      1.89                      2.41  -0.52     2.83
  SINCE JAN 1      3.18                      3.28  -0.10     3.76

SNOWFALL (IN)
  TODAY            0.0                       0.1   -0.1      0.0
  MONTH TO DATE    3.9                       4.0   -0.1      0.0
  SINCE MAR 1      4.8                      10.8   -6.0       T
  SINCE JUL 1     25.3                      34.8   -9.5      9.4
  SNOW DEPTH       0

DEGREE DAYS
 HEATING
  TODAY           14                        13      1       20
  MONTH TO DATE  546                       432    114      316
  SINCE MAR 1   1241                      1190     51      911
  SINCE JUL 1   5486                      5607   -121     4796

 COOLING
  TODAY            0                         0      0        0
  MONTH TO DATE    0                         0      0        7
  SINCE MAR 1      0                         0      0        7
  SINCE JAN 1      0                         0      0        7
..................................................................

WIND (MPH)
  HIGHEST WIND SPEED    41   HIGHEST WIND DIRECTION     N (350)
  HIGHEST GUST SPEED    55   HIGHEST GUST DIRECTION     N (360)
  AVERAGE WIND SPEED    22.0


SKY COVER
  AVERAGE SKY COVER 0.1


WEATHER CONDITIONS
 THE FOLLOWING WEATHER WAS RECORDED TODAY.
  NO SIGNIFICANT WEATHER WAS OBSERVED.


RELATIVE HUMIDITY (PERCENT)
 HIGHEST    73           400 AM
 LOWEST     25           400 PM
 AVERAGE    49

..........................................................


THE GOODLAND KS CLIMATE NORMALS FOR TOMORROW
                         NORMAL    RECORD    YEAR
 MAXIMUM TEMPERATURE (F)   67        90      1953
 MINIMUM TEMPERATURE (F)   39        22      1994


SUNRISE AND SUNSET
APRIL 26 2018.........SUNRISE   554 AM MDT   SUNSET   735 PM MDT
APRIL 27 2018.........SUNRISE   553 AM MDT   SUNSET   736 PM MDT


-  INDICATES NEGATIVE NUMBERS.
R  INDICATES RECORD WAS SET OR TIED.
MM INDICATES DATA IS MISSING.
T  INDICATES TRACE AMOUNT.

&&

THE AVERAGE SOIL TEMPERATURE AT THE FOUR INCH DEPTH... 46

$$
