000
CDUS44 KJAN 210646
CLIGLH


CLIMATE REPORT
NATIONAL WEATHER SERVICE JACKSON MS
143 AM CDT SUN APR 21 2019


...................................

...THE GREENVILLE CLIMATE SUMMARY FOR APRIL 20 2019...

CLIMATE NORMAL PERIOD 1981 TO 2010
CLIMATE RECORD PERIOD 1903 TO 2019


WEATHER ITEM   OBSERVED TIME   RECORD YEAR NORMAL DEPARTURE LAST
                VALUE   (LST)  VALUE       VALUE  FROM      YEAR
                                                  NORMAL
..................................................................
TEMPERATURE (F)
 YESTERDAY
  MAXIMUM         71    438 PM  95    1987  76     -5       70
  MINIMUM         47    553 AM  37    1939  54     -7       41
                                      1926
  AVERAGE         59                        65     -6       56

PRECIPITATION (IN)
  YESTERDAY        0.00          2.85 1995   0.16  -0.16     0.00
  MONTH TO DATE    8.52                      3.37   5.15     3.71
  SINCE MAR 1     12.01                      7.92   4.09     9.73
  SINCE JAN 1     29.52                     17.91  11.61    22.72

SNOWFALL (IN)
  YESTERDAY        0.0

DEGREE DAYS
 HEATING
  YESTERDAY        6                         3      3        9
  MONTH TO DATE   96                        99     -3      174
  SINCE MAR 1    464                       435     29      442
  SINCE JUL 1   2615                      2744   -129     2655

 COOLING
  YESTERDAY        0                         2     -2        0
  MONTH TO DATE   20                        31    -11       12
  SINCE MAR 1     23                        48    -25       33
  SINCE JAN 1     34                        53    -19       55
..................................................................


WIND (MPH)
  HIGHEST WIND SPEED    17   HIGHEST WIND DIRECTION    NW (320)
  HIGHEST GUST SPEED    22   HIGHEST GUST DIRECTION     N (340)
  AVERAGE WIND SPEED     8.9


SKY COVER
  POSSIBLE SUNSHINE  MM
  AVERAGE SKY COVER 0.0


WEATHER CONDITIONS
 THE FOLLOWING WEATHER WAS RECORDED YESTERDAY.
  NO SIGNIFICANT WEATHER WAS OBSERVED.


RELATIVE HUMIDITY (PERCENT)
 HIGHEST    77          1200 AM
 LOWEST     28           300 PM
 AVERAGE    53

..........................................................


THE GREENVILLE CLIMATE NORMALS FOR TODAY
                         NORMAL    RECORD    YEAR
 MAXIMUM TEMPERATURE (F)   76        95      1987
 MINIMUM TEMPERATURE (F)   54        34      1953


SUNRISE AND SUNSET
APRIL 21 2019.........SUNRISE   627 AM CDT   SUNSET   739 PM CDT
APRIL 22 2019.........SUNRISE   625 AM CDT   SUNSET   740 PM CDT


-  INDICATES NEGATIVE NUMBERS.
R  INDICATES RECORD WAS SET OR TIED.
MM INDICATES DATA IS MISSING.
T  INDICATES TRACE AMOUNT.




$$
