000
CDUS44 KJAN 172124
CLIGLH


CLIMATE REPORT
NATIONAL WEATHER SERVICE JACKSON MS
413 PM CDT MON JUN 17 2019


...................................

...THE GREENVILLE CLIMATE SUMMARY FOR JUNE 17 2019...
VALID TODAY AS OF 0400 PM LOCAL TIME.

CLIMATE NORMAL PERIOD 1981 TO 2010
CLIMATE RECORD PERIOD 1903 TO 2019


WEATHER ITEM   OBSERVED TIME   RECORD YEAR NORMAL DEPARTURE LAST
                VALUE   (LST)  VALUE       VALUE  FROM      YEAR
                                                  NORMAL
..................................................................
TEMPERATURE (F)
 TODAY
  MAXIMUM         85    237 PM 102    1918  90     -5       92
  MINIMUM         68    407 AM  51    1917  69     -1       73
  AVERAGE         77                        80     -3       83

PRECIPITATION (IN)
  TODAY            0.00          2.50 1985   0.14  -0.14      T
  MONTH TO DATE    1.14                      1.99  -0.85     0.45
  SINCE JUN 1      1.14                      1.99  -0.85     0.45
  SINCE JAN 1     43.96                     26.25  17.71    25.53

SNOWFALL (IN)
  TODAY            0.0

DEGREE DAYS
 HEATING
  TODAY            0                         0      0        0
  MONTH TO DATE    0                         0      0        0
  SINCE JUN 1      0                         0      0        0
  SINCE JUL 1   2617                      2774   -157     2677

 COOLING
  TODAY           12                        14     -2       18
  MONTH TO DATE  211                       217     -6      272
  SINCE JUN 1    211                       217     -6      272
  SINCE JAN 1    607                       539     68      708
..................................................................


WIND (MPH)
  HIGHEST WIND SPEED    17   HIGHEST WIND DIRECTION    SE (150)
  HIGHEST GUST SPEED    22   HIGHEST GUST DIRECTION    SE (150)
  AVERAGE WIND SPEED     6.5


SKY COVER
  POSSIBLE SUNSHINE  MM
  AVERAGE SKY COVER 0.3


WEATHER CONDITIONS
 THE FOLLOWING WEATHER WAS RECORDED TODAY.
  THUNDERSTORM


RELATIVE HUMIDITY (PERCENT)
 HIGHEST    93           400 AM
 LOWEST     69          1000 AM
 AVERAGE    81

..........................................................


THE GREENVILLE CLIMATE NORMALS FOR TOMORROW
                         NORMAL    RECORD    YEAR
 MAXIMUM TEMPERATURE (F)   90       100      2011
                                             1918
 MINIMUM TEMPERATURE (F)   70        58      1960


SUNRISE AND SUNSET
JUNE 17 2019..........SUNRISE   554 AM CDT   SUNSET   816 PM CDT
JUNE 18 2019..........SUNRISE   554 AM CDT   SUNSET   816 PM CDT


-  INDICATES NEGATIVE NUMBERS.
R  INDICATES RECORD WAS SET OR TIED.
MM INDICATES DATA IS MISSING.
T  INDICATES TRACE AMOUNT.




$$
