000
CDUS44 KJAN 222141
CLIGLH


CLIMATE REPORT
NATIONAL WEATHER SERVICE JACKSON MS
408 PM CDT TUE OCT 22 2019


...................................

...THE GREENVILLE CLIMATE SUMMARY FOR OCTOBER 22 2019...
VALID TODAY AS OF 0400 PM LOCAL TIME.

CLIMATE NORMAL PERIOD 1981 TO 2010
CLIMATE RECORD PERIOD 1903 TO 2019


WEATHER ITEM   OBSERVED TIME   RECORD YEAR NORMAL DEPARTURE LAST
                VALUE   (LST)  VALUE       VALUE  FROM      YEAR
                                                  NORMAL
..................................................................
TEMPERATURE (F)
 TODAY
  MAXIMUM         70    259 PM  92    1941  75     -5       67
                                      1939
  MINIMUM         45    628 AM  30    1917  51     -6       36
  AVERAGE         58                        63     -5       52

PRECIPITATION (IN)
  TODAY            0.00          1.97 1994   0.16  -0.16     0.00
  MONTH TO DATE    4.00                      3.26   0.74     1.20
  SINCE SEP 1      4.66                      6.34  -1.68     3.03
  SINCE JAN 1     65.34                     40.90  24.44    44.18

SNOWFALL (IN)
  TODAY            0.0

DEGREE DAYS
 HEATING
  TODAY            7                         5      2       13
  MONTH TO DATE   57                        55      2       72
  SINCE SEP 1     57                        61     -4       73
  SINCE JUL 1     57                        61     -4       73

 COOLING
  TODAY            0                         2     -2        0
  MONTH TO DATE  133                        77     56      156
  SINCE SEP 1    674                       378    296      557
  SINCE JAN 1   2538                      2157    381     2439
..................................................................


WIND (MPH)
  HIGHEST WIND SPEED    24   HIGHEST WIND DIRECTION    NW (310)
  HIGHEST GUST SPEED    30   HIGHEST GUST DIRECTION    NW (320)
  AVERAGE WIND SPEED    10.0


SKY COVER
  POSSIBLE SUNSHINE  MM
  AVERAGE SKY COVER 0.0


WEATHER CONDITIONS
 THE FOLLOWING WEATHER WAS RECORDED TODAY.
  NO SIGNIFICANT WEATHER WAS OBSERVED.


RELATIVE HUMIDITY (PERCENT)
 HIGHEST    80          1200 AM
 LOWEST     27           100 PM
 AVERAGE    54

..........................................................


THE GREENVILLE CLIMATE NORMALS FOR TOMORROW
                         NORMAL    RECORD    YEAR
 MAXIMUM TEMPERATURE (F)   75        93      1939
 MINIMUM TEMPERATURE (F)   50        31      1917


SUNRISE AND SUNSET
OCTOBER 22 2019.......SUNRISE   714 AM CDT   SUNSET   622 PM CDT
OCTOBER 23 2019.......SUNRISE   715 AM CDT   SUNSET   621 PM CDT


-  INDICATES NEGATIVE NUMBERS.
R  INDICATES RECORD WAS SET OR TIED.
MM INDICATES DATA IS MISSING.
T  INDICATES TRACE AMOUNT.




$$
