000
CDUS44 KHGX 250727
CLIGLS


CLIMATE REPORT
NATIONAL WEATHER SERVICE HOUSTON/GALVESTON TX
226 AM CDT THU APR 25 2019


...................................

...THE GALVESTON CLIMATE SUMMARY FOR APRIL 24 2019...

CLIMATE NORMAL PERIOD 1981 TO 2010
CLIMATE RECORD PERIOD 1875 TO 2019


WEATHER ITEM   OBSERVED TIME   RECORD YEAR NORMAL DEPARTURE LAST
                VALUE   (LST)  VALUE       VALUE  FROM      YEAR
                                                  NORMAL
..................................................................
TEMPERATURE (F)
 YESTERDAY
  MAXIMUM         77    306 PM  87    1955  78     -1       79
  MINIMUM         70    637 AM  53    1995  67      3       64
  AVERAGE         74                        72      2       72

PRECIPITATION (IN)
  YESTERDAY        0.04          2.75 1926   0.08  -0.04     0.00
  MONTH TO DATE    0.99                      2.56  -1.57     1.89
  SINCE MAR 1      2.52                      5.72  -3.20     3.23
  SINCE JAN 1      9.40                     12.49  -3.09     7.39

SNOWFALL (IN)
  YESTERDAY        0.0
  MONTH TO DATE    0.0
  SINCE JUL 1      T

DEGREE DAYS
 HEATING
  YESTERDAY        0                         0      0        0
  MONTH TO DATE   25                        16      9       19
  SINCE MAR 1    145                       119     26       39
  SINCE JUL 1    973                      1007    -34      816

 COOLING
  YESTERDAY        9                         7      2        7
  MONTH TO DATE  121                       124     -3      116
  SINCE MAR 1    179                       177      2      283
  SINCE JAN 1    197                       194      3      384
..................................................................


WIND (MPH)
  RESULTANT WIND SPEED  11   RESULTANT WIND DIRECTION   E (110)
  HIGHEST WIND SPEED    22   HIGHEST WIND DIRECTION    SE (150)
  HIGHEST GUST SPEED    28   HIGHEST GUST DIRECTION    SE (150)
  AVERAGE WIND SPEED    12.4


SKY COVER
  AVERAGE SKY COVER 0.9


WEATHER CONDITIONS
 THE FOLLOWING WEATHER WAS RECORDED YESTERDAY.
  THUNDERSTORM
  LIGHT RAIN
  FOG


RELATIVE HUMIDITY (PERCENT)
 HIGHEST    97
 LOWEST     82
 AVERAGE    90

..........................................................


THE GALVESTON CLIMATE NORMALS FOR TODAY
                         NORMAL    RECORD    YEAR
 MAXIMUM TEMPERATURE (F)   78        87      2003
                                             1988
 MINIMUM TEMPERATURE (F)   67        45      1910


SUNRISE AND SUNSET
APRIL 25 2019.........SUNRISE   643 AM CDT   SUNSET   752 PM CDT
APRIL 26 2019.........SUNRISE   642 AM CDT   SUNSET   753 PM CDT


-  INDICATES NEGATIVE NUMBERS.
R  INDICATES RECORD WAS SET OR TIED.
MM INDICATES DATA IS MISSING.
T  INDICATES TRACE AMOUNT.




$$
