000
CDUS44 KHGX 222116
CLIGLS


CLIMATE REPORT
NATIONAL WEATHER SERVICE HOUSTON/GALVESTON TX
415 PM CDT MON JUL 22 2019


...................................

...THE GALVESTON CLIMATE SUMMARY FOR JULY 22 2019...
VALID TODAY AS OF 400 PM LOCAL TIME.

CLIMATE NORMAL PERIOD 1981 TO 2010
CLIMATE RECORD PERIOD 1875 TO 2019


WEATHER ITEM   OBSERVED TIME   RECORD YEAR NORMAL DEPARTURE LAST
                VALUE   (LST)  VALUE       VALUE  FROM      YEAR
                                                  NORMAL
..................................................................
TEMPERATURE (F)
 TODAY
  MAXIMUM         91    257 PM  97    1965  90      1       91
  MINIMUM         82    742 AM  69    1970  80      2       81
                                      1919
  AVERAGE         87                        85      2       86

PRECIPITATION (IN)
  TODAY            T             3.11 1901   0.11  -0.11     0.00
  MONTH TO DATE    0.58                      3.00  -2.42     3.87
  SINCE JUN 1      8.04                      8.69  -0.65     8.87
  SINCE JAN 1     24.16                     25.99  -1.83    16.99

SNOWFALL (IN)
  TODAY            0.0
  MONTH TO DATE    0.0
  SINCE JUL 1      0.0

DEGREE DAYS
 HEATING
  TODAY            0                         0      0        0
  MONTH TO DATE    0                         0      0        0
  SINCE JUN 1      0                         0      0        0
  SINCE JUL 1      0                         0      0        0

 COOLING
  TODAY           22                        20      2       21
  MONTH TO DATE  485                       424     61      424
  SINCE JUN 1   1035                       959     76     1024
  SINCE JAN 1   1729                      1594    135     1927
..................................................................


WIND (MPH)
  RESULTANT WIND SPEED   7   RESULTANT WIND DIRECTION   S (190)
  HIGHEST WIND SPEED    14   HIGHEST WIND DIRECTION     S (170)
  HIGHEST GUST SPEED    16   HIGHEST GUST DIRECTION     S (180)
  AVERAGE WIND SPEED     8.0


SKY COVER
  AVERAGE SKY COVER 0.3


WEATHER CONDITIONS
 THE FOLLOWING WEATHER WAS RECORDED TODAY.
  THUNDERSTORM
  LIGHT RAIN


RELATIVE HUMIDITY (PERCENT)
 HIGHEST    82          1200 AM
 LOWEST     56           300 PM
 AVERAGE    69

..........................................................


THE GALVESTON CLIMATE NORMALS FOR TOMORROW
                         NORMAL    RECORD    YEAR
 MAXIMUM TEMPERATURE (F)   90        95      1984
                                             1875
 MINIMUM TEMPERATURE (F)   80        69      1904
                                             1880


SUNRISE AND SUNSET
JULY 22 2019..........SUNRISE   634 AM CDT   SUNSET   818 PM CDT
JULY 23 2019..........SUNRISE   635 AM CDT   SUNSET   817 PM CDT


-  INDICATES NEGATIVE NUMBERS.
R  INDICATES RECORD WAS SET OR TIED.
MM INDICATES DATA IS MISSING.
T  INDICATES TRACE AMOUNT.




$$
