000
CDUS42 KJAX 200533
CLIGNV


CLIMATE REPORT
NATIONAL WEATHER SERVICE JACKSONVILLE FL
132 AM EDT THU JUN 20 2019


...................................

...THE GAINESVILLE CLIMATE SUMMARY FOR JUNE 19 2019...

CLIMATE NORMAL PERIOD 1981 TO 2010
CLIMATE RECORD PERIOD 1890 TO 2019


WEATHER ITEM   OBSERVED TIME   RECORD YEAR NORMAL DEPARTURE LAST
                VALUE   (LST)  VALUE       VALUE  FROM      YEAR
                                                  NORMAL
..................................................................
TEMPERATURE (F)
 YESTERDAY
  MAXIMUM         87   1115 AM 101    1897  90     -3       94
  MINIMUM         75    640 PM  58    1961  70      5       74
  AVERAGE         81                        80      1       84

PRECIPITATION (IN)
  YESTERDAY        2.33          4.03 1972   0.26   2.07     0.23
  MONTH TO DATE    9.30                      4.19   5.11     2.81
  SINCE JUN 1      9.30                      4.19   5.11     2.81
  SINCE JAN 1     22.67                     20.18   2.49    26.99

SNOWFALL (IN)
  YESTERDAY        0.0           0.0    MM   0.0    0.0      0.0
  MONTH TO DATE    0.0                       0.0    0.0      0.0
  SINCE JUN 1      0.0                       0.0    0.0      0.0
  SINCE JUL 1      0.0                       0.0    0.0      0.0
  SNOW DEPTH       0

DEGREE DAYS
 HEATING
  YESTERDAY        0                         0      0        0
  MONTH TO DATE    0                         0      0        0
  SINCE JUN 1      0                         0      0        0
  SINCE JUL 1    763                      1218   -455     1104

 COOLING
  YESTERDAY       16                        15      1       19
  MONTH TO DATE  351                       269     82      311
  SINCE JUN 1    351                       269     82      311
  SINCE JAN 1   1320                       779    541      988
..................................................................


WIND (MPH)
  HIGHEST WIND SPEED    32   HIGHEST WIND DIRECTION     S (200)
  HIGHEST GUST SPEED    43   HIGHEST GUST DIRECTION    SW (210)
  AVERAGE WIND SPEED     6.3


SKY COVER
  POSSIBLE SUNSHINE  MM
  AVERAGE SKY COVER 0.5


WEATHER CONDITIONS
 THE FOLLOWING WEATHER WAS RECORDED YESTERDAY.
  THUNDERSTORM
  HEAVY RAIN
  RAIN
  LIGHT RAIN
  FOG
  HAZE


RELATIVE HUMIDITY (PERCENT)
 HIGHEST    85          1200 AM
 LOWEST     79           200 AM
 AVERAGE    82

..........................................................


THE GAINESVILLE CLIMATE NORMALS FOR TODAY
                         NORMAL    RECORD    YEAR
 MAXIMUM TEMPERATURE (F)   90       100      1990
 MINIMUM TEMPERATURE (F)   70        59      1899


SUNRISE AND SUNSET
JUNE 20 2019..........SUNRISE   629 AM EDT   SUNSET   832 PM EDT
JUNE 21 2019..........SUNRISE   629 AM EDT   SUNSET   832 PM EDT


-  INDICATES NEGATIVE NUMBERS.
R  INDICATES RECORD WAS SET OR TIED.
MM INDICATES DATA IS MISSING.
T  INDICATES TRACE AMOUNT.




$$
