000
CDUS42 KJAX 200553
CLIGNV


CLIMATE REPORT
NATIONAL WEATHER SERVICE JACKSONVILLE FL
152 AM EDT SAT APR 20 2019


...................................

...THE GAINESVILLE CLIMATE SUMMARY FOR APRIL 19 2019...

CLIMATE NORMAL PERIOD 1981 TO 2010
CLIMATE RECORD PERIOD 1890 TO 2019


WEATHER ITEM   OBSERVED TIME   RECORD YEAR NORMAL DEPARTURE LAST
                VALUE   (LST)  VALUE       VALUE  FROM      YEAR
                                                  NORMAL
..................................................................
TEMPERATURE (F)
 YESTERDAY
  MAXIMUM         82   1034 AM  94    2011  81      1       85
  MINIMUM         61   1159 PM  34    2001  55      6       57
  AVERAGE         72                        68      4       71

PRECIPITATION (IN)
  YESTERDAY        0.98          4.70 1900   0.09   0.89     0.00
  MONTH TO DATE    1.96                      1.81   0.15     6.97
  SINCE MAR 1      3.83                      6.14  -2.31     9.38
  SINCE JAN 1     10.26                     12.65  -2.39    15.28

SNOWFALL (IN)
  YESTERDAY        0.0           0.0    MM   0.0    0.0      0.0
  MONTH TO DATE    0.0                       0.0    0.0      0.0
  SINCE MAR 1      0.0                       0.0    0.0      0.0
  SINCE JUL 1      0.0                       0.0    0.0      0.0
  SNOW DEPTH       0

DEGREE DAYS
 HEATING
  YESTERDAY        0                         1     -1        0
  MONTH TO DATE   12                        34    -22       17
  SINCE MAR 1     77                       171    -94      201
  SINCE JUL 1    759                      1205   -446     1104

 COOLING
  YESTERDAY        7                         4      3        6
  MONTH TO DATE  147                        63     84       76
  SINCE MAR 1    253                       117    136      127
  SINCE JAN 1    408                       149    259      255
..................................................................


WIND (MPH)
  HIGHEST WIND SPEED    43   HIGHEST WIND DIRECTION     W (260)
  HIGHEST GUST SPEED    53   HIGHEST GUST DIRECTION     W (260)
  AVERAGE WIND SPEED    13.3


SKY COVER
  POSSIBLE SUNSHINE  MM
  AVERAGE SKY COVER 0.7


WEATHER CONDITIONS
 THE FOLLOWING WEATHER WAS RECORDED YESTERDAY.
  THUNDERSTORM
  HEAVY RAIN
  RAIN
  LIGHT RAIN
  FOG
  HAZE


RELATIVE HUMIDITY (PERCENT)
 HIGHEST    90           200 PM
 LOWEST     59           700 PM
 AVERAGE    75

..........................................................


THE GAINESVILLE CLIMATE NORMALS FOR TODAY
                         NORMAL    RECORD    YEAR
 MAXIMUM TEMPERATURE (F)   81        94      1892
 MINIMUM TEMPERATURE (F)   56        41      1936


SUNRISE AND SUNSET
APRIL 20 2019.........SUNRISE   657 AM EDT   SUNSET   759 PM EDT
APRIL 21 2019.........SUNRISE   656 AM EDT   SUNSET   800 PM EDT


-  INDICATES NEGATIVE NUMBERS.
R  INDICATES RECORD WAS SET OR TIED.
MM INDICATES DATA IS MISSING.
T  INDICATES TRACE AMOUNT.




$$
