000
CDUS45 KMSO 220738
CLIGPI


CLIMATE REPORT
NATIONAL WEATHER SERVICE MISSOULA, MT
137 AM MDT MON APR 22 2019


...................................

...THE KALISPELL MT CLIMATE SUMMARY FOR APRIL 21 2019...

CLIMATE NORMAL PERIOD 1981 TO 2010
CLIMATE RECORD PERIOD 1894 TO 2019


WEATHER ITEM   OBSERVED TIME   RECORD YEAR NORMAL DEPARTURE LAST
                VALUE   (LST)  VALUE       VALUE  FROM      YEAR
                                                  NORMAL
..................................................................
TEMPERATURE (F)
 YESTERDAY
  MAXIMUM         63    430 PM  82    1906  58      5       58
  MINIMUM         34   1159 PM  18    1951  32      2       34
  AVERAGE         49                        45      4       46

PRECIPITATION (IN)
  YESTERDAY        0.00          0.39 1978   0.04  -0.04      T
  MONTH TO DATE    1.54                      0.85   0.69     1.21
  SINCE OCT 1      8.39                      8.24   0.15    10.10
  SINCE JAN 1      5.01                      4.24   0.77     4.95

SNOWFALL (IN)
  YESTERDAY        0.0
  MONTH TO DATE    T
  SINCE JAN 1     54.8
  SINCE JUL 1     65.9
  SNOW DEPTH       0

DEGREE DAYS
 HEATING
  YESTERDAY       16                        20     -4       19
  MONTH TO DATE  461                       470     -9      561
  SINCE MAR 1   1642                      1389    253     1561
  SINCE JUL 1   7649                      7241    408     7217

 COOLING
  YESTERDAY        0                         0      0        0
  MONTH TO DATE    0                         0      0        0
  SINCE MAR 1      0                         0      0        0
  SINCE JAN 1      0                         0      0        0
..................................................................


WIND (MPH)
  HIGHEST WIND SPEED    14   HIGHEST WIND DIRECTION     S (190)
  HIGHEST GUST SPEED    17   HIGHEST GUST DIRECTION    SE (150)
  AVERAGE WIND SPEED     5.7


SKY COVER
  POSSIBLE SUNSHINE  MM
  AVERAGE SKY COVER 0.2


WEATHER CONDITIONS
 THE FOLLOWING WEATHER WAS RECORDED YESTERDAY.
  NO SIGNIFICANT WEATHER WAS OBSERVED.


RELATIVE HUMIDITY (PERCENT)
 HIGHEST    82           400 AM
 LOWEST     30           300 PM
 AVERAGE    56

..........................................................


THE KALISPELL MT CLIMATE NORMALS FOR TODAY
                         NORMAL    RECORD    YEAR
 MAXIMUM TEMPERATURE (F)   58        80      1969
 MINIMUM TEMPERATURE (F)   32        16      1968


SUNRISE AND SUNSET
APRIL 22 2019.........SUNRISE   634 AM MDT   SUNSET   838 PM MDT
APRIL 23 2019.........SUNRISE   632 AM MDT   SUNSET   839 PM MDT


-  INDICATES NEGATIVE NUMBERS.
R  INDICATES RECORD WAS SET OR TIED.
MM INDICATES DATA IS MISSING.
T  INDICATES TRACE AMOUNT.




$$
