000
CDUS43 KGRB 212125
CLIGRB


CLIMATE REPORT
NATIONAL WEATHER SERVICE GREEN BAY
424 PM CDT SUN APR 21 2019


...................................

...THE GREEN BAY WI CLIMATE SUMMARY FOR APRIL 21 2019...
VALID TODAY AS OF 0400 PM LOCAL TIME.

CLIMATE NORMAL PERIOD 1981 TO 2010
CLIMATE RECORD PERIOD 1886 TO 2019


WEATHER ITEM   OBSERVED TIME   RECORD YEAR NORMAL DEPARTURE LAST
                VALUE   (LST)  VALUE       VALUE  FROM      YEAR
                                                  NORMAL
..................................................................
TEMPERATURE (F)
 TODAY
  MAXIMUM         74    119 PM  82    1985  57     17       52
  MINIMUM         48    512 AM  21    1959  36     12       28
  AVERAGE         61                        46     15       40

PRECIPITATION (IN)
  TODAY            0.00          1.27 1937   0.09  -0.09     0.00
  MONTH TO DATE    2.54                      1.82   0.72     4.85
  SINCE MAR 1      4.29                      3.67   0.62     5.84
  SINCE JAN 1      9.34                      5.91   3.43     8.34

SNOWFALL (IN)
  TODAY            0.0           3.8  2002   0.1   -0.1      0.0
  MONTH TO DATE    4.5                       2.5    2.0     36.7
  SINCE MAR 1     11.0                      10.6    0.4     43.7
  SINCE JUL 1     74.0                      50.8   23.2     68.1
  SNOW DEPTH       0

DEGREE DAYS
 HEATING
  TODAY            4                        19    -15       25
  MONTH TO DATE  455                       484    -29      718
  SINCE MAR 1   1559                      1544     15     1753
  SINCE JUL 1   7185                      7384   -199     7207

 COOLING
  TODAY            0                         0      0        0
  MONTH TO DATE    0                         0      0        0
  SINCE MAR 1      0                         0      0        0
  SINCE JAN 1      0                         0      0        0
..................................................................


WIND (MPH)
  HIGHEST WIND SPEED    17   HIGHEST WIND DIRECTION    NE (40)
  HIGHEST GUST SPEED    22   HIGHEST GUST DIRECTION    NE (40)
  AVERAGE WIND SPEED     6.8


SKY COVER
  POSSIBLE SUNSHINE  MM
  AVERAGE SKY COVER 0.5


WEATHER CONDITIONS
 THE FOLLOWING WEATHER WAS RECORDED TODAY.
  NO SIGNIFICANT WEATHER WAS OBSERVED.


RELATIVE HUMIDITY (PERCENT)
 HIGHEST    54           500 AM
 LOWEST     38          1200 PM
 AVERAGE    46

..........................................................


THE GREEN BAY WI CLIMATE NORMALS FOR TOMORROW
                         NORMAL    RECORD    YEAR
 MAXIMUM TEMPERATURE (F)   57        89      1980
 MINIMUM TEMPERATURE (F)   36        24      1986
                                             1956


SUNRISE AND SUNSET
APRIL 21 2019.........SUNRISE   559 AM CDT   SUNSET   744 PM CDT
APRIL 22 2019.........SUNRISE   557 AM CDT   SUNSET   746 PM CDT


-  INDICATES NEGATIVE NUMBERS.
R  INDICATES RECORD WAS SET OR TIED.
MM INDICATES DATA IS MISSING.
T  INDICATES TRACE AMOUNT.




$$
