000
CDUS43 KGRB 160647
CLIGRB

CLIMATE REPORT
NATIONAL WEATHER SERVICE GREEN BAY
144 AM CDT SUN JUN 16 2019

...................................

...THE GREEN BAY WI CLIMATE SUMMARY FOR JUNE 15 2019...

CLIMATE NORMAL PERIOD 1981 TO 2010
CLIMATE RECORD PERIOD 1886 TO 2019

WEATHER ITEM   OBSERVED TIME   RECORD YEAR NORMAL DEPARTURE LAST
                VALUE   (LST)  VALUE       VALUE  FROM      YEAR
                                                  NORMAL
..................................................................
TEMPERATURE (F)
 YESTERDAY
  MAXIMUM         65    407 PM  93    2012  75    -10       74
  MINIMUM         55    934 AM  38    1964  54      1       56
  AVERAGE         60                        65     -5       65

PRECIPITATION (IN)
  YESTERDAY        0.00          1.44 2018   0.13  -0.13     1.44
  MONTH TO DATE    1.66                      1.97  -0.31     2.17
  SINCE JUN 1      1.66                      1.97  -0.31     2.17
  SINCE JAN 1     17.19                     11.62   5.57    14.20

SNOWFALL (IN)
  YESTERDAY        0.0           0.0    MM   0.0    0.0      0.0
  MONTH TO DATE    0.0                       0.0    0.0      0.0
  SINCE JUN 1      0.0                       0.0    0.0      0.0
  SINCE JUL 1     74.0                      51.4   22.6     68.1
  SNOW DEPTH       0

DEGREE DAYS
 HEATING
  YESTERDAY        5                         3      2        0
  MONTH TO DATE   57                        64     -7       27
  SINCE JUN 1     57                        64     -7       27
  SINCE JUL 1   7739                      7927   -188     7569

COOLING
  YESTERDAY        0                         3     -3        0
  MONTH TO DATE   12                        27    -15       22
  SINCE JUN 1     12                        27    -15       22
  SINCE JAN 1     26                        45    -19      115
..................................................................

WIND (MPH)
  HIGHEST WIND SPEED    21   HIGHEST WIND DIRECTION    NE (40)
  HIGHEST GUST SPEED    28   HIGHEST GUST DIRECTION    NE (30)
  AVERAGE WIND SPEED    10.6

SKY COVER
  POSSIBLE SUNSHINE  MM
  AVERAGE SKY COVER 0.9

WEATHER CONDITIONS
 THE FOLLOWING WEATHER WAS RECORDED YESTERDAY.
  FOG

RELATIVE HUMIDITY (PERCENT)
 HIGHEST    93           900 AM
 LOWEST     52           400 PM
 AVERAGE    73
..........................................................

THE GREEN BAY WI CLIMATE NORMALS FOR TODAY
                         NORMAL    RECORD    YEAR
 MAXIMUM TEMPERATURE (F)   76        93      1994
                                             1891
 MINIMUM TEMPERATURE (F)   55        35      1964

SUNRISE AND SUNSET
JUNE 16 2019..........SUNRISE   507 AM CDT   SUNSET   839 PM CDT
JUNE 17 2019..........SUNRISE   507 AM CDT   SUNSET   840 PM CDT

-  INDICATES NEGATIVE NUMBERS.
R  INDICATES RECORD WAS SET OR TIED.
MM INDICATES DATA IS MISSING.
T  INDICATES TRACE AMOUNT.

$$
