000
CDUS43 KGID 210637
CLIGRI


CLIMATE REPORT
NATIONAL WEATHER SERVICE HASTINGS NE
137 AM CDT SUN APR 21 2019


...................................

...THE GRAND ISLAND NE CLIMATE SUMMARY FOR APRIL 20 2019...

CLIMATE NORMAL PERIOD 1981 TO 2010
CLIMATE RECORD PERIOD 1895 TO 2019


WEATHER ITEM   OBSERVED TIME   RECORD YEAR NORMAL DEPARTURE LAST
                VALUE   (LST)  VALUE       VALUE  FROM      YEAR
                                                  NORMAL
..................................................................
TEMPERATURE (F)
 YESTERDAY
  MAXIMUM         88    359 PM  98    1902  65     23       59
  MINIMUM         47   1216 AM  21    1953  40      7       37
  AVERAGE         68                        52     16       48

PRECIPITATION (IN)
  YESTERDAY        0.00          1.40 1951   0.10  -0.10     0.13
  MONTH TO DATE    0.62                      1.53  -0.91     0.88
  SINCE MAR 1      4.29                      3.33   0.96     2.14
  SINCE JAN 1      5.24                      4.54   0.70     3.97

SNOWFALL (IN)
  YESTERDAY        0.0           1.0  1941   0.0    0.0      0.0
  MONTH TO DATE    1.0                       1.3   -0.3      4.1
  SINCE MAR 1      9.2                       6.7    2.5      4.5
  SINCE JUL 1     35.3                      28.8    6.5     33.6
  SNOW DEPTH       0

DEGREE DAYS
 HEATING
  YESTERDAY        0                        13    -13       17
  MONTH TO DATE  272                       330    -58      548
  SINCE MAR 1   1221                      1126     95     1308
  SINCE JUL 1   6242                      5887    355     6083

 COOLING
  YESTERDAY        3                         1      2        0
  MONTH TO DATE    4                         1      3        0
  SINCE MAR 1      4                         1      3        0
  SINCE JAN 1      4                         1      3        0
..................................................................


WIND (MPH)
  HIGHEST WIND SPEED    23   HIGHEST WIND DIRECTION    SW (210)
  HIGHEST GUST SPEED    30   HIGHEST GUST DIRECTION     S (190)
  AVERAGE WIND SPEED    12.9


SKY COVER
  AVERAGE SKY COVER 0.0


WEATHER CONDITIONS
 THE FOLLOWING WEATHER WAS RECORDED YESTERDAY.
  NO SIGNIFICANT WEATHER WAS OBSERVED.


RELATIVE HUMIDITY (PERCENT)
 HIGHEST    61          1200 AM
 LOWEST     20           200 PM
 AVERAGE    41

..........................................................


THE GRAND ISLAND NE CLIMATE NORMALS FOR TODAY
                         NORMAL    RECORD    YEAR
 MAXIMUM TEMPERATURE (F)   65        93      1989
 MINIMUM TEMPERATURE (F)   40        22      1982
                                             1899


SUNRISE AND SUNSET
APRIL 21 2019.........SUNRISE   645 AM CDT   SUNSET   819 PM CDT
APRIL 22 2019.........SUNRISE   644 AM CDT   SUNSET   820 PM CDT


-  INDICATES NEGATIVE NUMBERS.
R  INDICATES RECORD WAS SET OR TIED.
MM INDICATES DATA IS MISSING.
T  INDICATES TRACE AMOUNT.




$$
