000
CDUS43 KGID 152226
CLIGRI


CLIMATE REPORT
NATIONAL WEATHER SERVICE HASTINGS NE
525 PM CDT SAT JUN 15 2019


...................................

...THE GRAND ISLAND NE CLIMATE SUMMARY FOR JUNE 15 2019...
VALID TODAY AS OF 0500 PM LOCAL TIME.

CLIMATE NORMAL PERIOD 1981 TO 2010
CLIMATE RECORD PERIOD 1895 TO 2019


WEATHER ITEM   OBSERVED TIME   RECORD YEAR NORMAL DEPARTURE LAST
                VALUE   (LST)  VALUE       VALUE  FROM      YEAR
                                                  NORMAL
..................................................................
TEMPERATURE (F)
 TODAY
  MAXIMUM         84    359 PM 108    1946  83      1      103
  MINIMUM         64    814 AM  40    1989  59      5       78
  AVERAGE         74                        71      3       91

PRECIPITATION (IN)
  TODAY            0.10          4.18 1990   0.14  -0.04     0.00
  MONTH TO DATE    1.92                      2.28  -0.36     1.31
  SINCE JUN 1      1.92                      2.28  -0.36     1.31
  SINCE JAN 1     14.25                     12.23   2.02     9.64

SNOWFALL (IN)
  TODAY            0.0                       0.0    0.0      0.0
  MONTH TO DATE    0.0                       0.0    0.0      0.0
  SINCE JUN 1      0.0                       0.0    0.0      0.0
  SINCE JUL 1     35.3                      29.0    6.3     33.6
  SNOW DEPTH       0

DEGREE DAYS
 HEATING
  TODAY            0                         1     -1        0
  MONTH TO DATE    7                        20    -13        0
  SINCE JUN 1      7                        20    -13        0
  SINCE JUL 1   6614                      6195    419     6277

 COOLING
  TODAY            9                         7      2       26
  MONTH TO DATE   87                        79      8      183
  SINCE JUN 1     87                        79      8      183
  SINCE JAN 1    145                       144      1      344
..................................................................


WIND (MPH)
  HIGHEST WIND SPEED    29   HIGHEST WIND DIRECTION    NW (310)
  HIGHEST GUST SPEED    38   HIGHEST GUST DIRECTION    NW (320)
  AVERAGE WIND SPEED    10.1


SKY COVER
  POSSIBLE SUNSHINE  MM
  AVERAGE SKY COVER 0.4


WEATHER CONDITIONS
 THE FOLLOWING WEATHER WAS RECORDED TODAY.
  THUNDERSTORM
  RAIN
  LIGHT RAIN
  FOG


RELATIVE HUMIDITY (PERCENT)
 HIGHEST    93           100 AM
 LOWEST     44           400 PM
 AVERAGE    69

..........................................................


THE GRAND ISLAND NE CLIMATE NORMALS FOR TOMORROW
                         NORMAL    RECORD    YEAR
 MAXIMUM TEMPERATURE (F)   84       107      1946
 MINIMUM TEMPERATURE (F)   60        45      1974


SUNRISE AND SUNSET
JUNE 15 2019..........SUNRISE   601 AM CDT   SUNSET   907 PM CDT
JUNE 16 2019..........SUNRISE   601 AM CDT   SUNSET   907 PM CDT


-  INDICATES NEGATIVE NUMBERS.
R  INDICATES RECORD WAS SET OR TIED.
MM INDICATES DATA IS MISSING.
T  INDICATES TRACE AMOUNT.




$$
