000
CDUS43 KGRR 222127
CLIGRR


CLIMATE REPORT
NATIONAL WEATHER SERVICE GRAND RAPIDS, MI
527 PM EDT MON APR 22 2019


...................................

...THE GRAND RAPIDS MI CLIMATE SUMMARY FOR APRIL 22 2019...
VALID TODAY AS OF 0500 PM LOCAL TIME.

CLIMATE NORMAL PERIOD 1981 TO 2010
CLIMATE RECORD PERIOD 1892 TO 2019


WEATHER ITEM   OBSERVED TIME   RECORD YEAR NORMAL DEPARTURE LAST
                VALUE   (LST)  VALUE       VALUE  FROM      YEAR
                                                  NORMAL
..................................................................
TEMPERATURE (F)
 TODAY
  MAXIMUM         77    255 PM  86    1980  61     16       64
  MINIMUM         51    553 AM  24    1986  40     11       32
                                      1950
  AVERAGE         64                        51     13       48

PRECIPITATION (IN)
  TODAY            0.00          1.72 1999   0.11  -0.11     0.00
  MONTH TO DATE    3.13                      2.45   0.68     2.80
  SINCE MAR 1      5.36                      4.82   0.54     3.96
  SINCE JAN 1     11.69                      8.70   2.99    11.01

SNOWFALL (IN)
  TODAY            0.0           0.1  2015   0.0    0.0      0.0
                                      2002
                                      1984
  MONTH TO DATE    4.9                       1.7    3.2      6.0
  SINCE MAR 1     12.8                      10.0    2.8     10.9
  SINCE JUL 1     81.3                      74.8    6.5     77.7
  SNOW DEPTH       0

DEGREE DAYS
 HEATING
  TODAY            1                        15    -14       17
  MONTH TO DATE  385                       413    -28      628
  SINCE MAR 1   1391                      1323     68     1571
  SINCE JUL 1   6295                      6100    195     6227

 COOLING
  TODAY            0                         0      0        0
  MONTH TO DATE    0                         0      0        0
  SINCE MAR 1      0                         1     -1        0
  SINCE JAN 1      0                         1     -1        0
..................................................................


WIND (MPH)
  RESULTANT WIND SPEED  13   RESULTANT WIND DIRECTION   S (180)
  HIGHEST WIND SPEED    24   HIGHEST WIND DIRECTION     S (180)
  HIGHEST GUST SPEED    32   HIGHEST GUST DIRECTION     S (170)
  AVERAGE WIND SPEED    13.3


SKY COVER
  AVERAGE SKY COVER 0.5


WEATHER CONDITIONS
 THE FOLLOWING WEATHER WAS RECORDED TODAY.
  NO SIGNIFICANT WEATHER WAS OBSERVED.


RELATIVE HUMIDITY (PERCENT)
 HIGHEST    71           500 AM
 LOWEST     33           100 PM
 AVERAGE    52

..........................................................


THE GRAND RAPIDS MI CLIMATE NORMALS FOR TOMORROW
                         NORMAL    RECORD    YEAR
 MAXIMUM TEMPERATURE (F)   62        84      1925
                                             1915
 MINIMUM TEMPERATURE (F)   40        20      1986


SUNRISE AND SUNSET
APRIL 22 2019.........SUNRISE   650 AM EDT   SUNSET   832 PM EDT
APRIL 23 2019.........SUNRISE   648 AM EDT   SUNSET   833 PM EDT


-  INDICATES NEGATIVE NUMBERS.
R  INDICATES RECORD WAS SET OR TIED.
MM INDICATES DATA IS MISSING.
T  INDICATES TRACE AMOUNT.




$$
