975
CDUS43 KGRR 220519
CLIGRR


CLIMATE REPORT
NATIONAL WEATHER SERVICE GRAND RAPIDS, MI
119 AM EDT SUN APR 22 2018


...................................

...THE GRAND RAPIDS MI CLIMATE SUMMARY FOR APRIL 21 2018...

CLIMATE NORMAL PERIOD 1981 TO 2010
CLIMATE RECORD PERIOD 1892 TO 2018


WEATHER ITEM   OBSERVED TIME   RECORD YEAR NORMAL DEPARTURE LAST
                VALUE   (LST)  VALUE       VALUE  FROM      YEAR
                                                  NORMAL
..................................................................
TEMPERATURE (F)
 YESTERDAY
  MAXIMUM         59    441 PM  84    1985  61     -2       50
  MINIMUM         30    417 AM  22    1953  40    -10       41
  AVERAGE         45                        50     -5       46

PRECIPITATION (IN)
  YESTERDAY        0.00          1.71 1967   0.11  -0.11      T
  MONTH TO DATE    2.80                      2.34   0.46     4.04
  SINCE MAR 1      3.96                      4.71  -0.75     7.31
  SINCE JAN 1     11.01                      8.59   2.42    12.87

SNOWFALL (IN)
  YESTERDAY        0.0           2.0  1924   0.0    0.0      0.0
  MONTH TO DATE    6.0                       1.7    4.3      0.4
  SINCE MAR 1     10.9                      10.0    0.9      5.1
  SINCE JUL 1     77.7                      74.8    2.9     60.1
  SNOW DEPTH       0

DEGREE DAYS
 HEATING
  YESTERDAY       20                        15      5       19
  MONTH TO DATE  611                       398    213      288
  SINCE MAR 1   1554                      1308    246     1209
  SINCE JUL 1   6210                      6085    125     5263

 COOLING
  YESTERDAY        0                         0      0        0
  MONTH TO DATE    0                         0      0        0
  SINCE MAR 1      0                         1     -1        0
  SINCE JAN 1      0                         1     -1        0
..................................................................


WIND (MPH)
  RESULTANT WIND SPEED   1   RESULTANT WIND DIRECTION   W (260)
  HIGHEST WIND SPEED    10   HIGHEST WIND DIRECTION     W (290)
  HIGHEST GUST SPEED    13   HIGHEST GUST DIRECTION     W (260)
  AVERAGE WIND SPEED     2.5


SKY COVER
  POSSIBLE SUNSHINE  54 PERCENT
  AVERAGE SKY COVER 0.6


WEATHER CONDITIONS
 THE FOLLOWING WEATHER WAS RECORDED YESTERDAY.
  NO SIGNIFICANT WEATHER WAS OBSERVED.


RELATIVE HUMIDITY (PERCENT)
 HIGHEST    75           700 AM
 LOWEST     24           600 PM
 AVERAGE    50

..........................................................


THE GRAND RAPIDS MI CLIMATE NORMALS FOR TODAY
                         NORMAL    RECORD    YEAR
 MAXIMUM TEMPERATURE (F)   61        86      1980
 MINIMUM TEMPERATURE (F)   40        24      1986
                                             1950


SUNRISE AND SUNSET
APRIL 22 2018.........SUNRISE   649 AM EDT   SUNSET   833 PM EDT
APRIL 23 2018.........SUNRISE   648 AM EDT   SUNSET   834 PM EDT


-  INDICATES NEGATIVE NUMBERS.
R  INDICATES RECORD WAS SET OR TIED.
MM INDICATES DATA IS MISSING.
T  INDICATES TRACE AMOUNT.




$$
