000
CDUS42 KRAH 240751
CLIGSO


CLIMATE REPORT
NATIONAL WEATHER SERVICE RALEIGH NC
350 AM EDT THU MAY 24 2018


...................................

...THE PIEDMONT TRIAD INTL AIRPORT NC CLIMATE SUMMARY FOR MAY 23 2018...

CLIMATE NORMAL PERIOD 1981 TO 2010
CLIMATE RECORD PERIOD 1903 TO 2018


WEATHER ITEM   OBSERVED TIME   RECORD YEAR NORMAL DEPARTURE LAST
                VALUE   (LST)  VALUE       VALUE  FROM      YEAR
                                                  NORMAL
..................................................................
TEMPERATURE (F)
 YESTERDAY
  MAXIMUM         87    349 PM  97    1925  79      8       68
  MINIMUM         68    534 AM  38    2002  58     10       61
  AVERAGE         78                        69      9       65

PRECIPITATION (IN)
  YESTERDAY        0.00          2.26 2017   0.11  -0.11     2.26
  MONTH TO DATE    2.83                      2.42   0.41     5.64
  SINCE MAR 1     11.58                      9.72   1.86    13.94
  SINCE JAN 1     17.79                     15.74   2.05    19.55

DEGREE DAYS
 HEATING
  YESTERDAY        0                         1     -1        0
  MONTH TO DATE    3                        59    -56       51
  SINCE MAR 1    866                       750    116      603
  SINCE JUL 1   3565                      3605    -40     2773

 COOLING
  YESTERDAY       13                         5      8        0
  MONTH TO DATE  180                        74    106       89
  SINCE MAR 1    193                       112     81      185
  SINCE JAN 1    201                       112     89      189
..................................................................


WIND (MPH)
  HIGHEST WIND SPEED    18   HIGHEST WIND DIRECTION     S (200)
  HIGHEST GUST SPEED    22   HIGHEST GUST DIRECTION     S (200)
  AVERAGE WIND SPEED     7.3


SKY COVER
  POSSIBLE SUNSHINE  MM
  AVERAGE SKY COVER 0.8


WEATHER CONDITIONS
 THE FOLLOWING WEATHER WAS RECORDED YESTERDAY.
  THUNDERSTORM


RELATIVE HUMIDITY (PERCENT)
 HIGHEST    93           500 AM
 LOWEST     55           100 PM
 AVERAGE    74

..........................................................


THE PIEDMONT TRIAD INTL AIRPORT NC CLIMATE NORMALS FOR TODAY
                         NORMAL    RECORD    YEAR
 MAXIMUM TEMPERATURE (F)   79        93      1915
 MINIMUM TEMPERATURE (F)   59        38      1931


SUNRISE AND SUNSET
MAY 24 2018...........SUNRISE   608 AM EDT   SUNSET   826 PM EDT
MAY 25 2018...........SUNRISE   607 AM EDT   SUNSET   827 PM EDT


-  INDICATES NEGATIVE NUMBERS.
R  INDICATES RECORD WAS SET OR TIED.
MM INDICATES DATA IS MISSING.
T  INDICATES TRACE AMOUNT.




$$
