000
CDUS42 KRAH 181433
CLIGSO


CLIMATE REPORT
NATIONAL WEATHER SERVICE RALEIGH NC
1031 AM EDT THU APR 18 2019


...................................

...THE PIEDMONT TRIAD INTL AIRPORT NC CLIMATE SUMMARY FOR APRIL 18 2019...
VALID AS OF 1031 AM LOCAL TIME.

CLIMATE NORMAL PERIOD 1981 TO 2010
CLIMATE RECORD PERIOD 1903 TO 2019


WEATHER ITEM   OBSERVED TIME   RECORD YEAR NORMAL DEPARTURE LAST
                VALUE   (LST)  VALUE       VALUE  FROM      YEAR
                                                  NORMAL
..................................................................
TEMPERATURE (F)
 TODAY
  MAXIMUM                       90    1976  71     -2       82
  MINIMUM         59    357 AM  30    1956  48     11       42
                                      1905
  AVERAGE         64                        60      4       62

PRECIPITATION (IN)
  TODAY            0.00          0.76 1969   0.12  -0.12     0.00
  MONTH TO DATE    3.57                      2.16   1.41     2.10
  SINCE MAR 1      6.76                      5.89   0.87     6.42
  SINCE JAN 1     16.66                     11.91   4.75    12.63

SNOWFALL (IN)
  TODAY            0.0           T    1983   0.0    0.0      0.0
  MONTH TO DATE    T                         0.1   -0.1       T
  SINCE MAR 1      T                         0.9   -0.9      5.0
  SINCE JUL 1     12.8                       7.6    5.2     14.7
  SNOW DEPTH       0

DEGREE DAYS
 HEATING
  TODAY            1                         7     -6        3
  MONTH TO DATE   99                       157    -58      167
  SINCE MAR 1    616                       627    -11      772
  SINCE JUL 1   3326                      3482   -156     3471

 COOLING
  TODAY            0                         1     -1        0
  MONTH TO DATE   13                        17     -4       11
  SINCE MAR 1     13                        22     -9       13
  SINCE JAN 1     19                        22     -3       21
..................................................................


WIND (MPH)
  HIGHEST WIND SPEED    16   HIGHEST WIND DIRECTION    SW (220)
  HIGHEST GUST SPEED    21   HIGHEST GUST DIRECTION    SW (210)
  AVERAGE WIND SPEED     8.2


SKY COVER
  POSSIBLE SUNSHINE  MM
  AVERAGE SKY COVER 0.7


WEATHER CONDITIONS
 THE FOLLOWING WEATHER WAS RECORDED TODAY.
  NO SIGNIFICANT WEATHER WAS OBSERVED.


RELATIVE HUMIDITY (PERCENT)
 HIGHEST    90           600 AM
 LOWEST     67          1200 AM
 AVERAGE    79

..........................................................


THE PIEDMONT TRIAD INTL AIRPORT NC CLIMATE NORMALS FOR TOMORROW
                         NORMAL    RECORD    YEAR
 MAXIMUM TEMPERATURE (F)   71        92      1917
 MINIMUM TEMPERATURE (F)   48        26      1983


SUNRISE AND SUNSET
APRIL 18 2019.........SUNRISE   643 AM EDT   SUNSET   756 PM EDT
APRIL 19 2019.........SUNRISE   642 AM EDT   SUNSET   757 PM EDT


-  INDICATES NEGATIVE NUMBERS.
R  INDICATES RECORD WAS SET OR TIED.
MM INDICATES DATA IS MISSING.
T  INDICATES TRACE AMOUNT.




$$
