000
CDUS42 KRAH 260034
CLIGSO


CLIMATE REPORT
NATIONAL WEATHER SERVICE RALEIGH NC
833 PM EDT TUE JUN 25 2019


...................................

...THE PIEDMONT TRIAD INTL AIRPORT NC CLIMATE SUMMARY FOR JUNE 25 2019...
VALID AS OF 0833 PM LOCAL TIME.

CLIMATE NORMAL PERIOD 1981 TO 2010
CLIMATE RECORD PERIOD 1903 TO 2019


WEATHER ITEM   OBSERVED TIME   RECORD YEAR NORMAL DEPARTURE LAST
                VALUE   (LST)  VALUE       VALUE  FROM      YEAR
                                                  NORMAL
..................................................................
TEMPERATURE (F)
 TODAY
  MAXIMUM         87    208 PM 101    1914  87      0       88
  MINIMUM         69    540 AM  52    1936  68      1       69
  AVERAGE         78                        77      1       79

PRECIPITATION (IN)
  TODAY            0.01          2.49 1980   0.12  -0.11     0.17
  MONTH TO DATE    9.14                      3.14   6.00     2.46
  SINCE JUN 1      9.14                      3.14   6.00     2.46
  SINCE JAN 1     29.40                     19.84   9.56    21.19

DEGREE DAYS
 HEATING
  TODAY            0                         0      0        0
  MONTH TO DATE    0                         5     -5        0
  SINCE JUN 1      0                         5     -5        0
  SINCE JUL 1   3380                      3617   -237     3565

 COOLING
  TODAY           13                        12      1       14
  MONTH TO DATE  212                       243    -31      322
  SINCE JUN 1    212                       243    -31      322
  SINCE JAN 1    517                       402    115      610
..................................................................


WIND (MPH)
  HIGHEST WIND SPEED    20   HIGHEST WIND DIRECTION    NW (300)
  HIGHEST GUST SPEED    23   HIGHEST GUST DIRECTION    NW (300)
  AVERAGE WIND SPEED     9.8


SKY COVER
  POSSIBLE SUNSHINE  MM
  AVERAGE SKY COVER 0.9


WEATHER CONDITIONS
 THE FOLLOWING WEATHER WAS RECORDED TODAY.
  LIGHT RAIN


RELATIVE HUMIDITY (PERCENT)
 HIGHEST   100           300 AM
 LOWEST     48           300 PM
 AVERAGE    74

..........................................................


THE PIEDMONT TRIAD INTL AIRPORT NC CLIMATE NORMALS FOR TOMORROW
                         NORMAL    RECORD    YEAR
 MAXIMUM TEMPERATURE (F)   87       102      1914
 MINIMUM TEMPERATURE (F)   68        50      1979


SUNRISE AND SUNSET
JUNE 25 2019..........SUNRISE   604 AM EDT   SUNSET   841 PM EDT
JUNE 26 2019..........SUNRISE   604 AM EDT   SUNSET   841 PM EDT


-  INDICATES NEGATIVE NUMBERS.
R  INDICATES RECORD WAS SET OR TIED.
MM INDICATES DATA IS MISSING.
T  INDICATES TRACE AMOUNT.




$$
