000
CDUS45 KTFX 261014
CLIGTF


CLIMATE REPORT
NATIONAL WEATHER SERVICE GREAT FALLS MT
413 AM MDT THU APR 26 2018


...................................

...THE GREAT FALLS MT CLIMATE SUMMARY FOR APRIL 25 2018...

CLIMATE NORMAL PERIOD 1981 TO 2010
CLIMATE RECORD PERIOD 1886 TO 2018


WEATHER ITEM   OBSERVED TIME   RECORD YEAR NORMAL DEPARTURE LAST
                VALUE   (LST)  VALUE       VALUE  FROM      YEAR
                                                  NORMAL
..................................................................
TEMPERATURE (F)
 YESTERDAY
  MAXIMUM         64   1053 AM  85    1910  59      5       53
  MINIMUM         35   1156 PM  18    1924  33      2       37
  AVERAGE         50                        46      4       45

PRECIPITATION (IN)
  YESTERDAY        T             0.90 1986   0.06  -0.06     0.32
  MONTH TO DATE    1.47                      1.16   0.31     3.33
  SINCE OCT 1      7.08                      5.05   2.03     8.09
  SINCE JAN 1      4.22                      3.05   1.17     5.16

SNOWFALL (IN)
  YESTERDAY        0.0           4.9  1994   0.3   -0.3      0.0
  MONTH TO DATE   20.2                       7.5   12.7      5.0
  SINCE MAR 1     32.6                      19.4   13.2     10.6
  SINCE JUL 1    104.9                      59.4   45.5     48.4
  SNOW DEPTH       0

DEGREE DAYS
 HEATING
  YESTERDAY       15                        19     -4       20
  MONTH TO DATE  733                       566    167      520
  SINCE MAR 1   1830                      1519    311     1359
  SINCE JUL 1   7719                      7024    695     7057

 COOLING
  YESTERDAY        0                         0      0        0
  MONTH TO DATE    0                         0      0        0
  SINCE MAR 1      0                         0      0        0
  SINCE JAN 1      0                         0      0        0
..................................................................


WIND (MPH)
  HIGHEST WIND SPEED    32   HIGHEST WIND DIRECTION     N (340)
  HIGHEST GUST SPEED    43   HIGHEST GUST DIRECTION    NW (320)
  AVERAGE WIND SPEED    14.4


SKY COVER
  AVERAGE SKY COVER 0.3


WEATHER CONDITIONS
 THE FOLLOWING WEATHER WAS RECORDED YESTERDAY.
  LIGHT RAIN


RELATIVE HUMIDITY (PERCENT)
 HIGHEST    82           900 PM
 LOWEST     22          1100 AM
 AVERAGE    52

..........................................................


THE GREAT FALLS MT CLIMATE NORMALS FOR TODAY
                         NORMAL    RECORD    YEAR
 MAXIMUM TEMPERATURE (F)   59        88      1910
 MINIMUM TEMPERATURE (F)   33        19      1960


SUNRISE AND SUNSET
APRIL 26 2018.........SUNRISE   617 AM MDT   SUNSET   830 PM MDT
APRIL 27 2018.........SUNRISE   615 AM MDT   SUNSET   832 PM MDT


-  INDICATES NEGATIVE NUMBERS.
R  INDICATES RECORD WAS SET OR TIED.
MM INDICATES DATA IS MISSING.
T  INDICATES TRACE AMOUNT.




$$
