000
CDUS45 KTFX 200952
CLIGTF


CLIMATE REPORT
NATIONAL WEATHER SERVICE GREAT FALLS MT
347 AM MDT SAT APR 20 2019


...................................

...THE GREAT FALLS MT CLIMATE SUMMARY FOR APRIL 19 2019...

CLIMATE NORMAL PERIOD 1981 TO 2010
CLIMATE RECORD PERIOD 1886 TO 2019


WEATHER ITEM   OBSERVED TIME   RECORD YEAR NORMAL DEPARTURE LAST
                VALUE   (LST)  VALUE       VALUE  FROM      YEAR
                                                  NORMAL
..................................................................
TEMPERATURE (F)
 YESTERDAY
  MAXIMUM         77    334 PM  83    1962  57     20       61
  MINIMUM         52   1134 PM   6    1951  31     21       27
  AVERAGE         65                        44     21       44

PRECIPITATION (IN)
  YESTERDAY        T             0.82 1967   0.05  -0.05     0.00
  MONTH TO DATE    1.17                      0.85   0.32     1.47
  SINCE OCT 1      6.97                      4.74   2.23     7.08
  SINCE JAN 1      5.29                      2.74   2.55     4.22

SNOWFALL (IN)
  YESTERDAY        0.0           9.6  2008   0.3   -0.3      0.0
  MONTH TO DATE    0.8                       5.9   -5.1     20.2
  SINCE MAR 1      6.4                      17.8  -11.4     32.6
  SINCE JUL 1     71.3                      57.8   13.5    104.9
  SNOW DEPTH       0

DEGREE DAYS
 HEATING
  YESTERDAY        0                        21    -21       21
  MONTH TO DATE  388                       446    -58      621
  SINCE MAR 1   1671                      1399    272     1718
  SINCE JUL 1   7703                      6904    799     7607

 COOLING
  YESTERDAY        0                         0      0        0
  MONTH TO DATE    0                         0      0        0
  SINCE MAR 1      0                         0      0        0
  SINCE JAN 1      0                         0      0        0
..................................................................


WIND (MPH)
  HIGHEST WIND SPEED    36   HIGHEST WIND DIRECTION    SW (240)
  HIGHEST GUST SPEED    44   HIGHEST GUST DIRECTION    SW (230)
  AVERAGE WIND SPEED    21.3


SKY COVER
  AVERAGE SKY COVER 0.2


WEATHER CONDITIONS
 THE FOLLOWING WEATHER WAS RECORDED YESTERDAY.
  THUNDERSTORM
  LIGHT RAIN


RELATIVE HUMIDITY (PERCENT)
 HIGHEST    72           900 PM
 LOWEST     25           300 PM
 AVERAGE    49

..........................................................


THE GREAT FALLS MT CLIMATE NORMALS FOR TODAY
                         NORMAL    RECORD    YEAR
 MAXIMUM TEMPERATURE (F)   57        89      1980
 MINIMUM TEMPERATURE (F)   31        -1      2008


SUNRISE AND SUNSET
APRIL 20 2019.........SUNRISE   628 AM MDT   SUNSET   822 PM MDT
APRIL 21 2019.........SUNRISE   626 AM MDT   SUNSET   823 PM MDT


-  INDICATES NEGATIVE NUMBERS.
R  INDICATES RECORD WAS SET OR TIED.
MM INDICATES DATA IS MISSING.
T  INDICATES TRACE AMOUNT.




$$
