000
CDUS44 KJAN 222108
CLIGWO


CLIMATE REPORT
NATIONAL WEATHER SERVICE JACKSON MS
406 PM CDT MON APR 22 2019


...................................

...THE GREENWOOD CLIMATE SUMMARY FOR APRIL 22 2019...
VALID TODAY AS OF 0400 PM LOCAL TIME.

CLIMATE NORMAL PERIOD 1981 TO 2010
CLIMATE RECORD PERIOD 1948 TO 2019


WEATHER ITEM   OBSERVED TIME   RECORD YEAR NORMAL DEPARTURE LAST
                VALUE   (LST)  VALUE       VALUE  FROM      YEAR
                                                  NORMAL
..................................................................
TEMPERATURE (F)
 TODAY
  MAXIMUM         82    225 PM  89    1963  77      5       68
                                      1955
  MINIMUM         51    519 AM  37    1993  54     -3       59
  AVERAGE         67                        65      2       64

PRECIPITATION (IN)
  TODAY            0.00          3.04 1983   0.17  -0.17     0.63
  MONTH TO DATE    7.61                      3.79   3.82     4.76
  SINCE MAR 1     10.78                      8.10   2.68    10.50
  SINCE JAN 1     26.57                     17.04   9.53    27.10

SNOWFALL (IN)
  TODAY            0.0

DEGREE DAYS
 HEATING
  TODAY            0                         3     -3        1
  MONTH TO DATE   96                       106    -10      159
  SINCE MAR 1    458                       422     36      430
  SINCE JUL 1   2451                      2653   -202     2484

 COOLING
  TODAY            2                         3     -1        0
  MONTH TO DATE   35                        48    -13       20
  SINCE MAR 1     44                        69    -25       44
  SINCE JAN 1     59                        74    -15       83
..................................................................


WIND (MPH)
  HIGHEST WIND SPEED    13   HIGHEST WIND DIRECTION     S (200)
  HIGHEST GUST SPEED    17   HIGHEST GUST DIRECTION     S (180)
  AVERAGE WIND SPEED     2.9


SKY COVER
  POSSIBLE SUNSHINE  MM
  AVERAGE SKY COVER 0.0


WEATHER CONDITIONS
 THE FOLLOWING WEATHER WAS RECORDED TODAY.
  NO SIGNIFICANT WEATHER WAS OBSERVED.


RELATIVE HUMIDITY (PERCENT)
 HIGHEST    93          1200 AM
 LOWEST     28           200 PM
 AVERAGE    61

..........................................................


THE GREENWOOD CLIMATE NORMALS FOR TOMORROW
                         NORMAL    RECORD    YEAR
 MAXIMUM TEMPERATURE (F)   77        89      1965
 MINIMUM TEMPERATURE (F)   54        38      1986


SUNRISE AND SUNSET
APRIL 22 2019.........SUNRISE   622 AM CDT   SUNSET   736 PM CDT
APRIL 23 2019.........SUNRISE   621 AM CDT   SUNSET   737 PM CDT


-  INDICATES NEGATIVE NUMBERS.
R  INDICATES RECORD WAS SET OR TIED.
MM INDICATES DATA IS MISSING.
T  INDICATES TRACE AMOUNT.




$$
