000
CDUS44 KJAN 200629
CLIGWO


CLIMATE REPORT
NATIONAL WEATHER SERVICE JACKSON MS
127 AM CDT SAT JUL 20 2019


...................................

...THE GREENWOOD CLIMATE SUMMARY FOR JULY 19 2019...

CLIMATE NORMAL PERIOD 1981 TO 2010
CLIMATE RECORD PERIOD 1948 TO 2019


WEATHER ITEM   OBSERVED TIME   RECORD YEAR NORMAL DEPARTURE LAST
                VALUE   (LST)  VALUE       VALUE  FROM      YEAR
                                                  NORMAL
..................................................................
TEMPERATURE (F)
 YESTERDAY
  MAXIMUM         92    313 PM 101    2006  92      0       93
  MINIMUM         74    514 AM  59    2009  71      3       74
  AVERAGE         83                        81      2       84

PRECIPITATION (IN)
  YESTERDAY        0.00          1.00 1956   0.11  -0.11     0.00
  MONTH TO DATE    5.66                      2.36   3.30     5.43
  SINCE JUN 1     13.32                      6.67   6.65     7.84
  SINCE JAN 1     48.30                     30.00  18.30    41.35

SNOWFALL (IN)
  YESTERDAY        0.0

DEGREE DAYS
 HEATING
  YESTERDAY        0                         0      0        0
  MONTH TO DATE    0                         0      0        0
  SINCE JUN 1      0                         0      0        0
  SINCE JUL 1      0                         0      0        0

 COOLING
  YESTERDAY       18                        16      2       19
  MONTH TO DATE  335                       304     31      350
  SINCE JUN 1    735                       717     18      826
  SINCE JAN 1   1138                      1047     91     1287
..................................................................


WIND (MPH)
  HIGHEST WIND SPEED    10   HIGHEST WIND DIRECTION    SW (220)
  HIGHEST GUST SPEED    14   HIGHEST GUST DIRECTION    SW (210)
  AVERAGE WIND SPEED     3.6


SKY COVER
  POSSIBLE SUNSHINE  MM
  AVERAGE SKY COVER 0.1


WEATHER CONDITIONS
 THE FOLLOWING WEATHER WAS RECORDED YESTERDAY.
  NO SIGNIFICANT WEATHER WAS OBSERVED.


RELATIVE HUMIDITY (PERCENT)
 HIGHEST    94           800 PM
 LOWEST     60           100 PM
 AVERAGE    77

..........................................................


THE GREENWOOD CLIMATE NORMALS FOR TODAY
                         NORMAL    RECORD    YEAR
 MAXIMUM TEMPERATURE (F)   92       100      1993
 MINIMUM TEMPERATURE (F)   71        63      1976


SUNRISE AND SUNSET
JULY 20 2019..........SUNRISE   604 AM CDT   SUNSET   809 PM CDT
JULY 21 2019..........SUNRISE   605 AM CDT   SUNSET   808 PM CDT


-  INDICATES NEGATIVE NUMBERS.
R  INDICATES RECORD WAS SET OR TIED.
MM INDICATES DATA IS MISSING.
T  INDICATES TRACE AMOUNT.




$$
