000
CDUS41 KGYX 220803
CLIGYX


CLIMATE REPORT
NATIONAL WEATHER SERVICE GRAY ME
403 AM EDT MON JUL 22 2019


...................................

...THE GRAY ME CLIMATE SUMMARY FOR JULY 21 2019...

CLIMATE NORMAL PERIOD 1981 TO 2010
CLIMATE RECORD PERIOD 1995 TO 2019


WEATHER ITEM   OBSERVED TIME   RECORD YEAR NORMAL DEPARTURE LAST
                VALUE   (LST)  VALUE       VALUE  FROM      YEAR
                                                  NORMAL
..................................................................
TEMPERATURE (F)
 YESTERDAY
  MAXIMUM         91        MM  MM      MM  80     11       76
  MINIMUM         74        MM  MM      MM  60     14       56
  AVERAGE         83                        70     13       66

PRECIPITATION (IN)
  YESTERDAY        0.01         MM      MM   0.13  -0.12     0.00
  MONTH TO DATE    2.44                      3.02  -0.58     0.89
  SINCE JUN 1      8.51                      7.32   1.19     5.15
  SINCE JAN 1     29.10                     26.61   2.49    20.84

SNOWFALL (IN)
  YESTERDAY        0.0          MM      MM   0.0    0.0      0.0
  MONTH TO DATE    0.0                       0.0    0.0      0.0
  SINCE JUN 1      0.0                       0.0    0.0      0.0
  SINCE JUL 1      0.0                       0.0    0.0      0.0
  SNOW DEPTH      MM

DEGREE DAYS
 HEATING
  YESTERDAY        0                         0      0        0
  MONTH TO DATE    0                         7     -7        3
  SINCE JUN 1     90                       101    -11      108
  SINCE JUL 1      0                         7     -7        3

 COOLING
  YESTERDAY       18                         5     13        1
  MONTH TO DATE  175                        98     77      119
  SINCE JUN 1    207                       163     44      175
  SINCE JAN 1    207                       174     33      185
..................................................................







THE GRAY ME CLIMATE NORMALS FOR TODAY
                         NORMAL
 MAXIMUM TEMPERATURE (F)   80
 MINIMUM TEMPERATURE (F)   60


SUNRISE AND SUNSET
JULY 22 2019..........SUNRISE   519 AM EDT   SUNSET   816 PM EDT
JULY 23 2019..........SUNRISE   520 AM EDT   SUNSET   815 PM EDT


-  INDICATES NEGATIVE NUMBERS.
R  INDICATES RECORD WAS SET OR TIED.
MM INDICATES DATA IS MISSING.
T  INDICATES TRACE AMOUNT.




$$
