000
CDUS41 KGYX 230820
CLIGYX


CLIMATE REPORT
NATIONAL WEATHER SERVICE GRAY ME
420 AM EDT WED MAY 23 2018


...................................

...THE GRAY ME CLIMATE SUMMARY FOR MAY 22 2018...

CLIMATE NORMAL PERIOD 1981 TO 2010
CLIMATE RECORD PERIOD 1995 TO 2018


WEATHER ITEM   OBSERVED TIME   RECORD YEAR NORMAL DEPARTURE LAST
                VALUE   (LST)  VALUE       VALUE  FROM      YEAR
                                                  NORMAL
..................................................................
TEMPERATURE (F)
 YESTERDAY
  MAXIMUM         MM        MM  MM      MM  67     MM       56
  MINIMUM         MM        MM  MM      MM  46     MM       47
  AVERAGE         MM                        57     MM       52

PRECIPITATION (IN)
  YESTERDAY       MM            MM      MM   0.13  MM        0.33
  MONTH TO DATE    0.76                      2.71  -1.95     3.00
  SINCE MAR 1      8.38                     11.26  -2.88    10.82
  SINCE JAN 1     15.55                     18.10  -2.55    17.50

SNOWFALL (IN)
  YESTERDAY       MM            MM      MM   0.0   MM        0.0
  MONTH TO DATE    0.0                       0.2   -0.2      0.0
  SINCE MAR 1     27.0                      24.9    2.1     34.1
  SINCE JUL 1     96.9                      84.0   12.9    123.9
  SNOW DEPTH      MM

DEGREE DAYS
 HEATING
  YESTERDAY       MM                         9     MM       13
  MONTH TO DATE  189                       255    -66      282
  SINCE MAR 1   1892                      1872     20     1988
  SINCE JUL 1   6783                      7030   -247     6682

 COOLING
  YESTERDAY       MM                         0     MM        0
  MONTH TO DATE    3                         0      3       19
  SINCE MAR 1      3                         1      2       21
  SINCE JAN 1      3                         1      2       21
..................................................................







THE GRAY ME CLIMATE NORMALS FOR TODAY
                         NORMAL
 MAXIMUM TEMPERATURE (F)   67
 MINIMUM TEMPERATURE (F)   47


SUNRISE AND SUNSET
MAY 23 2018...........SUNRISE   508 AM EDT   SUNSET   808 PM EDT
MAY 24 2018...........SUNRISE   507 AM EDT   SUNSET   809 PM EDT


-  INDICATES NEGATIVE NUMBERS.
R  INDICATES RECORD WAS SET OR TIED.
MM INDICATES DATA IS MISSING.
T  INDICATES TRACE AMOUNT.




$$
