000
CDUS41 KGYX 250817
CLIGYX


CLIMATE REPORT
NATIONAL WEATHER SERVICE GRAY ME
416 AM EDT THU APR 25 2019


...................................

...THE GRAY ME CLIMATE SUMMARY FOR APRIL 24 2019...

CLIMATE NORMAL PERIOD 1981 TO 2010
CLIMATE RECORD PERIOD 1995 TO 2019


WEATHER ITEM   OBSERVED TIME   RECORD YEAR NORMAL DEPARTURE LAST
                VALUE   (LST)  VALUE       VALUE  FROM      YEAR
                                                  NORMAL
..................................................................
TEMPERATURE (F)
 YESTERDAY
  MAXIMUM         52        MM  MM      MM  57     -5       70
  MINIMUM         40        MM  MM      MM  38      2       36
  AVERAGE         46                        48     -2       53

PRECIPITATION (IN)
  YESTERDAY        0.18         MM      MM   0.15   0.03     0.00
  MONTH TO DATE    3.10                      3.51  -0.41     3.18
  SINCE MAR 1      5.73                      7.68  -1.95     5.70
  SINCE JAN 1     13.75                     14.52  -0.77    12.87

SNOWFALL (IN)
  YESTERDAY        0.0          MM      MM   0.1   -0.1      0.0
  MONTH TO DATE    5.0                       4.6    0.4      2.4
  SINCE MAR 1     18.4                      24.5   -6.1     27.0
  SINCE JUL 1     79.1                      83.6   -4.5     96.9
  SNOW DEPTH       0

DEGREE DAYS
 HEATING
  YESTERDAY       19                        17      2       12
  MONTH TO DATE  517                       527    -10      627
  SINCE MAR 1   1572                      1520     52     1613
  SINCE JUL 1   6973                      6678    295     6504

 COOLING
  YESTERDAY        0                         0      0        0
  MONTH TO DATE    0                         0      0        0
  SINCE MAR 1      0                         0      0        0
  SINCE JAN 1      0                         0      0        0
..................................................................







THE GRAY ME CLIMATE NORMALS FOR TODAY
                         NORMAL
 MAXIMUM TEMPERATURE (F)   58
 MINIMUM TEMPERATURE (F)   39


SUNRISE AND SUNSET
APRIL 25 2019.........SUNRISE   542 AM EDT   SUNSET   737 PM EDT
APRIL 26 2019.........SUNRISE   541 AM EDT   SUNSET   738 PM EDT


-  INDICATES NEGATIVE NUMBERS.
R  INDICATES RECORD WAS SET OR TIED.
MM INDICATES DATA IS MISSING.
T  INDICATES TRACE AMOUNT.




$$
