217
CDUS44 KJAN 212110
CLIHBG


CLIMATE REPORT
NATIONAL WEATHER SERVICE JACKSON MS
408 PM CDT SUN APR 21 2019


...................................

...THE HATTIESBURG CLIMATE SUMMARY FOR APRIL 21 2019...
VALID TODAY AS OF 0400 PM LOCAL TIME.

CLIMATE NORMAL PERIOD 1981 TO 2010
CLIMATE RECORD PERIOD 1948 TO 2019


WEATHER ITEM   OBSERVED TIME   RECORD YEAR NORMAL DEPARTURE LAST
                VALUE   (LST)  VALUE       VALUE  FROM      YEAR
                                                  NORMAL
..................................................................
TEMPERATURE (F)
 TODAY
  MAXIMUM         79    258 PM  92    1913  79      0       78
  MINIMUM         42    554 AM  35    1953  54    -12       45
  AVERAGE         61                        67     -6       62

PRECIPITATION (IN)
  TODAY            0.00          4.65 1982   0.18  -0.18     0.00
  MONTH TO DATE    7.85                      3.67   4.18     5.81
  SINCE MAR 1     11.22                      9.17   2.05    10.32
  SINCE JAN 1     22.50                     20.30   2.20    22.75

SNOWFALL (IN)
  TODAY            0.0

DEGREE DAYS
 HEATING
  TODAY            4                         2      2        3
  MONTH TO DATE   71                        73     -2       93
  SINCE MAR 1    313                       290     23      301
  SINCE JUL 1   1730                      1968   -238     1876

 COOLING
  TODAY            0                         3     -3        0
  MONTH TO DATE   73                        53     20       22
  SINCE MAR 1    110                        86     24       69
  SINCE JAN 1    151                       101     50      151
..................................................................


WIND (MPH)
  HIGHEST WIND SPEED    12   HIGHEST WIND DIRECTION    SE (130)
  HIGHEST GUST SPEED    15   HIGHEST GUST DIRECTION    SE (130)
  AVERAGE WIND SPEED     2.7


SKY COVER
  POSSIBLE SUNSHINE  MM
  AVERAGE SKY COVER 0.0


WEATHER CONDITIONS
 THE FOLLOWING WEATHER WAS RECORDED TODAY.
  NO SIGNIFICANT WEATHER WAS OBSERVED.


RELATIVE HUMIDITY (PERCENT)
 HIGHEST    92           100 AM
 LOWEST     23           200 PM
 AVERAGE    58

..........................................................


THE HATTIESBURG CLIMATE NORMALS FOR TOMORROW
                         NORMAL    RECORD    YEAR
 MAXIMUM TEMPERATURE (F)   80        93      1987
 MINIMUM TEMPERATURE (F)   54        40      1931


SUNRISE AND SUNSET
APRIL 21 2019.........SUNRISE   623 AM CDT   SUNSET   729 PM CDT
APRIL 22 2019.........SUNRISE   621 AM CDT   SUNSET   730 PM CDT


-  INDICATES NEGATIVE NUMBERS.
R  INDICATES RECORD WAS SET OR TIED.
MM INDICATES DATA IS MISSING.
T  INDICATES TRACE AMOUNT.




$$
