000
CDUS44 KJAN 160720
CLIHBG


CLIMATE REPORT
NATIONAL WEATHER SERVICE JACKSON MS
218 AM CDT SUN JUN 16 2019


...................................

...THE HATTIESBURG CLIMATE SUMMARY FOR JUNE 15 2019...

CLIMATE NORMAL PERIOD 1981 TO 2010
CLIMATE RECORD PERIOD 1948 TO 2019


WEATHER ITEM   OBSERVED TIME   RECORD YEAR NORMAL DEPARTURE LAST
                VALUE   (LST)  VALUE       VALUE  FROM      YEAR
                                                  NORMAL
..................................................................
TEMPERATURE (F)
 YESTERDAY
  MAXIMUM         93    303 PM 104    1963  90      3       85
  MINIMUM         65    532 AM  57    1995  68     -3       71
  AVERAGE         79                        79      0       78

PRECIPITATION (IN)
  YESTERDAY        0.00          2.06 1945   0.16  -0.16      T
  MONTH TO DATE    0.87                      2.31  -1.44     2.33
  SINCE JUN 1      0.87                      2.31  -1.44     2.33
  SINCE JAN 1     29.60                     28.85   0.75    29.71

SNOWFALL (IN)
  YESTERDAY        0.0

DEGREE DAYS
 HEATING
  YESTERDAY        0                         0      0        0
  MONTH TO DATE    0                         0      0        0
  SINCE JUN 1      0                         0      0        0
  SINCE JUL 1   1734                      1985   -251     1888

 COOLING
  YESTERDAY       14                        14      0       13
  MONTH TO DATE  214                       196     18      236
  SINCE JUN 1    214                       196     18      236
  SINCE JAN 1    733                       611    122      767
..................................................................


WIND (MPH)
  HIGHEST WIND SPEED    18   HIGHEST WIND DIRECTION    SW (210)
  HIGHEST GUST SPEED    24   HIGHEST GUST DIRECTION    SW (220)
  AVERAGE WIND SPEED     6.3


SKY COVER
  POSSIBLE SUNSHINE  MM
  AVERAGE SKY COVER 0.1


WEATHER CONDITIONS
 THE FOLLOWING WEATHER WAS RECORDED YESTERDAY.
  NO SIGNIFICANT WEATHER WAS OBSERVED.


RELATIVE HUMIDITY (PERCENT)
 HIGHEST    93           300 AM
 LOWEST     44           300 PM
 AVERAGE    69

..........................................................


THE HATTIESBURG CLIMATE NORMALS FOR TODAY
                         NORMAL    RECORD    YEAR
 MAXIMUM TEMPERATURE (F)   90       102      1936
                                             1911
 MINIMUM TEMPERATURE (F)   69        52      1917


SUNRISE AND SUNSET
JUNE 16 2019..........SUNRISE   552 AM CDT   SUNSET   803 PM CDT
JUNE 17 2019..........SUNRISE   553 AM CDT   SUNSET   803 PM CDT


-  INDICATES NEGATIVE NUMBERS.
R  INDICATES RECORD WAS SET OR TIED.
MM INDICATES DATA IS MISSING.
T  INDICATES TRACE AMOUNT.




$$
