000
CDUS41 KLWX 250525
CLIHGR


CLIMATE REPORT
NATIONAL WEATHER SERVICE BALTIMORE MD/WASHINGTON DC
124 AM EDT THU APR 25 2019


...................................

...THE HAGERSTOWN MD CLIMATE SUMMARY FOR APRIL 24 2019...

CLIMATE NORMAL PERIOD 1981 TO 2010
CLIMATE RECORD PERIOD 1998 TO 2019


WEATHER ITEM   OBSERVED TIME   NORMAL DEPARTURE LAST
                VALUE   (LST)  VALUE  FROM      YEAR
                                      NORMAL
......................................................
TEMPERATURE (F)
 YESTERDAY
  MAXIMUM         73    413 PM  66      7       62
  MINIMUM         56    645 AM  45     11       48
  AVERAGE         65            56      9       55

PRECIPITATION (IN)
  YESTERDAY        0.00          0.11  -0.11     0.23
  MONTH TO DATE    2.61          2.91  -0.30     3.72
  SINCE MAR 1      6.82          6.29   0.53     5.68
  SINCE JAN 1     13.22         11.52   1.70    12.18

DEGREE DAYS
 HEATING
  YESTERDAY        0            10    -10       10
  MONTH TO DATE  183           327   -144      391
  SINCE MAR 1    894          1056   -162     1209
  SINCE JUL 1   4457          4959   -502     4622

 COOLING
  YESTERDAY        0             1     -1        0
  MONTH TO DATE   13             6      7       15
  SINCE MAR 1     13             7      6       15
  SINCE JAN 1     13             7      6       20
......................................................


WIND (MPH)
  HIGHEST WIND SPEED    18   HIGHEST WIND DIRECTION    NW (310)
  HIGHEST GUST SPEED    25   HIGHEST GUST DIRECTION     W (290)
  AVERAGE WIND SPEED     9.5


SKY COVER
  POSSIBLE SUNSHINE  MM
  AVERAGE SKY COVER 0.1


WEATHER CONDITIONS
 THE FOLLOWING WEATHER WAS RECORDED YESTERDAY.
  NO SIGNIFICANT WEATHER WAS OBSERVED.


RELATIVE HUMIDITY (PERCENT)
 HIGHEST    68          1200 AM
 LOWEST     27           300 PM
 AVERAGE    48

..........................................................


THE HAGERSTOWN MD CLIMATE NORMALS FOR TODAY
                         NORMAL    RECORD    YEAR
 MAXIMUM TEMPERATURE (F)   66        MM        MM
 MINIMUM TEMPERATURE (F)   46        MM        MM


SUNRISE AND SUNSET
APRIL 25 2019.........SUNRISE   620 AM EDT   SUNSET   759 PM EDT
APRIL 26 2019.........SUNRISE   618 AM EDT   SUNSET   800 PM EDT


-  INDICATES NEGATIVE NUMBERS.
R  INDICATES RECORD WAS SET OR TIED.
MM INDICATES DATA IS MISSING.
T  INDICATES TRACE AMOUNT.




$$
