000
CDUS41 KLWX 230543
CLIHGR


CLIMATE REPORT
NATIONAL WEATHER SERVICE BALTIMORE MD/WASHINGTON DC
142 AM EDT TUE JUL 23 2019


...................................

...THE HAGERSTOWN MD CLIMATE SUMMARY FOR JULY 22 2019...

CLIMATE NORMAL PERIOD 1981 TO 2010
CLIMATE RECORD PERIOD 1998 TO 2019


WEATHER ITEM   OBSERVED TIME   NORMAL DEPARTURE LAST
                VALUE   (LST)  VALUE  FROM      YEAR
                                      NORMAL
......................................................
TEMPERATURE (F)
 YESTERDAY
  MAXIMUM         87   1236 PM  85      2       78
  MINIMUM         67   1159 PM  66      1       63
  AVERAGE         77            75      2       71

PRECIPITATION (IN)
  YESTERDAY        0.51          0.13   0.38     0.18
  MONTH TO DATE    4.18          2.36   1.82     3.57
  SINCE JUN 1      6.30          6.24   0.06     8.54
  SINCE JAN 1     25.78         22.44   3.34    25.76

DEGREE DAYS
 HEATING
  YESTERDAY        0             0      0        0
  MONTH TO DATE    0             0      0        0
  SINCE JUN 1      5            18    -13        7
  SINCE JUL 1      0             0      0        0

 COOLING
  YESTERDAY       12            10      2        6
  MONTH TO DATE  337           232    105      289
  SINCE JUN 1    592           441    151      532
  SINCE JAN 1    774           517    257      732
......................................................


WIND (MPH)
  HIGHEST WIND SPEED    22   HIGHEST WIND DIRECTION     W (270)
  HIGHEST GUST SPEED    33   HIGHEST GUST DIRECTION     W (270)
  AVERAGE WIND SPEED     6.3


SKY COVER
  POSSIBLE SUNSHINE  MM
  AVERAGE SKY COVER 0.4


WEATHER CONDITIONS
 THE FOLLOWING WEATHER WAS RECORDED YESTERDAY.
  THUNDERSTORM
  HEAVY RAIN
  RAIN
  LIGHT RAIN
  FOG
  HAZE


RELATIVE HUMIDITY (PERCENT)
 HIGHEST   100          1200 AM
 LOWEST     70          1100 AM
 AVERAGE    85

..........................................................


THE HAGERSTOWN MD CLIMATE NORMALS FOR TODAY
                         NORMAL    RECORD    YEAR
 MAXIMUM TEMPERATURE (F)   85       107      1999
 MINIMUM TEMPERATURE (F)   66        47      1947


SUNRISE AND SUNSET
JULY 23 2019..........SUNRISE   602 AM EDT   SUNSET   832 PM EDT
JULY 24 2019..........SUNRISE   603 AM EDT   SUNSET   832 PM EDT


-  INDICATES NEGATIVE NUMBERS.
R  INDICATES RECORD WAS SET OR TIED.
MM INDICATES DATA IS MISSING.
T  INDICATES TRACE AMOUNT.




$$
