000
CDUS46 KHNX 240826
CLIHJO


CLIMATE REPORT
NATIONAL WEATHER SERVICE SAN JOAQUIN VALLEY, CA
126 AM PDT MON JUN 24 2019


...................................

...THE HANFORD CA AIRPORT CLIMATE SUMMARY FOR JUNE 23 2019...

CLIMATE NORMAL PERIOD 1981 TO 2010
CLIMATE RECORD PERIOD 1998 TO 2019


WEATHER ITEM   OBSERVED TIME   RECORD YEAR NORMAL DEPARTURE LAST
                VALUE   (LST)  VALUE       VALUE  FROM      YEAR
                                                  NORMAL
..................................................................
TEMPERATURE (F)
 YESTERDAY
  MAXIMUM         98    426 PM 107    2017  92      6
  MINIMUM         60    406 AM  52    2003  60      0
  AVERAGE         79                        76      3       81

PRECIPITATION (IN)
  YESTERDAY        0.00          0.00   MM   0.00   0.00
  MONTH TO DATE    0.00                      0.14  -0.14
  SINCE OCT 1      9.50                      9.88  -0.38
  SINCE JAN 1      7.63                      6.75   0.88

SNOWFALL (IN)
  YESTERDAY        0.0
  MONTH TO DATE    0.0
  SINCE JUN 1      0.0
  SINCE JUL 1      0.0
  SNOW DEPTH       0

DEGREE DAYS
 HEATING
  YESTERDAY        0
  MONTH TO DATE    0
  SINCE JUN 1      0
  SINCE JUL 1   2120

 COOLING
  YESTERDAY       14
  MONTH TO DATE  339
  SINCE JUN 1    339
  SINCE JAN 1    532
..................................................................


WIND (MPH)
  HIGHEST WIND SPEED    14   HIGHEST WIND DIRECTION    NW (320)
  HIGHEST GUST SPEED    18   HIGHEST GUST DIRECTION    NW (310)
  AVERAGE WIND SPEED     4.3




RELATIVE HUMIDITY (PERCENT)
 HIGHEST    90
 LOWEST     18
 AVERAGE    54

..........................................................


THE HANFORD CA AIRPORT CLIMATE NORMALS FOR TODAY
                         NORMAL    RECORD    YEAR
 MAXIMUM TEMPERATURE (F)   93       105      2006
 MINIMUM TEMPERATURE (F)   60        55      2012


SUNRISE AND SUNSET
JUNE 24 2019..........SUNRISE   542 AM PDT   SUNSET   820 PM PDT
JUNE 25 2019..........SUNRISE   542 AM PDT   SUNSET   820 PM PDT


-  INDICATES NEGATIVE NUMBERS.
R  INDICATES RECORD WAS SET OR TIED.
MM INDICATES DATA IS MISSING.
T  INDICATES TRACE AMOUNT.




$$
