000
CDUS46 KHNX 250824
CLIHJO


CLIMATE REPORT
NATIONAL WEATHER SERVICE SAN JOAQUIN VALLEY, CA
123 AM PDT FRI MAY 25 2018


...................................

...THE HANFORD CA CLIMATE SUMMARY FOR MAY 24 2018...

CLIMATE NORMAL PERIOD 1981 TO 2010
CLIMATE RECORD PERIOD 1998 TO 2018


WEATHER ITEM   OBSERVED TIME   RECORD YEAR NORMAL DEPARTURE
                VALUE   (LST)  VALUE       VALUE  FROM
                                                  NORMAL
...............................................................
TEMPERATURE (F)
 YESTERDAY
  MAXIMUM         83    452 PM  99    2001  86     -3
  MINIMUM         57    540 AM  47    2013  55      2
  AVERAGE         70                        71     -1

PRECIPITATION (IN)
  YESTERDAY        0.00          0.01 2008   0.01  -0.01
  MONTH TO DATE    0.00                      0.35  -0.35
  SINCE OCT 1      4.70                      9.67  -4.97
  SINCE JAN 1      4.29                      6.54  -2.25

SNOWFALL (IN)
  YESTERDAY        0.0
  MONTH TO DATE    0.0
  SINCE MAR 1      0.0
  SINCE JUL 1      0.0
  SNOW DEPTH       0

DEGREE DAYS
 HEATING
  YESTERDAY        0
  MONTH TO DATE    7
  SINCE MAR 1    372
  SINCE JUL 1   2042

 COOLING
  YESTERDAY        5
  MONTH TO DATE  129
  SINCE MAR 1    198
  SINCE JAN 1    198
...............................................................


WIND (MPH)
  HIGHEST WIND SPEED    18   HIGHEST WIND DIRECTION    NW (310)
  HIGHEST GUST SPEED    22   HIGHEST GUST DIRECTION    NW (330)
  AVERAGE WIND SPEED     8.1




RELATIVE HUMIDITY (PERCENT)
 HIGHEST    77
 LOWEST     33
 AVERAGE    55

..........................................................


THE HANFORD CA CLIMATE NORMALS FOR TODAY
                         NORMAL    RECORD    YEAR
 MAXIMUM TEMPERATURE (F)   86        98      2001
 MINIMUM TEMPERATURE (F)   55        45      2010


SUNRISE AND SUNSET
MAY 25 2018...........SUNRISE   545 AM PDT   SUNSET   806 PM PDT
MAY 26 2018...........SUNRISE   545 AM PDT   SUNSET   807 PM PDT


-  INDICATES NEGATIVE NUMBERS.
R  INDICATES RECORD WAS SET OR TIED.
MM INDICATES DATA IS MISSING.
T  INDICATES TRACE AMOUNT.




$$
