895
CDUS44 KJAN 180630
CLIHKS


CLIMATE REPORT
NATIONAL WEATHER SERVICE JACKSON MS
129 AM CDT THU JUL 18 2019


...................................

...THE JACKSON HAWKINS CLIMATE SUMMARY FOR JULY 17 2019...

CLIMATE NORMAL PERIOD 1981 TO 2010
CLIMATE RECORD PERIOD 9999 TO 9999


WEATHER ITEM   OBSERVED TIME   NORMAL DEPARTURE LAST
                VALUE   (LST)  VALUE  FROM      YEAR
                                      NORMAL
......................................................
TEMPERATURE (F)
 YESTERDAY
  MAXIMUM         93    342 PM  92      1       87
  MINIMUM         75    342 AM  73      2       74
  AVERAGE         84            82      2       81

PRECIPITATION (IN)
  YESTERDAY        0.00          0.16  -0.16     0.38
  MONTH TO DATE    4.10          2.55   1.55     3.57
  SINCE JUN 1      6.82          6.68   0.14     6.14
  SINCE JAN 1     33.06         31.14   1.92    36.84

SNOWFALL (IN)
  YESTERDAY        0.0

DEGREE DAYS
 HEATING
  YESTERDAY        0             0      0        0
  MONTH TO DATE    0             0      0        0
  SINCE JUN 1      0             0      0        0
  SINCE JUL 1      0             0      0        0

 COOLING
  YESTERDAY       19            17      2       16
  MONTH TO DATE  319           287     32      309
  SINCE JUN 1    767           716     51      807
  SINCE JAN 1   1224          1094    130     1339
......................................................


WIND (MPH)
  HIGHEST WIND SPEED    13   HIGHEST WIND DIRECTION    SW (220)
  HIGHEST GUST SPEED    18   HIGHEST GUST DIRECTION    SW (210)
  AVERAGE WIND SPEED     5.3


SKY COVER
  POSSIBLE SUNSHINE  MM
  AVERAGE SKY COVER 0.3


WEATHER CONDITIONS
 THE FOLLOWING WEATHER WAS RECORDED YESTERDAY.
  NO SIGNIFICANT WEATHER WAS OBSERVED.


RELATIVE HUMIDITY (PERCENT)
 HIGHEST   100           200 AM
 LOWEST     56           300 PM
 AVERAGE    78

..........................................................


THE JACKSON HAWKINS CLIMATE NORMALS FOR TODAY
                         NORMAL
 MAXIMUM TEMPERATURE (F)   92
 MINIMUM TEMPERATURE (F)   73


SUNRISE AND SUNSET
JULY 18 2019..........SUNRISE   606 AM CDT   SUNSET   808 PM CDT
JULY 19 2019..........SUNRISE   607 AM CDT   SUNSET   807 PM CDT


-  INDICATES NEGATIVE NUMBERS.
R  INDICATES RECORD WAS SET OR TIED.
MM INDICATES DATA IS MISSING.
T  INDICATES TRACE AMOUNT.




$$
