000
CDUS44 KJAN 260636
CLIHKS


CLIMATE REPORT
NATIONAL WEATHER SERVICE JACKSON MS
134 AM CDT FRI APR 26 2019


...................................

...THE JACKSON HAWKINS CLIMATE SUMMARY FOR APRIL 25 2019...

CLIMATE NORMAL PERIOD 1981 TO 2010
CLIMATE RECORD PERIOD 9999 TO 9999


WEATHER ITEM   OBSERVED TIME   NORMAL DEPARTURE LAST
                VALUE   (LST)  VALUE  FROM      YEAR
                                      NORMAL
......................................................
TEMPERATURE (F)
 YESTERDAY
  MAXIMUM         76    355 PM  78     -2       80
  MINIMUM         62   1159 PM  57      5       51
  AVERAGE         69            67      2       66

PRECIPITATION (IN)
  YESTERDAY        0.95          0.15   0.80     0.03
  MONTH TO DATE    7.76          4.46   3.30     5.90
  SINCE MAR 1     10.91          9.56   1.35    14.39
  SINCE JAN 1     20.21         18.96   1.25    26.95

SNOWFALL (IN)
  YESTERDAY        0.0

DEGREE DAYS
 HEATING
  YESTERDAY        0             1     -1        0
  MONTH TO DATE   81            84     -3      135
  SINCE MAR 1    369           340     29      335
  SINCE JUL 1   2055          2203   -148     2058

 COOLING
  YESTERDAY        4             4      0        1
  MONTH TO DATE   54            66    -12       23
  SINCE MAR 1     75            93    -18       70
  SINCE JAN 1     99           105     -6      144
......................................................


WIND (MPH)
  HIGHEST WIND SPEED    30   HIGHEST WIND DIRECTION    NW (320)
  HIGHEST GUST SPEED    33   HIGHEST GUST DIRECTION     W (260)
  AVERAGE WIND SPEED     9.6


SKY COVER
  POSSIBLE SUNSHINE  MM
  AVERAGE SKY COVER 0.5


WEATHER CONDITIONS
 THE FOLLOWING WEATHER WAS RECORDED YESTERDAY.
  THUNDERSTORM
  HEAVY RAIN
  RAIN
  LIGHT RAIN
  FOG
  HAZE


RELATIVE HUMIDITY (PERCENT)
 HIGHEST   100           900 AM
 LOWEST     69           500 PM
 AVERAGE    85

..........................................................


THE JACKSON HAWKINS CLIMATE NORMALS FOR TODAY
                         NORMAL
 MAXIMUM TEMPERATURE (F)   79
 MINIMUM TEMPERATURE (F)   57


SUNRISE AND SUNSET
APRIL 26 2019.........SUNRISE   620 AM CDT   SUNSET   738 PM CDT
APRIL 27 2019.........SUNRISE   619 AM CDT   SUNSET   739 PM CDT


-  INDICATES NEGATIVE NUMBERS.
R  INDICATES RECORD WAS SET OR TIED.
MM INDICATES DATA IS MISSING.
T  INDICATES TRACE AMOUNT.




$$
