000
CDUS43 KGLD 190745
CLIHLC

CLIMATE REPORT
NATIONAL WEATHER SERVICE GOODLAND
145 AM MDT FRI APR 19 2019


...................................

...THE HILL CITY KS CLIMATE SUMMARY FOR APRIL 18 2019...

CLIMATE NORMAL PERIOD 1981 TO 2010
CLIMATE RECORD PERIOD 1896 TO 2019


WEATHER ITEM   OBSERVED TIME   RECORD YEAR NORMAL DEPARTURE LAST
                VALUE   (LST)  VALUE       VALUE  FROM      YEAR
                                                  NORMAL
..................................................................
TEMPERATURE (F)
 YESTERDAY
  MAXIMUM         66    148 PM  97    1948  66      0       62
  MINIMUM         40    257 AM  20    1912  39      1       29
  AVERAGE         53                        52      1       46

PRECIPITATION (IN)
  YESTERDAY        0.04                      0.07  -0.03     0.00
  MONTH TO DATE    0.25                      1.11  -0.86     0.08
  SINCE MAR 1      1.06                      2.74  -1.68     0.49
  SINCE JAN 1      2.08                      3.71  -1.63     1.31

..................................................................

THE HILL CITY KS CLIMATE NORMALS FOR TODAY
                         NORMAL    RECORD    YEAR
 MAXIMUM TEMPERATURE (F)   67        94      1946
 MINIMUM TEMPERATURE (F)   39        23      1953



-  INDICATES NEGATIVE NUMBERS.
R  INDICATES RECORD WAS SET OR TIED.
MM INDICATES DATA IS MISSING.
T  INDICATES TRACE AMOUNT.




$$
