000
CDUS43 KGLD 160751
CLIHLC

CLIMATE REPORT
NATIONAL WEATHER SERVICE GOODLAND
1245 AM MST MON DEC 16 2019
...................................

...THE HILL CITY KS CLIMATE SUMMARY FOR DECEMBER 15 2019...

CLIMATE NORMAL PERIOD 1981 TO 2010
CLIMATE RECORD PERIOD 1896 TO 2019

WEATHER ITEM   OBSERVED TIME   RECORD YEAR NORMAL DEPARTURE LAST
                VALUE   (LST)  VALUE       VALUE  FROM      YEAR
                                                  NORMAL
..................................................................
TEMPERATURE (F)
 YESTERDAY
  MAXIMUM         29    402 PM  74    1946  42    -13       58
  MINIMUM         21   1149 PM -15    1989  17      4       16
  AVERAGE         25                        30     -5       37

PRECIPITATION (IN)
  YESTERDAY        0.04                      0.01   0.03     0.00
  MONTH TO DATE    0.04                      0.45  -0.41     0.33
  SINCE DEC 1      0.04                      0.45  -0.41     0.33
  SINCE JAN 1     28.23                     22.68   5.55    34.96

..................................................................

THE HILL CITY KS CLIMATE NORMALS FOR TODAY
                         NORMAL    RECORD    YEAR
 MAXIMUM TEMPERATURE (F)   42        75      1962
 MINIMUM TEMPERATURE (F)   17       -14      1989

-  INDICATES NEGATIVE NUMBERS.
R  INDICATES RECORD WAS SET OR TIED.
MM INDICATES DATA IS MISSING.
T  INDICATES TRACE AMOUNT.

$$
