000
CDUS41 KPBZ 162119
CLIHLG


CLIMATE REPORT
NATIONAL WEATHER SERVICE PITTSBURGH PA
519 PM EDT TUE JUL 16 2019


...................................

...THE WHEELING CLIMATE SUMMARY FOR JULY 16 2019...
VALID TODAY AS OF 0500 PM LOCAL TIME.

CLIMATE NORMAL PERIOD 1981 TO 2010
CLIMATE RECORD PERIOD 1878 TO 2019


WEATHER ITEM   OBSERVED TIME   RECORD YEAR NORMAL DEPARTURE LAST
                VALUE   (LST)  VALUE       VALUE  FROM      YEAR
                                                  NORMAL
..................................................................
TEMPERATURE (F)
 TODAY
  MAXIMUM         83    250 PM  97    1931  82      1       91
  MINIMUM         70    309 AM  43    1946  63      7       69
  AVERAGE         77                        72      5       80

PRECIPITATION (IN)
  TODAY            0.00          1.55 1937   0.13  -0.13     0.02
  MONTH TO DATE    4.08                      2.01   2.07     1.18
  SINCE JAN 1     21.63                     21.91  -0.28    31.85

DEGREE DAYS
 HEATING
  TODAY            0                         0      0        0
  MONTH TO DATE    0                         0      0        0
  SINCE JUN 1     29                        38     -9       21
  SINCE JUL 1      0                         0      0        0

 COOLING
  TODAY           12                         8      4       15
  MONTH TO DATE  172                       115     57      173
  SINCE JUN 1    316                       251     65      360
  SINCE JAN 1    422                       297    125      532
..................................................................


WIND (MPH)
  HIGHEST WIND SPEED    12   HIGHEST WIND DIRECTION    SW (210)
  HIGHEST GUST SPEED    16   HIGHEST GUST DIRECTION    SW (230)
  AVERAGE WIND SPEED     6.0


SKY COVER
  POSSIBLE SUNSHINE  MM
  AVERAGE SKY COVER 0.2


WEATHER CONDITIONS
 THE FOLLOWING WEATHER WAS RECORDED TODAY.
  NO SIGNIFICANT WEATHER WAS OBSERVED.


RELATIVE HUMIDITY (PERCENT)
 HIGHEST    93           200 AM
 LOWEST     65           200 PM
 AVERAGE    79

..........................................................


THE WHEELING CLIMATE NORMALS FOR TOMORROW
                         NORMAL    RECORD    YEAR
 MAXIMUM TEMPERATURE (F)   82       101      1931
 MINIMUM TEMPERATURE (F)   63        45      1946
                                             1926


SUNRISE AND SUNSET
JULY 16 2019..........SUNRISE   606 AM EDT   SUNSET   850 PM EDT
JULY 17 2019..........SUNRISE   607 AM EDT   SUNSET   850 PM EDT


-  INDICATES NEGATIVE NUMBERS.
R  INDICATES RECORD WAS SET OR TIED.
MM INDICATES DATA IS MISSING.
T  INDICATES TRACE AMOUNT.




$$
