214
CDUS41 KPBZ 240701
CLIHLG


CLIMATE REPORT
NATIONAL WEATHER SERVICE PITTSBURGH PA
301 AM EDT WED APR 24 2019


...................................

...THE WHEELING CLIMATE SUMMARY FOR APRIL 23 2019...

CLIMATE NORMAL PERIOD 1981 TO 2010
CLIMATE RECORD PERIOD 1878 TO 2019


WEATHER ITEM   OBSERVED TIME   RECORD YEAR NORMAL DEPARTURE LAST
                VALUE   (LST)  VALUE       VALUE  FROM      YEAR
                                                  NORMAL
..................................................................
TEMPERATURE (F)
 YESTERDAY
  MAXIMUM         78   1148 AM  83    1947  64     14       73
                                      1946
  MINIMUM         52    256 AM  20    1936  44      8       50
  AVERAGE         65                        54     11       62

PRECIPITATION (IN)
  YESTERDAY        0.05          1.50 1880   0.09  -0.04      T
  MONTH TO DATE    1.54                      2.26  -0.72     4.41
  SINCE JUN 1     44.53                     33.04  11.49    43.68
  SINCE JAN 1      9.36                     10.15  -0.79    16.65

DEGREE DAYS
 HEATING
  YESTERDAY        0                        12    -12        3
  MONTH TO DATE  211                       347   -136      449
  SINCE MAR 1   1035                      1120    -85     1362
  SINCE JUL 1   4981                      5287   -306     5342

 COOLING
  YESTERDAY        0                                         0
  MONTH TO DATE   10                                        14
  SINCE MAR 1     11                                        14
  SINCE JAN 1     11                                        19
..................................................................


WIND (MPH)
  HIGHEST WIND SPEED    28   HIGHEST WIND DIRECTION    SW (220)
  HIGHEST GUST SPEED    38   HIGHEST GUST DIRECTION    SW (220)
  AVERAGE WIND SPEED    11.4


SKY COVER
  POSSIBLE SUNSHINE  MM
  AVERAGE SKY COVER 0.3


WEATHER CONDITIONS
 THE FOLLOWING WEATHER WAS RECORDED YESTERDAY.
  THUNDERSTORM
  LIGHT RAIN


RELATIVE HUMIDITY (PERCENT)
 HIGHEST    72          1100 PM
 LOWEST     38          1200 PM
 AVERAGE    55

..........................................................


THE WHEELING CLIMATE NORMALS FOR TODAY
                         NORMAL    RECORD    YEAR
 MAXIMUM TEMPERATURE (F)   64        88      1925
 MINIMUM TEMPERATURE (F)   44        25      1922
                                             1907


SUNRISE AND SUNSET
APRIL 24 2019.........SUNRISE   632 AM EDT   SUNSET   810 PM EDT
APRIL 25 2019.........SUNRISE   630 AM EDT   SUNSET   811 PM EDT


-  INDICATES NEGATIVE NUMBERS.
R  INDICATES RECORD WAS SET OR TIED.
MM INDICATES DATA IS MISSING.
T  INDICATES TRACE AMOUNT.




$$
