000
CDHW40 PHFO 160226
CLIHNL


CLIMATE REPORT
NATIONAL WEATHER SERVICE HONOLULU HI
425 PM HST SAT JUN 15 2019


...................................

...THE HONOLULU HI CLIMATE SUMMARY FOR JUNE 15 2019...
VALID TODAY AS OF 0400 PM LOCAL TIME.

CLIMATE NORMAL PERIOD 1981 TO 2010
CLIMATE RECORD PERIOD 1940 TO 2019


WEATHER ITEM   OBSERVED TIME   RECORD YEAR NORMAL DEPARTURE LAST
                VALUE   (LST)  VALUE       VALUE  FROM      YEAR
                                                  NORMAL
..................................................................
TEMPERATURE (F)
 TODAY
  MAXIMUM         91R   139 PM  90    2018  87      4       90
                                      1982
  MINIMUM         76    543 AM  67    1971  74      2       73
  AVERAGE         84                        80      4       82

PRECIPITATION (IN)
  TODAY            0.00          2.00 1971   0.01  -0.01     0.00
  MONTH TO DATE    0.03                      0.14  -0.11     0.14
  SINCE JUN 1      0.03                      0.14  -0.11     0.14
  SINCE JAN 1      3.11                      7.71  -4.60     8.33

SNOWFALL (IN)
  TODAY            0.0
  MONTH TO DATE    0.0
  SINCE JUN 1      0.0
  SINCE JUL 1      0.0
  SNOW DEPTH      MM

DEGREE DAYS
 HEATING
  TODAY            0                         0      0        0
  MONTH TO DATE    0                         0      0        0
  SINCE JUN 1      0                         0      0        0
  SINCE JUL 1      0                         0      0        0

 COOLING
  TODAY           19                        15      4       17
  MONTH TO DATE  264                       222     42      239
  SINCE JUN 1    264                       222     42      239
  SINCE JAN 1   1934                      1724    210     2024
..................................................................


WIND (MPH)
  HIGHEST WIND SPEED    22   HIGHEST WIND DIRECTION    NE (40)
  HIGHEST GUST SPEED    28   HIGHEST GUST DIRECTION    NE (60)
  AVERAGE WIND SPEED    MM


SKY COVER
  POSSIBLE SUNSHINE  MM
  AVERAGE SKY COVER  MM


WEATHER CONDITIONS
 THE FOLLOWING WEATHER WAS RECORDED TODAY.
  NO SIGNIFICANT WEATHER WAS OBSERVED.


RELATIVE HUMIDITY (PERCENT)
 HIGHEST    MM
 LOWEST     MM
 AVERAGE    MM

..........................................................


THE HONOLULU HI CLIMATE NORMALS FOR TOMORROW
                         NORMAL    RECORD    YEAR
 MAXIMUM TEMPERATURE (F)   87        89      2005
                                             2003
                                             1997
 MINIMUM TEMPERATURE (F)   74        65      1971


SUNRISE AND SUNSET
JUNE 15 2019..........SUNRISE   549 AM HST   SUNSET   715 PM HST
JUNE 16 2019..........SUNRISE   550 AM HST   SUNSET   715 PM HST


-  INDICATES NEGATIVE NUMBERS.
R  INDICATES RECORD WAS SET OR TIED.
MM INDICATES DATA IS MISSING.
T  INDICATES TRACE AMOUNT.




$$
