000
CDUS44 KHGX 190731
CLIHOU


CLIMATE REPORT
NATIONAL WEATHER SERVICE HOUSTON/GALVESTON TX
231 AM CDT FRI APR 19 2019


...................................

...THE HOUSTON/HOBBY AIRPORT CLIMATE SUMMARY FOR APRIL 18 2019...

CLIMATE NORMAL PERIOD 1981 TO 2010
CLIMATE RECORD PERIOD 1930 TO 2019


WEATHER ITEM   OBSERVED TIME   RECORD YEAR NORMAL DEPARTURE LAST
                VALUE   (LST)  VALUE       VALUE  FROM      YEAR
                                                  NORMAL
..................................................................
TEMPERATURE (F)
 YESTERDAY
  MAXIMUM         77    439 PM  91    1987  79     -2       83
  MINIMUM         62   1158 PM  46    1940  62      0       67
  AVERAGE         70                        70      0       75

PRECIPITATION (IN)
  YESTERDAY        0.94          5.16 2016   0.11   0.83     0.00
  MONTH TO DATE    2.00                      1.83   0.17     1.17
  SINCE MAR 1      2.54                      5.03  -2.49     3.10
  SINCE JAN 1      9.99                     12.11  -2.12    10.34

SNOWFALL (IN)
  YESTERDAY        0.0
  MONTH TO DATE    0.0
  SINCE JUL 1      T

DEGREE DAYS
 HEATING
  YESTERDAY        0                         1     -1        0
  MONTH TO DATE   31                        25      6       37
  SINCE MAR 1    162                       146     16       90
  SINCE JUL 1   1144                      1216    -72     1129

 COOLING
  YESTERDAY        5                         6     -1       10
  MONTH TO DATE  104                        87     17       66
  SINCE MAR 1    187                       156     31      204
  SINCE JAN 1    230                       194     36      295
..................................................................


WIND (MPH)
  HIGHEST WIND SPEED    33   HIGHEST WIND DIRECTION    NW (320)
  HIGHEST GUST SPEED    43   HIGHEST GUST DIRECTION    NW (330)




RELATIVE HUMIDITY (PERCENT)
 HIGHEST    93
 LOWEST     50
 AVERAGE    72

..........................................................


THE HOUSTON/HOBBY AIRPORT CLIMATE NORMALS FOR TODAY
                         NORMAL    RECORD    YEAR
 MAXIMUM TEMPERATURE (F)   80        88      2011
                                             1984
                                             1972
 MINIMUM TEMPERATURE (F)   62        40      1940


SUNRISE AND SUNSET
APRIL 19 2019.........SUNRISE   651 AM CDT   SUNSET   750 PM CDT
APRIL 20 2019.........SUNRISE   650 AM CDT   SUNSET   751 PM CDT


-  INDICATES NEGATIVE NUMBERS.
R  INDICATES RECORD WAS SET OR TIED.
MM INDICATES DATA IS MISSING.
T  INDICATES TRACE AMOUNT.




$$
