000
CDUS44 KHGX 192214
CLIHOU

CLIMATE REPORT
NATIONAL WEATHER SERVICE HOUSTON/GALVESTON TX
507 PM CDT WED JUN 19 2019


...................................

...THE HOUSTON/HOBBY AIRPORT CLIMATE SUMMARY FOR JUNE 19 2019...
VALID TODAY AS OF 0500 PM LOCAL TIME.

CLIMATE NORMAL PERIOD 1981 TO 2010
CLIMATE RECORD PERIOD 1930 TO 2019


WEATHER ITEM   OBSERVED TIME   RECORD YEAR NORMAL DEPARTURE LAST
                VALUE   (LST)  VALUE       VALUE  FROM      YEAR
                                                  NORMAL
..................................................................
TEMPERATURE (F)
 TODAY
  MAXIMUM         94    257 PM 101    1934  91      3       86
  MINIMUM         77    553 AM  62    1933  74      3       74
  AVERAGE         86                        82      4       80

PRECIPITATION (IN)
  TODAY            0.00          9.29 2006   0.26  -0.26     0.27
  MONTH TO DATE    4.04                      4.53  -0.49     3.11
  SINCE JUN 1      4.04                      4.53  -0.49     3.11
  SINCE JAN 1     25.29                     22.81   2.48    18.59

DEGREE DAYS
 COOLING
  TODAY           21                        17      4       15
  MONTH TO DATE  355                       312     43      364
  SINCE JUN 1    355                       312     43      364
  SINCE JAN 1   1128                       966    162     1157
..................................................................


WIND (MPH)
  RESULTANT WIND SPEED   9   RESULTANT WIND DIRECTION   S (200)
  HIGHEST WIND SPEED    18   HIGHEST WIND DIRECTION     S (200)
  HIGHEST GUST SPEED    24   HIGHEST GUST DIRECTION     S (180)
  AVERAGE WIND SPEED     9.2



WEATHER CONDITIONS
 THE FOLLOWING WEATHER WAS RECORDED TODAY.
  NO SIGNIFICANT WEATHER WAS OBSERVED.


RELATIVE HUMIDITY (PERCENT)
 HIGHEST    88           500 AM
 LOWEST     56           100 PM
 AVERAGE    72

..........................................................


THE HOUSTON/HOBBY AIRPORT CLIMATE NORMALS FOR TOMORROW
                         NORMAL    RECORD    YEAR
 MAXIMUM TEMPERATURE (F)   91        99      1933
 MINIMUM TEMPERATURE (F)   75        66      1933


SUNRISE AND SUNSET
JUNE 19 2019..........SUNRISE   621 AM CDT   SUNSET   824 PM CDT
JUNE 20 2019..........SUNRISE   621 AM CDT   SUNSET   824 PM CDT


-  INDICATES NEGATIVE NUMBERS.
R  INDICATES RECORD WAS SET OR TIED.
MM INDICATES DATA IS MISSING.
T  INDICATES TRACE AMOUNT.




$$
..MISCELLANEOUS CLIMATE DATA FOR TODAY...

LOCATION                        HIGH    LOW     PRECIP
PEARLAND                         93      77      0.00
SUGAR LAND                       94      75      0.00
TOMBALL                          93      77      0.00
CONROE                           96      78       T
HUNTSVILLE                       96      78      0.00
ANGLETON/LAKE JACKSON            91      76      0.00
PALACIOS                         91      85      0.00
LEAGUE CITY (NWS)                92      78      0


THIS PRODUCT...ALONG WITH OTHER WEATHER...HYDROLOGIC...AND CLIMATE
PRODUCTS...IS AVAILABLE ON THE WEB AT HTTP://WWW.WEATHER.GOV/HGX
