000
CDUS46 KSEW 190828
CLIHQM


CLIMATE REPORT
NATIONAL WEATHER SERVICE SEATTLE WA
128 AM PDT WED JUN 19 2019


...................................

...THE HOQUIAM WA AIRPORT CLIMATE SUMMARY FOR JUNE 18 2019...

CLIMATE NORMAL PERIOD 1981 TO 2010
CLIMATE RECORD PERIOD 1953 TO 2019


WEATHER ITEM   OBSERVED TIME   RECORD YEAR NORMAL DEPARTURE LAST
                VALUE   (LST)  VALUE       VALUE  FROM      YEAR
                                                  NORMAL
..................................................................
TEMPERATURE (F)
 YESTERDAY
  MAXIMUM         63    300 PM  96    1982  64     -1       70
  MINIMUM         53   1159 PM  43    1991  51      2       58
                                      1987
                                      1960
  AVERAGE         58                        57      1       64

PRECIPITATION (IN)
  YESTERDAY        0.00          0.71 1986   0.07  -0.07     0.00
  MONTH TO DATE    0.64                      1.51  -0.87     1.70
  SINCE OCT 1     47.51                     62.09 -14.58    66.44
  SINCE JAN 1     20.37                     34.43 -14.06    34.85

DEGREE DAYS
 HEATING
  YESTERDAY        7                         8     -1        1
  MONTH TO DATE  138                       159    -21      133
  SINCE JUN 1    138                       159    -21      133

 COOLING
  YESTERDAY        0                         0      0        0
  MONTH TO DATE   10                         0     10        0
  SINCE JUN 1     10                         0     10        0
  SINCE JAN 1     11                         1     10        0
..................................................................


WIND (MPH)
  RESULTANT WIND SPEED  15   RESULTANT WIND DIRECTION  NW (300)
  HIGHEST WIND SPEED    24   HIGHEST WIND DIRECTION     W (290)
  HIGHEST GUST SPEED    36   HIGHEST GUST DIRECTION    NW (300)
  AVERAGE WIND SPEED    15.1


SKY COVER
  AVERAGE SKY COVER 0.6


WEATHER CONDITIONS
 THE FOLLOWING WEATHER WAS RECORDED YESTERDAY.
  FOG


RELATIVE HUMIDITY (PERCENT)
 HIGHEST   100          1200 AM
 LOWEST     67          1200 PM
 AVERAGE    84

..........................................................


THE HOQUIAM WA AIRPORT CLIMATE NORMALS FOR TODAY
                         NORMAL    RECORD    YEAR
 MAXIMUM TEMPERATURE (F)   64        75      2005
                                             1982
 MINIMUM TEMPERATURE (F)   51        40      1955


SUNRISE AND SUNSET
JUNE 19 2019..........SUNRISE   520 AM PDT   SUNSET   914 PM PDT
JUNE 20 2019..........SUNRISE   521 AM PDT   SUNSET   914 PM PDT


-  INDICATES NEGATIVE NUMBERS.
R  INDICATES RECORD WAS SET OR TIED.
MM INDICATES DATA IS MISSING.
T  INDICATES TRACE AMOUNT.




$$
