000
CDUS46 KSEW 200831
CLIHQM


CLIMATE REPORT
NATIONAL WEATHER SERVICE SEATTLE WA
130 AM PDT SAT APR 20 2019


...................................

...THE HOQUIAM WA AIRPORT CLIMATE SUMMARY FOR APRIL 19 2019...

CLIMATE NORMAL PERIOD 1981 TO 2010
CLIMATE RECORD PERIOD 1953 TO 2019


WEATHER ITEM   OBSERVED TIME   RECORD YEAR NORMAL DEPARTURE LAST
                VALUE   (LST)  VALUE       VALUE  FROM      YEAR
                                                  NORMAL
..................................................................
TEMPERATURE (F)
 YESTERDAY
  MAXIMUM         54    333 PM  73    1956  56     -2       58
  MINIMUM         47   1159 PM  32    1982  42      5       35
  AVERAGE         51                        49      2       47

PRECIPITATION (IN)
  YESTERDAY        0.07          2.04 1965   0.16  -0.09     0.00
  MONTH TO DATE    3.75                      3.47   0.28     9.46
  SINCE OCT 1     45.14                     55.66 -10.52    63.71
  SINCE JAN 1     18.00                     28.00 -10.00    32.12

DEGREE DAYS
 HEATING
  YESTERDAY       14                        16     -2       18
  MONTH TO DATE  281                       321    -40      308
  SINCE MAR 1    823                       910    -87      914

 COOLING
  YESTERDAY        0                         0      0        0
  MONTH TO DATE    0                         0      0        0
  SINCE MAR 1      0                         0      0        0
  SINCE JAN 1      0                         0      0        0
..................................................................


WIND (MPH)
  RESULTANT WIND SPEED   7   RESULTANT WIND DIRECTION   W (270)
  HIGHEST WIND SPEED    14   HIGHEST WIND DIRECTION     W (280)
  HIGHEST GUST SPEED    16   HIGHEST GUST DIRECTION     W (280)
  AVERAGE WIND SPEED     8.1


SKY COVER
  AVERAGE SKY COVER 1.0


WEATHER CONDITIONS
 THE FOLLOWING WEATHER WAS RECORDED YESTERDAY.
  LIGHT RAIN
  FOG


RELATIVE HUMIDITY (PERCENT)
 HIGHEST   100          1200 AM
 LOWEST     89           800 PM
 AVERAGE    95

..........................................................


THE HOQUIAM WA AIRPORT CLIMATE NORMALS FOR TODAY
                         NORMAL    RECORD    YEAR
 MAXIMUM TEMPERATURE (F)   56        83      1956
 MINIMUM TEMPERATURE (F)   42        32      2011
                                             1961


SUNRISE AND SUNSET
APRIL 20 2019.........SUNRISE   619 AM PDT   SUNSET   811 PM PDT
APRIL 21 2019.........SUNRISE   617 AM PDT   SUNSET   812 PM PDT


-  INDICATES NEGATIVE NUMBERS.
R  INDICATES RECORD WAS SET OR TIED.
MM INDICATES DATA IS MISSING.
T  INDICATES TRACE AMOUNT.




$$
