000
CDUS46 KPDT 210835
CLIHRI

CLIMATE REPORT
NATIONAL WEATHER SERVICE PENDLETON OR
135 AM PDT SUN APR 21 2019


...................................

...THE HERMISTON OR CLIMATE SUMMARY FOR APRIL 20 2019...

CLIMATE NORMAL PERIOD 1981 TO 2010
CLIMATE RECORD PERIOD 1906 TO 2019


WEATHER ITEM   OBSERVED TIME   RECORD YEAR NORMAL DEPARTURE LAST
                VALUE   (LST)  VALUE       VALUE  FROM      YEAR
                                                  NORMAL
..................................................................
TEMPERATURE (F)
 YESTERDAY
  MAXIMUM         67    530 PM  90    1934  67      0       72
  MINIMUM         50   1159 PM  14    1927  38     12       36
  AVERAGE         59                        52      7       54

PRECIPITATION (IN)
  YESTERDAY        T             0.19 1995   0.03  -0.03     0.00
  MONTH TO DATE    0.29                      0.65  -0.36     1.56
  SINCE OCT 1      6.58                      7.36  -0.78     6.48
  SINCE JAN 1      3.88                      4.04  -0.16     3.94

..................................................................


WIND (MPH)
  HIGHEST WIND SPEED    15   HIGHEST WIND DIRECTION     W (260)
  HIGHEST GUST SPEED    19   HIGHEST GUST DIRECTION     W (260)
  AVERAGE WIND SPEED     7.4


SKY COVER
  POSSIBLE SUNSHINE  MM
  AVERAGE SKY COVER 0.6


WEATHER CONDITIONS
 THE FOLLOWING WEATHER WAS RECORDED YESTERDAY.
  LIGHT RAIN


RELATIVE HUMIDITY (PERCENT)
 HIGHEST    93           400 AM
 LOWEST     45           400 PM
 AVERAGE    69

..........................................................


THE HERMISTON OR CLIMATE NORMALS FOR TODAY
                         NORMAL    RECORD    YEAR
 MAXIMUM TEMPERATURE (F)   67        92      1934
 MINIMUM TEMPERATURE (F)   38        20      1951


SUNRISE AND SUNSET
APRIL 21 2019.........SUNRISE   601 AM PDT   SUNSET   751 PM PDT
APRIL 22 2019.........SUNRISE   559 AM PDT   SUNSET   753 PM PDT


-  INDICATES NEGATIVE NUMBERS.
R  INDICATES RECORD WAS SET OR TIED.
MM INDICATES DATA IS MISSING.
T  INDICATES TRACE AMOUNT.


$$
