715
CDUS44 KBRO 232140
CLIHRL


CLIMATE REPORT
NATIONAL WEATHER SERVICE BROWNSVILLE TX
439 PM CDT TUE APR 23 2019


...................................

...THE HARLINGEN CLIMATE SUMMARY FOR APRIL 23 2019...
VALID TODAY AS OF 0400 PM LOCAL TIME.

CLIMATE NORMAL PERIOD 1981 TO 2010
CLIMATE RECORD PERIOD 1912 TO 2019


WEATHER ITEM   OBSERVED TIME   RECORD YEAR NORMAL DEPARTURE LAST
                VALUE   (LST)  VALUE       VALUE  FROM      YEAR
                                                  NORMAL
..................................................................
TEMPERATURE (F)
 TODAY
  MAXIMUM         83    128 PM 100    1997  87     -4       85
  MINIMUM         72    646 AM  51    1982  67      5       61
  AVERAGE         78                        77      1       73

PRECIPITATION (IN)
  TODAY            0.00          2.30 1946   0.05  -0.05     0.00
  MONTH TO DATE    0.50                      1.30  -0.80     0.33
  SINCE MAR 1      4.19                      2.59   1.60     0.46
  SINCE JAN 1      5.71                      5.06   0.65     3.11

SNOWFALL (IN)
  TODAY            0.0
  MONTH TO DATE    0.0
  SINCE MAR 1      0.0
  SINCE JUL 1      0.0
  SNOW DEPTH       0

DEGREE DAYS
 HEATING
  TODAY            0                         0      0        0
  MONTH TO DATE   16                         7      9        3
  SINCE MAR 1    108                        53     55        4
  SINCE JUL 1    693                       621     72      644

 COOLING
  TODAY           13                        12      1        8
  MONTH TO DATE  212                       231    -19      202
  SINCE MAR 1    401                       401      0      469
  SINCE JAN 1    564                       526     38      675
..................................................................


WIND (MPH)
  HIGHEST WIND SPEED    24   HIGHEST WIND DIRECTION    SE (140)
  HIGHEST GUST SPEED    30   HIGHEST GUST DIRECTION    SE (130)
  AVERAGE WIND SPEED    15.8



WEATHER CONDITIONS
 THE FOLLOWING WEATHER WAS RECORDED TODAY.
  NO SIGNIFICANT WEATHER WAS OBSERVED.


RELATIVE HUMIDITY (PERCENT)
 HIGHEST    93
 LOWEST     58
 AVERAGE    76

..........................................................


THE HARLINGEN CLIMATE NORMALS FOR TOMORROW
                         NORMAL    RECORD    YEAR
 MAXIMUM TEMPERATURE (F)   87       106      1955
 MINIMUM TEMPERATURE (F)   67        49      1928


SUNRISE AND SUNSET
APRIL 23 2019.........SUNRISE   700 AM CDT   SUNSET   758 PM CDT
APRIL 24 2019.........SUNRISE   659 AM CDT   SUNSET   759 PM CDT


-  INDICATES NEGATIVE NUMBERS.
R  INDICATES RECORD WAS SET OR TIED.
MM INDICATES DATA IS MISSING.
T  INDICATES TRACE AMOUNT.




$$
