000
CDUS44 KBRO 232131
CLIHRL


CLIMATE REPORT
NATIONAL WEATHER SERVICE BROWNSVILLE TX
430 PM CDT TUE JUL 23 2019


...................................

...THE HARLINGEN CLIMATE SUMMARY FOR JULY 23 2019...
VALID TODAY AS OF 0400 PM LOCAL TIME.

CLIMATE NORMAL PERIOD 1981 TO 2010
CLIMATE RECORD PERIOD 1912 TO 2019


WEATHER ITEM   OBSERVED TIME   RECORD YEAR NORMAL DEPARTURE LAST
                VALUE   (LST)  VALUE       VALUE  FROM      YEAR
                                                  NORMAL
..................................................................
TEMPERATURE (F)
 TODAY
  MAXIMUM         94   1158 AM 104    1943  96     -2      101
  MINIMUM         74    548 AM  67    1923  75     -1       76
  AVERAGE         84                        85     -1       89

PRECIPITATION (IN)
  TODAY            0.28          6.80 2008   0.06   0.22     0.00
  MONTH TO DATE    0.34                      1.57  -1.23     0.24
  SINCE JUN 1      8.99                      4.07   4.92    11.00
  SINCE JAN 1     15.16                     11.99   3.17    15.05

SNOWFALL (IN)
  TODAY            0.0
  MONTH TO DATE    0.0
  SINCE JUN 1      0.0
  SINCE JUL 1      0.0
  SNOW DEPTH       0

DEGREE DAYS
 HEATING
  TODAY            0                         0      0        0
  MONTH TO DATE    0                         0      0        0
  SINCE JUN 1      0                         0      0        0
  SINCE JUL 1      0                         0      0        0

 COOLING
  TODAY           19                        20     -1       24
  MONTH TO DATE  493                       460     33      482
  SINCE JUN 1   1134                      1028    106     1123
  SINCE JAN 1   2353                      2129    224     2407
..................................................................


WIND (MPH)
  HIGHEST WIND SPEED    24   HIGHEST WIND DIRECTION    NE (40)
  HIGHEST GUST SPEED    27   HIGHEST GUST DIRECTION    NE (40)
  AVERAGE WIND SPEED     3.4



WEATHER CONDITIONS
 THE FOLLOWING WEATHER WAS RECORDED TODAY.
  THUNDERSTORM
  HEAVY RAIN
  RAIN
  LIGHT RAIN
  FOG


RELATIVE HUMIDITY (PERCENT)
 HIGHEST   100
 LOWEST     52
 AVERAGE    76

..........................................................


THE HARLINGEN CLIMATE NORMALS FOR TOMORROW
                         NORMAL    RECORD    YEAR
 MAXIMUM TEMPERATURE (F)   96       106      2018
 MINIMUM TEMPERATURE (F)   75        66      1923


SUNRISE AND SUNSET
JULY 23 2019..........SUNRISE   652 AM CDT   SUNSET   822 PM CDT
JULY 24 2019..........SUNRISE   652 AM CDT   SUNSET   822 PM CDT


-  INDICATES NEGATIVE NUMBERS.
R  INDICATES RECORD WAS SET OR TIED.
MM INDICATES DATA IS MISSING.
T  INDICATES TRACE AMOUNT.

$$
