000
CDUS44 KLZK 170634
CLIHRO


CLIMATE REPORT
NATIONAL WEATHER SERVICE LITTLE ROCK AR
134 AM CDT MON JUN 17 2019


...................................

...THE HARRISON CLIMATE SUMMARY FOR JUNE 16 2019...

CLIMATE NORMAL PERIOD 1981 TO 2010
CLIMATE RECORD PERIOD 1891 TO 2019


WEATHER ITEM   OBSERVED TIME   RECORD YEAR NORMAL DEPARTURE LAST
                VALUE   (LST)  VALUE       VALUE  FROM      YEAR
                                                  NORMAL
..................................................................
TEMPERATURE (F)
 YESTERDAY
  MAXIMUM         86    218 PM 101    1901  85      1       93
  MINIMUM         67    651 AM  43    1917  63      4       71
  AVERAGE         77                        74      3       82

PRECIPITATION (IN)
  YESTERDAY        0.00          3.42 1956   0.15  -0.15     0.00
  MONTH TO DATE    0.81                      2.32  -1.51     0.44
  SINCE JUN 1      0.81                      2.32  -1.51     0.44
  SINCE JAN 1     24.83                     20.32   4.51    20.80

SNOWFALL (IN)
  YESTERDAY        0.0          MM      MM   0.0    0.0      0.0
  MONTH TO DATE    0.0                       0.0    0.0      0.0
  SINCE JUN 1      0.0                       0.0    0.0      0.0
  SINCE JUL 1      4.5                      11.5   -7.0      2.2
  SNOW DEPTH       0

DEGREE DAYS
 HEATING
  YESTERDAY        0                         0      0        0
  MONTH TO DATE    0                         3     -3        0
  SINCE JUN 1      0                         3     -3        0
  SINCE JUL 1   3989                      4001    -12     3794

 COOLING
  YESTERDAY       12                         9      3       17
  MONTH TO DATE  104                       117    -13      201
  SINCE JUN 1    104                       117    -13      201
  SINCE JAN 1    275                       256     19      477
..................................................................


WIND (MPH)
  HIGHEST WIND SPEED    22   HIGHEST WIND DIRECTION     W (290)
  HIGHEST GUST SPEED    30   HIGHEST GUST DIRECTION     W (280)
  AVERAGE WIND SPEED     4.8


SKY COVER
  POSSIBLE SUNSHINE  MM
  AVERAGE SKY COVER 0.2


WEATHER CONDITIONS
 THE FOLLOWING WEATHER WAS RECORDED YESTERDAY.
  FOG


RELATIVE HUMIDITY (PERCENT)
 HIGHEST    97           100 AM
 LOWEST     51           300 PM
 AVERAGE    74

..........................................................


THE HARRISON CLIMATE NORMALS FOR TODAY
                         NORMAL    RECORD    YEAR
 MAXIMUM TEMPERATURE (F)   85       100      1953
                                             1936
                                             1911
 MINIMUM TEMPERATURE (F)   63        46      1917


SUNRISE AND SUNSET
JUNE 17 2019..........SUNRISE   555 AM CDT   SUNSET   832 PM CDT
JUNE 18 2019..........SUNRISE   555 AM CDT   SUNSET   833 PM CDT


-  INDICATES NEGATIVE NUMBERS.
R  INDICATES RECORD WAS SET OR TIED.
MM INDICATES DATA IS MISSING.
T  INDICATES TRACE AMOUNT.




$$
