000
CDUS44 KLZK 180643
CLIHRO


CLIMATE REPORT
NATIONAL WEATHER SERVICE LITTLE ROCK AR
141 AM CDT THU APR 18 2019


...................................

...THE HARRISON CLIMATE SUMMARY FOR APRIL 17 2019...

CLIMATE NORMAL PERIOD 1981 TO 2010
CLIMATE RECORD PERIOD 1891 TO 2019


WEATHER ITEM   OBSERVED TIME   RECORD YEAR NORMAL DEPARTURE LAST
                VALUE   (LST)  VALUE       VALUE  FROM      YEAR
                                                  NORMAL
..................................................................
TEMPERATURE (F)
 YESTERDAY
  MAXIMUM         76    307 PM  91    1937  70      6       84
  MINIMUM         60    626 AM  21    1951  47     13       39
  AVERAGE         68                        58     10       62

PRECIPITATION (IN)
  YESTERDAY        0.07          1.79 1901   0.15  -0.08     0.00
  MONTH TO DATE    2.94                      2.23   0.71     1.49
  SINCE MAR 1      5.54                      6.02  -0.48     6.80
  SINCE JAN 1     13.83                     11.22   2.61    15.43

SNOWFALL (IN)
  YESTERDAY        0.0          MM      MM   0.0    0.0      0.0
  MONTH TO DATE    0.0                       0.3   -0.3      0.1
  SINCE MAR 1      0.6                       2.3   -1.7      0.1
  SINCE JUL 1      4.5                      11.5   -7.0      2.2
  SNOW DEPTH       0

DEGREE DAYS
 HEATING
  YESTERDAY        0                         8     -8        3
  MONTH TO DATE  132                       164    -32      283
  SINCE MAR 1    734                       672     62      739
  SINCE JUL 1   3882                      3844     38     3699

 COOLING
  YESTERDAY        3                         1      2        0
  MONTH TO DATE   26                        17      9        9
  SINCE MAR 1     26                        23      3        9
  SINCE JAN 1     26                        23      3       14
..................................................................


WIND (MPH)
  HIGHEST WIND SPEED    23   HIGHEST WIND DIRECTION     S (170)
  HIGHEST GUST SPEED    29   HIGHEST GUST DIRECTION     S (170)
  AVERAGE WIND SPEED    11.1


SKY COVER
  POSSIBLE SUNSHINE  MM
  AVERAGE SKY COVER 0.7


WEATHER CONDITIONS
 THE FOLLOWING WEATHER WAS RECORDED YESTERDAY.
  LIGHT RAIN
  FOG


RELATIVE HUMIDITY (PERCENT)
 HIGHEST   100          1000 PM
 LOWEST     56          1200 AM
 AVERAGE    78

..........................................................


THE HARRISON CLIMATE NORMALS FOR TODAY
                         NORMAL    RECORD    YEAR
 MAXIMUM TEMPERATURE (F)   70        92      2006
                                             1917
 MINIMUM TEMPERATURE (F)   48        30      1961
                                             1960
                                             1956


SUNRISE AND SUNSET
APRIL 18 2019.........SUNRISE   636 AM CDT   SUNSET   749 PM CDT
APRIL 19 2019.........SUNRISE   634 AM CDT   SUNSET   750 PM CDT


-  INDICATES NEGATIVE NUMBERS.
R  INDICATES RECORD WAS SET OR TIED.
MM INDICATES DATA IS MISSING.
T  INDICATES TRACE AMOUNT.




$$
