000
CDUS42 KMHX 210526
CLIHSE


CLIMATE REPORT
NATIONAL WEATHER SERVICE NEWPORT/MOREHEAD CITY NC
126 AM EDT SUN APR 21 2019


...................................

...THE CAPE HATTERAS NC CLIMATE SUMMARY FOR APRIL 20 2019...

CLIMATE NORMAL PERIOD 1981 TO 2010
CLIMATE RECORD PERIOD 1874 TO 2019


WEATHER ITEM   OBSERVED TIME   RECORD YEAR NORMAL DEPARTURE LAST
                VALUE   (LST)  VALUE       VALUE  FROM      YEAR
                                                  NORMAL
..................................................................
TEMPERATURE (F)
 YESTERDAY
  MAXIMUM         74    119 AM  81    1992  67      7       60
                                      1985
  MINIMUM         61   1158 PM  33    1979  54      7       45
  AVERAGE         68                        61      7       53

PRECIPITATION (IN)
  YESTERDAY        3.70R         1.97 2008   0.12   3.58     0.00
  MONTH TO DATE    8.28                      2.52   5.76     3.07
  SINCE MAR 1     10.43                      7.29   3.14     7.53
  SINCE JAN 1     20.44                     16.55   3.89    17.78

SNOWFALL (IN)
  YESTERDAY        0.0
  MONTH TO DATE    0.0
  SINCE NOV 1      0.0
  SINCE JUL 1      0.0
  SNOW DEPTH       0

DEGREE DAYS
 HEATING
  YESTERDAY        0                         5     -5       12
  MONTH TO DATE   56                       148    -92      141
  SINCE MAR 1    421                       567   -146      632
  SINCE JUL 1   1785                      2491   -706     2243

 COOLING
  YESTERDAY        3                         1      2        0
  MONTH TO DATE   57                        11     46       13
  SINCE MAR 1     61                        14     47       13
  SINCE JAN 1     63                        14     49       23
..................................................................


WIND (MPH)
  HIGHEST WIND SPEED    36   HIGHEST WIND DIRECTION     S (190)
  HIGHEST GUST SPEED    47   HIGHEST GUST DIRECTION     S (180)
  AVERAGE WIND SPEED    15.1


SKY COVER
  POSSIBLE SUNSHINE  MM
  AVERAGE SKY COVER 0.6


WEATHER CONDITIONS
 THE FOLLOWING WEATHER WAS RECORDED YESTERDAY.
  THUNDERSTORM
  HEAVY RAIN
  RAIN
  LIGHT RAIN
  FOG
  FOG W/VISIBILITY <= 1/4 MILE
  HAZE


RELATIVE HUMIDITY (PERCENT)
 HIGHEST    93           600 AM
 LOWEST     58           100 PM
 AVERAGE    76

..........................................................


THE CAPE HATTERAS NC CLIMATE NORMALS FOR TODAY
                         NORMAL    RECORD    YEAR
 MAXIMUM TEMPERATURE (F)   68        85      1985
 MINIMUM TEMPERATURE (F)   54        34      1983


SUNRISE AND SUNSET
APRIL 21 2019.........SUNRISE   623 AM EDT   SUNSET   740 PM EDT
APRIL 22 2019.........SUNRISE   622 AM EDT   SUNSET   741 PM EDT


-  INDICATES NEGATIVE NUMBERS.
R  INDICATES RECORD WAS SET OR TIED.
MM INDICATES DATA IS MISSING.
T  INDICATES TRACE AMOUNT.




$$
