000
CDUS43 KGID 230622
CLIHSI


CLIMATE REPORT
NATIONAL WEATHER SERVICE HASTINGS NE
122 AM CDT TUE JUL 23 2019


...................................

...THE HASTINGS NE CLIMATE SUMMARY FOR JULY 22 2019...

CLIMATE NORMAL PERIOD 1981 TO 2010
CLIMATE RECORD PERIOD 1894 TO 2019


WEATHER ITEM   OBSERVED TIME   RECORD YEAR NORMAL DEPARTURE LAST
                VALUE   (LST)  VALUE       VALUE  FROM      YEAR
                                                  NORMAL
..................................................................
TEMPERATURE (F)
 YESTERDAY
  MAXIMUM         77    350 PM 106    1934  88    -11       86
  MINIMUM         60    600 AM  48    1970  67     -7       68
  AVERAGE         69                        78     -9       77

PRECIPITATION (IN)
  YESTERDAY        0.00          3.27 1975   0.10  -0.10     0.00
  MONTH TO DATE    4.27                      2.83   1.44     1.06
  SINCE JUN 1      9.13                      6.63   2.50     6.97
  SINCE JAN 1     21.52                     16.45   5.07    14.15

SNOWFALL (IN)
  YESTERDAY        0.0                       0.0    0.0      0.0
  MONTH TO DATE    0.0                       0.0    0.0      0.0
  SINCE JUN 1      0.0                       0.0    0.0      0.0
  SINCE JUL 1      0.0                       0.0    0.0      0.0
  SNOW DEPTH       0

DEGREE DAYS
 HEATING
  YESTERDAY        0                         0      0        0
  MONTH TO DATE    0                         0      0        0
  SINCE JUN 1     15                        21     -6        0
  SINCE JUL 1      0                         0      0        0

 COOLING
  YESTERDAY        4                        12     -8       12
  MONTH TO DATE  294                       267     27      276
  SINCE JUN 1    516                       492     24      612
  SINCE JAN 1    569                       551     18      765
..................................................................


WIND (MPH)
  HIGHEST WIND SPEED    17   HIGHEST WIND DIRECTION     N (10)
  HIGHEST GUST SPEED    28   HIGHEST GUST DIRECTION    NE (30)
  AVERAGE WIND SPEED     7.5


SKY COVER
  AVERAGE SKY COVER 0.1


WEATHER CONDITIONS
 THE FOLLOWING WEATHER WAS RECORDED YESTERDAY.
  NO SIGNIFICANT WEATHER WAS OBSERVED.


RELATIVE HUMIDITY (PERCENT)
 HIGHEST    93           100 AM
 LOWEST     50           600 PM
 AVERAGE    72

..........................................................


THE HASTINGS NE CLIMATE NORMALS FOR TODAY
                         NORMAL    RECORD    YEAR
 MAXIMUM TEMPERATURE (F)   88       106      1943
 MINIMUM TEMPERATURE (F)   67        49      1948


SUNRISE AND SUNSET
JULY 23 2019..........SUNRISE   622 AM CDT   SUNSET   858 PM CDT
JULY 24 2019..........SUNRISE   623 AM CDT   SUNSET   857 PM CDT


-  INDICATES NEGATIVE NUMBERS.
R  INDICATES RECORD WAS SET OR TIED.
MM INDICATES DATA IS MISSING.
T  INDICATES TRACE AMOUNT.




$$
