000
CDUS43 KGID 222242
CLIHSI


CLIMATE REPORT
NATIONAL WEATHER SERVICE HASTINGS NE
541 PM CDT TUE MAY 22 2018


...................................

...THE HASTINGS NE CLIMATE SUMMARY FOR MAY 22 2018...
VALID TODAY AS OF 0500 PM LOCAL TIME.

CLIMATE NORMAL PERIOD 1981 TO 2010
CLIMATE RECORD PERIOD 1894 TO 2018


WEATHER ITEM   OBSERVED TIME   RECORD YEAR NORMAL DEPARTURE LAST
                VALUE   (LST)  VALUE       VALUE  FROM      YEAR
                                                  NORMAL
..................................................................
TEMPERATURE (F)
 TODAY
  MAXIMUM         87    354 PM  95    1926  74     13       74
  MINIMUM         61    526 AM  34    1963  53      8       53
                                      1931
  AVERAGE         74                        64     10       64

PRECIPITATION (IN)
  TODAY            0.00          2.90 1965   0.15  -0.15     0.14
  MONTH TO DATE    3.10                      3.43  -0.33     6.06
  SINCE MAR 1      5.43                      7.78  -2.35    10.38
  SINCE JAN 1      6.45                      8.68  -2.23    11.48

SNOWFALL (IN)
  TODAY            0.0           T    2008   0.0    0.0      0.0
                                      1949
  MONTH TO DATE    T                         0.0    0.0      0.6
  SINCE MAR 1      7.2                       6.4    0.8      2.0
  SINCE JUL 1     27.1                      28.8   -1.7     11.1
  SNOW DEPTH       0

DEGREE DAYS
 HEATING
  TODAY            0                         4     -4        1
  MONTH TO DATE   81                       144    -63      141
  SINCE MAR 1   1504                      1353    151     1191
  SINCE JUL 1   6222                      5983    239     5121

 COOLING
  TODAY            9                         2      7        0
  MONTH TO DATE   47                        28     19       46
  SINCE MAR 1     54                        33     21       54
  SINCE JAN 1     54                        33     21       54
..................................................................


WIND (MPH)
  HIGHEST WIND SPEED    16   HIGHEST WIND DIRECTION     S (160)
  HIGHEST GUST SPEED    23   HIGHEST GUST DIRECTION    SW (210)
  AVERAGE WIND SPEED    10.8


SKY COVER
  AVERAGE SKY COVER 0.0


WEATHER CONDITIONS
 THE FOLLOWING WEATHER WAS RECORDED TODAY.
  THUNDERSTORM


RELATIVE HUMIDITY (PERCENT)
 HIGHEST    90           600 AM
 LOWEST     43           400 PM
 AVERAGE    67

..........................................................


THE HASTINGS NE CLIMATE NORMALS FOR TOMORROW
                         NORMAL    RECORD    YEAR
 MAXIMUM TEMPERATURE (F)   74        95      1926
 MINIMUM TEMPERATURE (F)   53        38      1917


SUNRISE AND SUNSET
MAY 22 2018...........SUNRISE   611 AM CDT   SUNSET   850 PM CDT
MAY 23 2018...........SUNRISE   610 AM CDT   SUNSET   851 PM CDT


-  INDICATES NEGATIVE NUMBERS.
R  INDICATES RECORD WAS SET OR TIED.
MM INDICATES DATA IS MISSING.
T  INDICATES TRACE AMOUNT.




$$
