000
CDUS43 KGID 250625
CLIHSI


CLIMATE REPORT
NATIONAL WEATHER SERVICE HASTINGS NE
124 AM CDT THU APR 25 2019


...................................

...THE HASTINGS NE CLIMATE SUMMARY FOR APRIL 24 2019...

CLIMATE NORMAL PERIOD 1981 TO 2010
CLIMATE RECORD PERIOD 1894 TO 2019


WEATHER ITEM   OBSERVED TIME   RECORD YEAR NORMAL DEPARTURE LAST
                VALUE   (LST)  VALUE       VALUE  FROM      YEAR
                                                  NORMAL
..................................................................
TEMPERATURE (F)
 YESTERDAY
  MAXIMUM         78    527 PM  94    2012  66     12       54
  MINIMUM         39    349 AM  21    1956  42     -3       42
  AVERAGE         59                        54      5       48

PRECIPITATION (IN)
  YESTERDAY        0.00          2.57 2007   0.10  -0.10     0.28
  MONTH TO DATE    1.06                      1.85  -0.79     1.26
  SINCE MAR 1      3.71                      3.64   0.07     2.33
  SINCE JAN 1      4.46                      4.54  -0.08     3.35

SNOWFALL (IN)
  YESTERDAY        0.0           3.0  1931   0.0    0.0      0.0
  MONTH TO DATE    0.5                       1.1   -0.6      6.9
  SINCE MAR 1      5.8                       6.3   -0.5      7.2
  SINCE JUL 1     29.2                      28.7    0.5     27.1
  SNOW DEPTH       0

DEGREE DAYS
 HEATING
  YESTERDAY        6                        12     -6       17
  MONTH TO DATE  293                       370    -77      603
  SINCE MAR 1   1228                      1147     81     1370
  SINCE JUL 1   6114                      5777    337     6088

 COOLING
  YESTERDAY        0                         0      0        0
  MONTH TO DATE    7                         0      7        0
  SINCE MAR 1      7                         0      7        0
  SINCE JAN 1      7                         0      7        0
..................................................................


WIND (MPH)
  HIGHEST WIND SPEED    10   HIGHEST WIND DIRECTION     S (190)
  HIGHEST GUST SPEED    17   HIGHEST GUST DIRECTION     S (190)
  AVERAGE WIND SPEED     5.2


SKY COVER
  AVERAGE SKY COVER 0.0


WEATHER CONDITIONS
 THE FOLLOWING WEATHER WAS RECORDED YESTERDAY.
  FOG


RELATIVE HUMIDITY (PERCENT)
 HIGHEST    93           600 AM
 LOWEST     21           400 PM
 AVERAGE    57

..........................................................


THE HASTINGS NE CLIMATE NORMALS FOR TODAY
                         NORMAL    RECORD    YEAR
 MAXIMUM TEMPERATURE (F)   66        92      1989
 MINIMUM TEMPERATURE (F)   42        27      2002


SUNRISE AND SUNSET
APRIL 25 2019.........SUNRISE   641 AM CDT   SUNSET   823 PM CDT
APRIL 26 2019.........SUNRISE   639 AM CDT   SUNSET   824 PM CDT


-  INDICATES NEGATIVE NUMBERS.
R  INDICATES RECORD WAS SET OR TIED.
MM INDICATES DATA IS MISSING.
T  INDICATES TRACE AMOUNT.




$$
