000
CDUS44 KHUN 180710
CLIHSV


CLIMATE REPORT
NATIONAL WEATHER SERVICE HUNTSVILLE AL
210 AM CDT TUE JUN 18 2019

...................................

...THE HUNTSVILLE CLIMATE SUMMARY FOR JUNE 17 2019...

CLIMATE NORMAL PERIOD 1981 TO 2010
CLIMATE RECORD PERIOD 1894 TO 2019


WEATHER ITEM   OBSERVED TIME   RECORD YEAR NORMAL DEPARTURE LAST
                VALUE   (LST)  VALUE       VALUE  FROM      YEAR
                                                  NORMAL
...................................................................
TEMPERATURE (F)
 YESTERDAY
  MAXIMUM         91    246 PM 103    1918  89      2       95
  MINIMUM         71    442 AM  51    1917  68      3       70
  AVERAGE         81                        78      3       83

PRECIPITATION (IN)
  YESTERDAY        0.00          1.27 1964   0.14  -0.14     0.00
  MONTH TO DATE    1.30                      2.40  -1.10     1.34
  SINCE JUN 1      1.30                      2.40  -1.10     1.34
  SINCE JAN 1     36.14                     26.77   9.37    28.26

SNOWFALL (IN)
  YESTERDAY        0.0
  MONTH TO DATE    0.0
  SINCE JUN 1      0.0
  SINCE JUL 1      T
  SNOW DEPTH       0

DEGREE DAYS
 HEATING
  YESTERDAY        0                         0      0        0
  MONTH TO DATE    0                         0      0        0
  SINCE JUN 1      0                         0      0        0
  SINCE JUL 1   2712                      3001   -289     2901

 COOLING
  YESTERDAY       16                        13      3       18
  MONTH TO DATE  204                       195      9      256
  SINCE JUN 1    204                       195      9      256
  SINCE JAN 1    602                       458    144      655
...................................................................


WIND (MPH)
  HIGHEST WIND SPEED    14   HIGHEST WIND DIRECTION     S (190)
  HIGHEST GUST SPEED    19   HIGHEST GUST DIRECTION     S (180)
  AVERAGE WIND SPEED     6.0


SKY COVER
  POSSIBLE SUNSHINE  MM
  AVERAGE SKY COVER 0.6


WEATHER CONDITIONS
THE FOLLOWING WEATHER WAS RECORDED YESTERDAY.
  NO SIGNIFICANT WEATHER WAS OBSERVED.


RELATIVE HUMIDITY (PERCENT)
 HIGHEST    91           400 AM
 LOWEST     45           300 PM
 AVERAGE    68

..........................................................


THE HUNTSVILLE CLIMATE NORMALS FOR TODAY
                         NORMAL    RECORD    YEAR
 MAXIMUM TEMPERATURE (F)   89       104      1936
 MINIMUM TEMPERATURE (F)   68        52      1941


SUNRISE AND SUNSET
JUNE 18 2019..........SUNRISE   534 AM CDT   SUNSET   803 PM CDT
JUNE 19 2019..........SUNRISE   534 AM CDT   SUNSET   803 PM CDT


-  INDICATES NEGATIVE NUMBERS.
R  INDICATES RECORD WAS SET OR TIED.
MM INDICATES DATA IS MISSING.
T  INDICATES TRACE AMOUNT.




$$
