000
CDUS44 KHUN 182129
CLIHSV


CLIMATE REPORT
NATIONAL WEATHER SERVICE HUNTSVILLE AL
429 PM CDT THU APR 18 2019

...................................

...THE HUNTSVILLE CLIMATE SUMMARY FOR APRIL 18 2019...
VALID TODAY AS OF 0400 PM LOCAL TIME.

CLIMATE NORMAL PERIOD 1981 TO 2010
CLIMATE RECORD PERIOD 1894 TO 2019


WEATHER ITEM   OBSERVED TIME   RECORD YEAR NORMAL DEPARTURE LAST
                VALUE   (LST)  VALUE       VALUE  FROM      YEAR
                                                  NORMAL
...................................................................
TEMPERATURE (F)
 TODAY
  MAXIMUM         82    209 PM  90    2006  74      8       80
  MINIMUM         60    525 AM  33    1983  51      9       55
                                      1956
  AVERAGE         71                        62      9       68

PRECIPITATION (IN)
  TODAY            0.00          2.18 1922   0.13  -0.13     0.00
  MONTH TO DATE    4.44                      2.57   1.87     5.76
  SINCE MAR 1      8.30                      7.78   0.52     9.07
  SINCE JAN 1     29.08                     17.51  11.57    19.48

SNOWFALL (IN)
  TODAY            0.0
  MONTH TO DATE    0.0
  SINCE MAR 1      T
  SINCE JUL 1      T
  SNOW DEPTH       0

DEGREE DAYS
 HEATING
  TODAY            0                         5     -5        0
  MONTH TO DATE   66                       115    -49      163
  SINCE MAR 1    476                       483     -7      558
  SINCE JUL 1   2668                      2935   -267     2843

 COOLING
  TODAY            6                         2      4        3
  MONTH TO DATE   33                        27      6       13
  SINCE MAR 1     36                        40     -4       17
  SINCE JAN 1     41                        41      0       52
...................................................................


WIND (MPH)
  HIGHEST WIND SPEED    25   HIGHEST WIND DIRECTION     S (160)
  HIGHEST GUST SPEED    31   HIGHEST GUST DIRECTION    SW (210)
  AVERAGE WIND SPEED    13.6


SKY COVER
  POSSIBLE SUNSHINE  MM
  AVERAGE SKY COVER 0.6


WEATHER CONDITIONS
THE FOLLOWING WEATHER WAS RECORDED TODAY.
  HAZE


RELATIVE HUMIDITY (PERCENT)
 HIGHEST    86           500 AM
 LOWEST     47           200 PM
 AVERAGE    67

..........................................................


THE HUNTSVILLE CLIMATE NORMALS FOR TOMORROW
                         NORMAL    RECORD    YEAR
 MAXIMUM TEMPERATURE (F)   75        92      1925
 MINIMUM TEMPERATURE (F)   51        28      1983


SUNRISE AND SUNSET
APRIL 18 2019.........SUNRISE   612 AM CDT   SUNSET   721 PM CDT
APRIL 19 2019.........SUNRISE   611 AM CDT   SUNSET   722 PM CDT


-  INDICATES NEGATIVE NUMBERS.
R  INDICATES RECORD WAS SET OR TIED.
MM INDICATES DATA IS MISSING.
T  INDICATES TRACE AMOUNT.




$$
