000
CDUS43 KAPX 170541
CLIHTL


CLIMATE REPORT
NATIONAL WEATHER SERVICE GAYLORD MI
140 AM EDT MON JUN 17 2019


...................................

...THE HOUGHTON LAKE MI CLIMATE SUMMARY FOR JUNE 16 2019...

CLIMATE NORMAL PERIOD 1981 TO 2010
CLIMATE RECORD PERIOD 1913 TO 2019


WEATHER ITEM   OBSERVED TIME   RECORD YEAR NORMAL DEPARTURE LAST
                VALUE   (LST)  VALUE       VALUE  FROM      YEAR
                                                  NORMAL
..................................................................
TEMPERATURE (F)
 YESTERDAY
  MAXIMUM         66   1146 AM  96    1994  76    -10       77
  MINIMUM         45    553 AM  32    1947  51     -6       61
                                      1927
  AVERAGE         56                        63     -7       69

PRECIPITATION (IN)
  YESTERDAY        T             1.15 2016   0.11  -0.11     0.01
  MONTH TO DATE    3.07                      1.70   1.37     0.35
  SINCE JUN 1      3.07                      1.70   1.37     0.35
  SINCE JAN 1     16.77                     11.56   5.21    12.70

DEGREE DAYS
 HEATING
  YESTERDAY        9                         4      5        0
  MONTH TO DATE   95                        86      9       48
  SINCE JUN 1     95                        86      9       48
  SINCE JUL 1   8272                      8105    167     7824

 COOLING
  YESTERDAY        0                         2     -2        4
  MONTH TO DATE    0                        22    -22        8
  SINCE JUN 1      0                        22    -22        8
  SINCE JAN 1      2                        38    -36       72
..................................................................


WIND (MPH)
  HIGHEST WIND SPEED    15   HIGHEST WIND DIRECTION     E (70)
  HIGHEST GUST SPEED    23   HIGHEST GUST DIRECTION     E (80)
  AVERAGE WIND SPEED     5.8




RELATIVE HUMIDITY (PERCENT)
 HIGHEST    93
 LOWEST     48
 AVERAGE    71

..........................................................


THE HOUGHTON LAKE MI CLIMATE NORMALS FOR TODAY
                         NORMAL    RECORD    YEAR
 MAXIMUM TEMPERATURE (F)   76        98      1921
 MINIMUM TEMPERATURE (F)   51        32      1947


SUNRISE AND SUNSET
JUNE 17 2019..........SUNRISE   554 AM EDT   SUNSET   925 PM EDT
JUNE 18 2019..........SUNRISE   554 AM EDT   SUNSET   926 PM EDT


-  INDICATES NEGATIVE NUMBERS.
R  INDICATES RECORD WAS SET OR TIED.
MM INDICATES DATA IS MISSING.
T  INDICATES TRACE AMOUNT.




$$
