584
CDUS43 KAPX 182133
CLIHTL


CLIMATE REPORT
NATIONAL WEATHER SERVICE GAYLORD MI
532 PM EDT THU APR 18 2019


...................................

...THE HOUGHTON LAKE MI CLIMATE SUMMARY FOR APRIL 18 2019...
VALID TODAY AS OF 0500 PM LOCAL TIME.

CLIMATE NORMAL PERIOD 1981 TO 2010
CLIMATE RECORD PERIOD 1913 TO 2019


WEATHER ITEM   OBSERVED TIME   RECORD YEAR NORMAL DEPARTURE LAST
                VALUE   (LST)  VALUE       VALUE  FROM      YEAR
                                                  NORMAL
..................................................................
TEMPERATURE (F)
 TODAY
  MAXIMUM         56    948 AM  86    2002  56      0       40
  MINIMUM         44    359 PM  17    1944  32     12       28
                                      1926
  AVERAGE         50                        44      6       34

PRECIPITATION (IN)
  TODAY            0.47          1.37 2004   0.08   0.39      T
  MONTH TO DATE    3.10                      1.54   1.56     3.28
  SINCE MAR 1      4.92                      3.38   1.54     4.08
  SINCE JAN 1      9.03                      6.10   2.93     8.25

SNOWFALL (IN)
  TODAY            0.0           1.4  1951   0.1              T
  MONTH TO DATE    9.9                       3.1            14.1
  SINCE OCT 1     76.7                      65.9            55.8
  SINCE JUL 1     76.7                      65.9            55.8

DEGREE DAYS
 HEATING
  TODAY           15                        21     -6       31
  MONTH TO DATE  457                       452      5      655
  SINCE MAR 1   1689                      1565    124     1770
  SINCE JUL 1   7545                      7437    108     7323

 COOLING
  TODAY            0                         0      0        0
  MONTH TO DATE    0                         0      0        0
  SINCE MAR 1      0                         0      0        0
  SINCE JAN 1      0                         0      0        0
..................................................................


WIND (MPH)
  RESULTANT WIND SPEED   5   RESULTANT WIND DIRECTION  SW (240)
  HIGHEST WIND SPEED    17   HIGHEST WIND DIRECTION    SE (150)
  HIGHEST GUST SPEED    27   HIGHEST GUST DIRECTION     S (170)
  AVERAGE WIND SPEED     8.2


SKY COVER
  POSSIBLE SUNSHINE  MM
  AVERAGE SKY COVER 1.0


WEATHER CONDITIONS
 THE FOLLOWING WEATHER WAS RECORDED TODAY.
  THUNDERSTORM
  HEAVY RAIN
  RAIN
  LIGHT RAIN
  FOG


RELATIVE HUMIDITY (PERCENT)
 HIGHEST   100          1200 PM
 LOWEST     86          1200 AM
 AVERAGE    93

..........................................................


THE HOUGHTON LAKE MI CLIMATE NORMALS FOR TOMORROW
                         NORMAL    RECORD    YEAR
 MAXIMUM TEMPERATURE (F)   56        81      1948
                                             1927
                                             1914
 MINIMUM TEMPERATURE (F)   33         2      1918


SUNRISE AND SUNSET
APRIL 18 2019.........SUNRISE   650 AM EDT   SUNSET   827 PM EDT
APRIL 19 2019.........SUNRISE   649 AM EDT   SUNSET   828 PM EDT


-  INDICATES NEGATIVE NUMBERS.
R  INDICATES RECORD WAS SET OR TIED.
MM INDICATES DATA IS MISSING.
T  INDICATES TRACE AMOUNT.




$$
