000
CDUS41 KRLX 212117
CLIHTS


CLIMATE REPORT
NATIONAL WEATHER SERVICE CHARLESTON WV
517 PM EDT MON MAY 21 2018


...................................

...THE HUNTINGTON WV CLIMATE SUMMARY FOR MAY 21 2018...
VALID TODAY AS OF 0500 PM LOCAL TIME.

CLIMATE NORMAL PERIOD 1981 TO 2010
CLIMATE RECORD PERIOD 1897 TO 2018


WEATHER ITEM   OBSERVED TIME   RECORD YEAR NORMAL DEPARTURE LAST
                VALUE   (LST)  VALUE       VALUE  FROM      YEAR
                                                  NORMAL
..................................................................
TEMPERATURE (F)
 TODAY
  MAXIMUM         88    131 PM  95    1934  76     12       74
  MINIMUM         63    534 AM  35    1954  54      9       66
  AVERAGE         76                        65     11       70

PRECIPITATION (IN)
  TODAY            0.01          1.53 1933   0.16  -0.15     0.17
  MONTH TO DATE    3.28                      3.12   0.16     4.07
  SINCE MAR 1      9.61                     10.46  -0.85     9.98
  SINCE JAN 1     20.65                     16.50   4.15    16.78

DEGREE DAYS
 HEATING
  TODAY            0                         3     -3        0
  MONTH TO DATE    5                        91    -86       91
  SINCE MAR 1   1120                       978    142      782
  SINCE JUL 1   4370                      4479   -109     3431

 COOLING
  TODAY           11                         3      8        5
  MONTH TO DATE  149                        43    106       66
  SINCE MAR 1    170                        75     95      136
  SINCE JAN 1    177                        75    102      137
..................................................................


WIND (MPH)
  HIGHEST WIND SPEED    10   HIGHEST WIND DIRECTION    SW (240)
  HIGHEST GUST SPEED    15   HIGHEST GUST DIRECTION    SW (220)
  AVERAGE WIND SPEED     1.8


SKY COVER
  POSSIBLE SUNSHINE  MM
  AVERAGE SKY COVER 0.3


WEATHER CONDITIONS
 THE FOLLOWING WEATHER WAS RECORDED TODAY.
  THUNDERSTORM
  LIGHT RAIN
  FOG
  FOG W/VISIBILITY <= 1/4 MILE
  HAZE


RELATIVE HUMIDITY (PERCENT)
 HIGHEST    93           300 AM
 LOWEST     48           100 PM
 AVERAGE    71

..........................................................


THE HUNTINGTON WV CLIMATE NORMALS FOR TOMORROW
                         NORMAL    RECORD    YEAR
 MAXIMUM TEMPERATURE (F)   77        96      1941
 MINIMUM TEMPERATURE (F)   54        30      2002


SUNRISE AND SUNSET
MAY 21 2018...........SUNRISE   614 AM EDT   SUNSET   840 PM EDT
MAY 22 2018...........SUNRISE   614 AM EDT   SUNSET   841 PM EDT


-  INDICATES NEGATIVE NUMBERS.
R  INDICATES RECORD WAS SET OR TIED.
MM INDICATES DATA IS MISSING.
T  INDICATES TRACE AMOUNT.




$$
