000
CDUS41 KRLX 202129
CLIHTS


CLIMATE REPORT
NATIONAL WEATHER SERVICE CHARLESTON WV
527 PM EDT SAT APR 20 2019


...................................

...THE HUNTINGTON WV CLIMATE SUMMARY FOR APRIL 20 2019...
VALID TODAY AS OF 0500 PM LOCAL TIME.

CLIMATE NORMAL PERIOD 1981 TO 2010
CLIMATE RECORD PERIOD 1897 TO 2019


WEATHER ITEM   OBSERVED TIME   RECORD YEAR NORMAL DEPARTURE LAST
                VALUE   (LST)  VALUE       VALUE  FROM      YEAR
                                                  NORMAL
..................................................................
TEMPERATURE (F)
 TODAY
  MAXIMUM         58   1137 AM  89    1976  70    -12       59
                                      1954
                                      1917
  MINIMUM         48    730 AM  25    1926  46      2       36
  AVERAGE         53                        58     -5       48

PRECIPITATION (IN)
  TODAY            0.24          3.54 1901   0.12   0.12     0.00
  MONTH TO DATE    1.92                      2.23  -0.31     2.51
  SINCE MAR 1      3.98                      6.13  -2.15     5.86
  SINCE JAN 1     13.16                     12.17   0.99    16.90

DEGREE DAYS
 HEATING
  TODAY           12                         8      4       17
  MONTH TO DATE  140                       221    -81      317
  SINCE MAR 1    794                       817    -23     1015
  SINCE JUL 1   4060                      4318   -258     4265

 COOLING
  TODAY            0                         1     -1        0
  MONTH TO DATE   14                        19     -5       21
  SINCE MAR 1     14                        24    -10       21
  SINCE JAN 1     14                        24    -10       28
..................................................................


WIND (MPH)
  HIGHEST WIND SPEED    16   HIGHEST WIND DIRECTION     S (190)
  HIGHEST GUST SPEED    24   HIGHEST GUST DIRECTION     S (180)
  AVERAGE WIND SPEED     9.1


SKY COVER
  POSSIBLE SUNSHINE  MM
  AVERAGE SKY COVER 0.8


WEATHER CONDITIONS
 THE FOLLOWING WEATHER WAS RECORDED TODAY.
  HEAVY RAIN
  RAIN
  LIGHT RAIN
  FOG


RELATIVE HUMIDITY (PERCENT)
 HIGHEST    93          1200 AM
 LOWEST     55          1100 AM
 AVERAGE    74

..........................................................


THE HUNTINGTON WV CLIMATE NORMALS FOR TOMORROW
                         NORMAL    RECORD    YEAR
 MAXIMUM TEMPERATURE (F)   70        92      1985
 MINIMUM TEMPERATURE (F)   46        26      1956


SUNRISE AND SUNSET
APRIL 20 2019.........SUNRISE   648 AM EDT   SUNSET   811 PM EDT
APRIL 21 2019.........SUNRISE   646 AM EDT   SUNSET   812 PM EDT


-  INDICATES NEGATIVE NUMBERS.
R  INDICATES RECORD WAS SET OR TIED.
MM INDICATES DATA IS MISSING.
T  INDICATES TRACE AMOUNT.




$$
