000
CDUS41 KRLX 200718
CLIHTS


CLIMATE REPORT
NATIONAL WEATHER SERVICE CHARLESTON WV
318 AM EDT THU JUN 20 2019


...................................

...THE HUNTINGTON WV CLIMATE SUMMARY FOR JUNE 19 2019...

CLIMATE NORMAL PERIOD 1981 TO 2010
CLIMATE RECORD PERIOD 1897 TO 2019


WEATHER ITEM   OBSERVED TIME   RECORD YEAR NORMAL DEPARTURE LAST
                VALUE   (LST)  VALUE       VALUE  FROM      YEAR
                                                  NORMAL
..................................................................
TEMPERATURE (F)
 YESTERDAY
  MAXIMUM         84    205 PM  98    1994  84      0       93
                                      1933
  MINIMUM         69    550 AM  48    1909  63      6       71
  AVERAGE         77                        73      4       82

PRECIPITATION (IN)
  YESTERDAY        0.09          1.74 1950   0.12  -0.03     0.02
  MONTH TO DATE    3.62                      2.59   1.03     1.44
  SINCE JAN 1     23.48                     20.67   2.81    23.18

DEGREE DAYS
 HEATING
  YESTERDAY        0                         0      0        0
  MONTH TO DATE    5                         9     -4        0
  SINCE JUN 1      5                         9     -4        0
  SINCE JUL 1   4176                      4509   -333     4370

 COOLING
  YESTERDAY       12                         8      4       17
  MONTH TO DATE  105                       123    -18      172
  SINCE JUN 1    105                       123    -18      172
  SINCE JAN 1    301                       236     65      453
..................................................................


WIND (MPH)
  HIGHEST WIND SPEED    14   HIGHEST WIND DIRECTION     N (340)
  HIGHEST GUST SPEED    18   HIGHEST GUST DIRECTION     N (360)
  AVERAGE WIND SPEED     4.4


SKY COVER
  POSSIBLE SUNSHINE  MM
  AVERAGE SKY COVER 0.7


WEATHER CONDITIONS
 THE FOLLOWING WEATHER WAS RECORDED YESTERDAY.
  THUNDERSTORM
  LIGHT RAIN
  FOG
  HAZE


RELATIVE HUMIDITY (PERCENT)
 HIGHEST   100           100 AM
 LOWEST     69          1100 AM
 AVERAGE    85

..........................................................


THE HUNTINGTON WV CLIMATE NORMALS FOR TODAY
                         NORMAL    RECORD    YEAR
 MAXIMUM TEMPERATURE (F)   84       100      1931
 MINIMUM TEMPERATURE (F)   63        50      1982


SUNRISE AND SUNSET
JUNE 20 2019..........SUNRISE   607 AM EDT   SUNSET   857 PM EDT
JUNE 21 2019..........SUNRISE   607 AM EDT   SUNSET   857 PM EDT


-  INDICATES NEGATIVE NUMBERS.
R  INDICATES RECORD WAS SET OR TIED.
MM INDICATES DATA IS MISSING.
T  INDICATES TRACE AMOUNT.




$$
