000
CDUS43 KIND 152031
CLIHUF


CLIMATE REPORT
NATIONAL WEATHER SERVICE INDIANAPOLIS IN
431 PM EDT SAT JUN 15 2019


...................................

...THE TERRE HAUTE IN CLIMATE SUMMARY FOR JUNE 15 2019...
VALID TODAY AS OF 0400 PM LOCAL TIME.

CLIMATE NORMAL PERIOD 1981 TO 2010
CLIMATE RECORD PERIOD 9999 TO 9999


WEATHER ITEM   OBSERVED TIME   NORMAL DEPARTURE LAST
                VALUE   (LST)  VALUE  FROM      YEAR
                                      NORMAL
......................................................
TEMPERATURE (F)
 TODAY
  MAXIMUM         71    259 PM  83    -12       90
  MINIMUM         61    305 AM  62     -1       67
  AVERAGE         66            73     -7       79

PRECIPITATION (IN)
  TODAY            1.94          0.11   1.83      T
  MONTH TO DATE    4.40          2.62   1.78     3.35
  SINCE JUN 1      4.40          2.62   1.78     3.35
  SINCE JAN 1     25.75         21.06   4.69    20.85

......................................................


WIND (MPH)
  HIGHEST WIND SPEED    16   HIGHEST WIND DIRECTION     S (190)
  HIGHEST GUST SPEED    23   HIGHEST GUST DIRECTION     S (180)
  AVERAGE WIND SPEED     9.1


SKY COVER
  AVERAGE SKY COVER 1.0


WEATHER CONDITIONS
 THE FOLLOWING WEATHER WAS RECORDED TODAY.
  THUNDERSTORM
  HEAVY RAIN
  RAIN
  LIGHT RAIN
  FOG


RELATIVE HUMIDITY (PERCENT)
 HIGHEST    97           300 AM
 LOWEST     84          1200 AM

..........................................................


THE TERRE HAUTE IN CLIMATE NORMALS FOR TOMORROW
                         NORMAL
 MAXIMUM TEMPERATURE (F)   84
 MINIMUM TEMPERATURE (F)   62


SUNRISE AND SUNSET
JUNE 15 2019..........SUNRISE   622 AM EDT   SUNSET   918 PM EDT
JUNE 16 2019..........SUNRISE   622 AM EDT   SUNSET   918 PM EDT


-  INDICATES NEGATIVE NUMBERS.
R  INDICATES RECORD WAS SET OR TIED.
MM INDICATES DATA IS MISSING.
T  INDICATES TRACE AMOUNT.




$$
