000
CDUS43 KIND 210533
CLIHUF


CLIMATE REPORT
NATIONAL WEATHER SERVICE INDIANAPOLIS IN
131 AM EDT SUN APR 21 2019


...................................

...THE TERRE HAUTE IN CLIMATE SUMMARY FOR APRIL 20 2019...

CLIMATE NORMAL PERIOD 1981 TO 2010
CLIMATE RECORD PERIOD 9999 TO 9999


WEATHER ITEM   OBSERVED TIME   NORMAL DEPARTURE LAST
                VALUE   (LST)  VALUE  FROM      YEAR
                                      NORMAL
......................................................
TEMPERATURE (F)
 YESTERDAY
  MAXIMUM         62    438 PM  66     -4       63
  MINIMUM         38   1154 PM  44     -6       28
  AVERAGE         50            55     -5       46

PRECIPITATION (IN)
  YESTERDAY        0.00          0.13  -0.13     0.00
  MONTH TO DATE    4.30          2.20   2.10     4.07
  SINCE MAR 1      8.81          5.57   3.24     9.04
  SINCE JAN 1     15.63          9.86   5.77    14.89

DEGREE DAYS
 HEATING
  YESTERDAY       15            11      4       19
  MONTH TO DATE  224           274    -50      412
  SINCE MAR 1   1032           965     67     1187
  SINCE JUL 1   5072          5128    -56     5197

 COOLING
  YESTERDAY        0             1     -1        0
  MONTH TO DATE    2             6     -4        4
  SINCE MAR 1      2             7     -5        4
  SINCE JAN 1      2             7     -5        4
......................................................


WIND (MPH)
  HIGHEST WIND SPEED    23   HIGHEST WIND DIRECTION     N (360)
  HIGHEST GUST SPEED    36   HIGHEST GUST DIRECTION     N (360)
  AVERAGE WIND SPEED    11.7


SKY COVER
  AVERAGE SKY COVER 0.6


WEATHER CONDITIONS
 THE FOLLOWING WEATHER WAS RECORDED YESTERDAY.
  NO SIGNIFICANT WEATHER WAS OBSERVED.


RELATIVE HUMIDITY (PERCENT)
 HIGHEST    93          1100 PM
 LOWEST     41           800 PM
 AVERAGE    67

..........................................................


THE TERRE HAUTE IN CLIMATE NORMALS FOR TODAY
                         NORMAL
 MAXIMUM TEMPERATURE (F)   66
 MINIMUM TEMPERATURE (F)   44


SUNRISE AND SUNSET
APRIL 21 2019.........SUNRISE   704 AM EDT   SUNSET   833 PM EDT
APRIL 22 2019.........SUNRISE   702 AM EDT   SUNSET   834 PM EDT


-  INDICATES NEGATIVE NUMBERS.
R  INDICATES RECORD WAS SET OR TIED.
MM INDICATES DATA IS MISSING.
T  INDICATES TRACE AMOUNT.




$$
