000
CDUS43 KIND 250531
CLIHUF


CLIMATE REPORT
NATIONAL WEATHER SERVICE INDIANAPOLIS IN
131 AM EDT FRI MAY 25 2018


...................................

...THE TERRE HAUTE IN CLIMATE SUMMARY FOR MAY 24 2018...

CLIMATE NORMAL PERIOD 1981 TO 2010
CLIMATE RECORD PERIOD 9999 TO 9999


WEATHER ITEM   OBSERVED TIME   NORMAL DEPARTURE LAST
                VALUE   (LST)  VALUE  FROM      YEAR
                                      NORMAL
......................................................
TEMPERATURE (F)
 YESTERDAY
  MAXIMUM         86    413 PM  77      9       62
  MINIMUM         56    547 AM  55      1       57
  AVERAGE         71            66      5       60

PRECIPITATION (IN)
  YESTERDAY        0.00          0.21  -0.21     0.30
  MONTH TO DATE    0.83          5.51  -4.68     6.39
  SINCE MAR 1     10.25         13.03  -2.78    18.21
  SINCE JAN 1     16.10         17.32  -1.22    22.55

DEGREE DAYS
 HEATING
  YESTERDAY        0             3     -3        5
  MONTH TO DATE    9           120   -111      122
  SINCE MAR 1   1313          1177    136      904
  SINCE JUL 1   5323          5340    -17     4239

 COOLING
  YESTERDAY        6             3      3        0
  MONTH TO DATE  145            45    100       63
  SINCE MAR 1    149            60     89       93
  SINCE JAN 1    149            60     89       93
......................................................


WIND (MPH)
  HIGHEST WIND SPEED    12   HIGHEST WIND DIRECTION    NE (50)
  HIGHEST GUST SPEED    16   HIGHEST GUST DIRECTION    SE (150)
  AVERAGE WIND SPEED     3.9


SKY COVER
  AVERAGE SKY COVER 0.0


WEATHER CONDITIONS
 THE FOLLOWING WEATHER WAS RECORDED YESTERDAY.
  NO SIGNIFICANT WEATHER WAS OBSERVED.


RELATIVE HUMIDITY (PERCENT)
 HIGHEST    93           600 AM
 LOWEST     32           300 PM
 AVERAGE    63

..........................................................


THE TERRE HAUTE IN CLIMATE NORMALS FOR TODAY
                         NORMAL
 MAXIMUM TEMPERATURE (F)   77
 MINIMUM TEMPERATURE (F)   55


SUNRISE AND SUNSET
MAY 25 2018...........SUNRISE   628 AM EDT   SUNSET   905 PM EDT
MAY 26 2018...........SUNRISE   627 AM EDT   SUNSET   906 PM EDT


-  INDICATES NEGATIVE NUMBERS.
R  INDICATES RECORD WAS SET OR TIED.
MM INDICATES DATA IS MISSING.
T  INDICATES TRACE AMOUNT.




$$
