000
CDUS41 KCAR 182029
CLIHUL


CLIMATE REPORT
NATIONAL WEATHER SERVICE CARIBOU, ME
428 PM EDT THU APR 18 2019


...................................

...THE HOULTON ME CLIMATE SUMMARY FOR APRIL 18 2019...
VALID TODAY AS OF 0400 PM LOCAL TIME.

CLIMATE NORMAL PERIOD 1981 TO 2010
CLIMATE RECORD PERIOD 1948 TO 2019


WEATHER ITEM   OBSERVED TIME   RECORD YEAR NORMAL DEPARTURE LAST
                VALUE   (LST)  VALUE       VALUE  FROM      YEAR
                                                  NORMAL
..................................................................
TEMPERATURE (F)
 TODAY
  MAXIMUM         53    207 PM  68    1973  51      2       43
  MINIMUM         21    508 AM   6    2003  30     -9       34
  AVERAGE         37                        40     -3       39

PRECIPITATION (IN)
  TODAY            0.00          0.67 1954   0.13  -0.13     0.01
  MONTH TO DATE    1.74                      2.30  -0.56     1.75
  SINCE MAR 1      3.63                      4.89  -1.26     3.74
  SINCE JAN 1      9.75                      9.75   0.00     9.42

SNOWFALL (IN)
  TODAY           MM             0.5  1953   0.1   MM       MM
  MONTH TO DATE   MM                         4.7   MM       MM
  SINCE MAR 1     MM                        22.5   MM       MM
  SINCE JUL 1     MM                        88.1   MM       MM
  SNOW DEPTH      MM

DEGREE DAYS
 HEATING
  TODAY           28                        25      3       26
  MONTH TO DATE  539                       517     22      613
  SINCE MAR 1   1845                      1740    105     1740
  SINCE JUL 1   8589                      8313    276     7808

 COOLING
  TODAY            0                         0      0        0
  MONTH TO DATE    0                         0      0        0
  SINCE MAR 1      0                         0      0        0
  SINCE JAN 1      0                         0      0        0
..................................................................


WIND (MPH)
  HIGHEST WIND SPEED    17   HIGHEST WIND DIRECTION     S (200)
  HIGHEST GUST SPEED    28   HIGHEST GUST DIRECTION     S (190)
  AVERAGE WIND SPEED     4.3


SKY COVER
  POSSIBLE SUNSHINE  MM
  AVERAGE SKY COVER 0.2


WEATHER CONDITIONS
 THE FOLLOWING WEATHER WAS RECORDED TODAY.
  NO SIGNIFICANT WEATHER WAS OBSERVED.


RELATIVE HUMIDITY (PERCENT)
 HIGHEST    96           200 AM
 LOWEST     29          1000 AM
 AVERAGE    63

..........................................................


THE HOULTON ME CLIMATE NORMALS FOR TOMORROW
                         NORMAL    RECORD    YEAR
 MAXIMUM TEMPERATURE (F)   52        76      1976
 MINIMUM TEMPERATURE (F)   30        18      1990


SUNRISE AND SUNSET
APRIL 18 2019.........SUNRISE   540 AM EDT   SUNSET   722 PM EDT
APRIL 19 2019.........SUNRISE   538 AM EDT   SUNSET   723 PM EDT


-  INDICATES NEGATIVE NUMBERS.
R  INDICATES RECORD WAS SET OR TIED.
MM INDICATES DATA IS MISSING.
T  INDICATES TRACE AMOUNT.




$$
