000
CDUS41 KCAR 240546
CLIHUL


CLIMATE REPORT
NATIONAL WEATHER SERVICE CARIBOU, ME
146 AM EDT MON JUN 24 2019


...................................

...THE HOULTON ME CLIMATE SUMMARY FOR JUNE 23 2019...

CLIMATE NORMAL PERIOD 1981 TO 2010
CLIMATE RECORD PERIOD 1948 TO 2019


WEATHER ITEM   OBSERVED TIME   RECORD YEAR NORMAL DEPARTURE LAST
                VALUE   (LST)  VALUE       VALUE  FROM      YEAR
                                                  NORMAL
..................................................................
TEMPERATURE (F)
 YESTERDAY
  MAXIMUM         77    328 PM  93    1975  75      2       74
  MINIMUM         43   1159 PM  35    2005  50     -7       52
  AVERAGE         60                        62     -2       63

PRECIPITATION (IN)
  YESTERDAY        0.00          2.93 2012   0.13  -0.13     0.05
  MONTH TO DATE    2.38                      2.73  -0.35     2.05
  SINCE JUN 1      2.38                      2.73  -0.35     2.05
  SINCE JAN 1     17.37                     17.36   0.01    15.69

SNOWFALL (IN)
  YESTERDAY       MM             0.0  2003   0.0   MM       MM
  MONTH TO DATE   MM                         0.0   MM       MM
  SINCE JUN 1     MM                         0.0   MM       MM
  SINCE JUL 1     MM                        89.5   MM       MM
  SNOW DEPTH      MM

DEGREE DAYS
 HEATING
  YESTERDAY        5                         4      1        2
  MONTH TO DATE  167                       153     14      209
  SINCE JUN 1    167                       153     14      209
  SINCE JUL 1   9571                      9160    411     8627

 COOLING
  YESTERDAY        0                         2     -2        0
  MONTH TO DATE    2                        21    -19        4
  SINCE JUN 1      2                        21    -19        4
  SINCE JAN 1      2                        25    -23        8
..................................................................


WIND (MPH)
  HIGHEST WIND SPEED    26   HIGHEST WIND DIRECTION    NW (330)
  HIGHEST GUST SPEED    37   HIGHEST GUST DIRECTION    NW (310)
  AVERAGE WIND SPEED     9.8


SKY COVER
  POSSIBLE SUNSHINE  MM
  AVERAGE SKY COVER 0.2


WEATHER CONDITIONS
 THE FOLLOWING WEATHER WAS RECORDED YESTERDAY.
  NO SIGNIFICANT WEATHER WAS OBSERVED.


RELATIVE HUMIDITY (PERCENT)
 HIGHEST    86          1100 PM
 LOWEST     31           400 PM
 AVERAGE    59

..........................................................


THE HOULTON ME CLIMATE NORMALS FOR TODAY
                         NORMAL    RECORD    YEAR
 MAXIMUM TEMPERATURE (F)   75        92      1995
 MINIMUM TEMPERATURE (F)   51        35      1984


SUNRISE AND SUNSET
JUNE 24 2019..........SUNRISE   441 AM EDT   SUNSET   826 PM EDT
JUNE 25 2019..........SUNRISE   441 AM EDT   SUNSET   827 PM EDT


-  INDICATES NEGATIVE NUMBERS.
R  INDICATES RECORD WAS SET OR TIED.
MM INDICATES DATA IS MISSING.
T  INDICATES TRACE AMOUNT.




$$
