138
CDUS45 KTFX 192240
CLIHVR


CLIMATE REPORT
NATIONAL WEATHER SERVICE GREAT FALLS MT
440 PM MDT FRI APR 19 2019


...................................

...THE HAVRE MT CLIMATE SUMMARY FOR APRIL 19 2019...
VALID TODAY AS OF 0400 PM LOCAL TIME.

CLIMATE NORMAL PERIOD 1981 TO 2010
CLIMATE RECORD PERIOD 1880 TO 2019


WEATHER ITEM   OBSERVED TIME   RECORD YEAR NORMAL DEPARTURE LAST
                VALUE   (LST)  VALUE       VALUE  FROM      YEAR
                                                  NORMAL
..................................................................
TEMPERATURE (F)
 TODAY
  MAXIMUM         79    245 PM  89    1910  60     19       59
  MINIMUM         48    251 AM   8    1951  32     16       34
  AVERAGE         64                        46     18       47

PRECIPITATION (IN)
  TODAY            0.00          0.98 2007   0.03  -0.03     0.00
  MONTH TO DATE    0.20                      0.46  -0.26     0.54
  SINCE OCT 1      3.28                      3.02   0.26     6.89
  SINCE JAN 1      2.31                      1.61   0.70     3.37

DEGREE DAYS
 HEATING
  TODAY            1                        19    -18       18
  MONTH TO DATE  376                       424    -48      676
  SINCE MAR 1   1725                      1422    303     2036
  SINCE JUL 1   8182                      7542    640     8828

 COOLING
  TODAY            0                         0      0        0
  MONTH TO DATE    0                         0      0        0
  SINCE MAR 1      0                         0      0        0
  SINCE JAN 1      0                         0      0        0
..................................................................


WIND (MPH)
  HIGHEST WIND SPEED    38   HIGHEST WIND DIRECTION     W (250)
  HIGHEST GUST SPEED    48   HIGHEST GUST DIRECTION     W (260)
  AVERAGE WIND SPEED    21.8


SKY COVER
  AVERAGE SKY COVER 0.0


WEATHER CONDITIONS
 THE FOLLOWING WEATHER WAS RECORDED TODAY.
  NO SIGNIFICANT WEATHER WAS OBSERVED.


RELATIVE HUMIDITY (PERCENT)
 HIGHEST    71           300 AM
 LOWEST     21           100 PM
 AVERAGE    46

..........................................................


THE HAVRE MT CLIMATE NORMALS FOR TOMORROW
                         NORMAL    RECORD    YEAR
 MAXIMUM TEMPERATURE (F)   60        91      1980
 MINIMUM TEMPERATURE (F)   32        12      2008


SUNRISE AND SUNSET
APRIL 19 2019.........SUNRISE   621 AM MDT   SUNSET   816 PM MDT
APRIL 20 2019.........SUNRISE   619 AM MDT   SUNSET   818 PM MDT


-  INDICATES NEGATIVE NUMBERS.
R  INDICATES RECORD WAS SET OR TIED.
MM INDICATES DATA IS MISSING.
T  INDICATES TRACE AMOUNT.




$$
