000
CDUS45 KTFX 160824
CLIHVR


CLIMATE REPORT
NATIONAL WEATHER SERVICE GREAT FALLS MT
223 AM MDT SUN JUN 16 2019


...................................

...THE HAVRE MT CLIMATE SUMMARY FOR JUNE 15 2019...

CLIMATE NORMAL PERIOD 1981 TO 2010
CLIMATE RECORD PERIOD 1880 TO 2019


WEATHER ITEM   OBSERVED TIME   RECORD YEAR NORMAL DEPARTURE LAST
                VALUE   (LST)  VALUE       VALUE  FROM      YEAR
                                                  NORMAL
..................................................................
TEMPERATURE (F)
 YESTERDAY
  MAXIMUM         78    506 PM 102    1933  76      2       72
  MINIMUM         47    417 AM  35    1969  49     -2       41
  AVERAGE         63                        62      1       57

PRECIPITATION (IN)
  YESTERDAY        0.00          1.37 1887   0.07  -0.07     0.00
  MONTH TO DATE    0.23                      1.13  -0.90     0.40
  SINCE OCT 1      5.72                      6.27  -0.55     8.61
  SINCE JAN 1      4.75                      4.86  -0.11     5.09

SNOWFALL (IN)
  YESTERDAY        0.0           0.0  1999   0.0    0.0      0.0
                                      1998
  MONTH TO DATE    0.0                       0.5   -0.5      0.0
  SINCE JUN 1      0.0                       0.5   -0.5      0.0
  SINCE JUL 1     35.7                      39.5   -3.8     92.5
  SNOW DEPTH       0

DEGREE DAYS
 HEATING
  YESTERDAY        2                         4     -2        8
  MONTH TO DATE   50                        85    -35       56
  SINCE JUN 1     50                        85    -35       56
  SINCE JUL 1   8914                      8173    741     9209

 COOLING
  YESTERDAY        0                         1     -1        0
  MONTH TO DATE   16                        15      1       21
  SINCE JUN 1     16                        15      1       21
  SINCE JAN 1     16                        26    -10       46
..................................................................


WIND (MPH)
  HIGHEST WIND SPEED    22   HIGHEST WIND DIRECTION     W (250)
  HIGHEST GUST SPEED    26   HIGHEST GUST DIRECTION    SW (230)
  AVERAGE WIND SPEED     9.1


SKY COVER
  AVERAGE SKY COVER 0.4


WEATHER CONDITIONS
 THE FOLLOWING WEATHER WAS RECORDED YESTERDAY.
  NO SIGNIFICANT WEATHER WAS OBSERVED.


RELATIVE HUMIDITY (PERCENT)
 HIGHEST    93          1200 AM
 LOWEST     31           400 PM
 AVERAGE    62

..........................................................


THE HAVRE MT CLIMATE NORMALS FOR TODAY
                         NORMAL    RECORD    YEAR
 MAXIMUM TEMPERATURE (F)   76       104      1933
 MINIMUM TEMPERATURE (F)   49        34      1994
                                             1915


SUNRISE AND SUNSET
JUNE 16 2019..........SUNRISE   516 AM MDT   SUNSET   923 PM MDT
JUNE 17 2019..........SUNRISE   516 AM MDT   SUNSET   924 PM MDT


-  INDICATES NEGATIVE NUMBERS.
R  INDICATES RECORD WAS SET OR TIED.
MM INDICATES DATA IS MISSING.
T  INDICATES TRACE AMOUNT.




$$
